{"id":141,"date":"2015-07-22T22:16:05","date_gmt":"2015-07-22T20:16:05","guid":{"rendered":"http:\/\/franco-tyrolien.at\/wordpress\/?page_id=141"},"modified":"2022-02-02T14:29:35","modified_gmt":"2022-02-02T13:29:35","slug":"partner","status":"publish","type":"page","link":"http:\/\/franco-tyrolien.at\/wordpress\/links\/partner\/","title":{"rendered":"Partner \/ Partenaires"},"content":{"rendered":"<p><span style=\"font-size: 16px;\"><strong>Partner\/ Partenaires :<\/strong><\/span><\/p>\n<p>Franz\u00f6sische Botschaft \/ Ambassade de France en Autriche:<br \/>\n<a href=\"http:\/\/www.ambafrance-at.org\/\" target=\"_blank\" rel=\"noopener\">http:\/\/www.ambafrance-at.org\/<\/a><\/p>\n<p>Institut fran\u00e7ais d&#8217;Autriche<br \/>\n&nbsp;<a href=\"https:\/\/www.institutfrancais.at\/\">https:\/\/www.institutfrancais.at\/<\/a><\/p>\n<p>Institut f\u00fcr Romanistik der Universit\u00e4t Innsbruck \/ Institut de langues romanes&nbsp;de l\u2019Universit\u00e9 d\u2019Innsbruck: <a href=\"http:\/\/www.uibk.ac.at\/romanistik\/\" target=\"_blank\" rel=\"noopener\">http:\/\/www.uibk.ac.at\/romanistik\/<\/a><\/p>\n<p>Frankreich-Schwerpunkt der Universit\u00e4t Innsbruck \/ P\u00f4le interdisciplinaire d\u2019\u00e9tudes fran\u00e7aises de l\u2019Universit\u00e9 d\u2019Innsbruck: <a href=\"http:\/\/www.uibk.ac.at\/frankreichschwerpunkt\/\" target=\"_blank\" rel=\"noopener\">http:\/\/www.uibk.ac.at\/frankreichschwerpunkt\/<\/a><\/p>\n<p>Arbeitsbereich f\u00fcr Holzbau, Institut f\u00fcr Konstruktion und Materialwissenschaften der Universit\u00e4t Innsbruck \/ Institut de Construction et Science des mat\u00e9riaux de l\u2019Universit\u00e9 d\u2019Innsbruck:<br \/>\n<a href=\"http:\/\/www.uibk.ac.at\/fakultaeten\/technische-wissenschaften\/institute\/konstruktion-und-matwiss\/\" target=\"_blank\" rel=\"noopener\">http:\/\/www.uibk.ac.at\/fakultaeten\/technische-wissenschaften\/institute\/konstruktion-und-matwiss\/<\/a><\/p>\n<p>Leokino \/ Cin\u00e9ma Leokino: <a href=\"http:\/\/www.leokino.at\/\" target=\"_blank\" rel=\"noopener\">http:\/\/www.leokino.at\/<\/a><\/p>\n<p>Uni Orchester :&nbsp;<a href=\"https:\/\/www.uibk.ac.at\/uniorchester\/\">https:\/\/www.uibk.ac.at\/uniorchester\/<\/a><\/p>\n<p>Universit\u00e4t Mozarteum Department Innsbruck <a href=\"http:\/\/moz.ac.at\/department.php?o=14012\">http:\/\/moz.ac.at\/department.php?o=14012<\/a><\/p>\n<p>Tanzhaus Innsbruck :&nbsp;<a href=\"http:\/\/tanzhaus-innsbruck.jimdo.com\">tanzhaus-innsbruck.jimdo.com<\/a><\/p>\n<p>Universit\u00e9&nbsp; de Bourgogne, d\u00e9partement musicologie Jean-Baptiste M\u00e9dard:<a href=\"http:\/\/sciences-humaines.u-bourgogne.fr\/les-departements-de-lufr\/musicologie.html\">&nbsp;http:\/\/sciences-humaines.u-bourgogne.fr\/les-departements-de-lufr\/musicologie.html<\/a><\/p>\n<p>Buchandlung Wagner&#8217;sche Innsbruck :&nbsp;<a href=\"http:\/\/www.wagnersche.at\">http:\/\/www.wagnersche.at<\/a><\/p>\n<p>Kulturkreis V\u00f6ls :&nbsp;<a href=\"http:\/\/www.kulturkreis-voels.at\/\">http:\/\/www.kulturkreis-voels.at\/<\/a><\/p>\n<p>Zentrum f\u00fcr Kanadastudien&nbsp;<br \/>\n&nbsp;<a href=\"https:\/\/www.uibk.ac.at\/canada\/index.html.de\">https:\/\/www.uibk.ac.at\/canada\/index.html.de<\/a><\/p>\n<p>&nbsp;<\/p>\n<p>&nbsp;<\/p>\n","protected":false},"excerpt":{"rendered":"<p>Partner\/ Partenaires : Franz\u00f6sische Botschaft \/ Ambassade de France en Autriche: http:\/\/www.ambafrance-at.org\/ Institut fran\u00e7ais d&#8217;Autriche &nbsp;https:\/\/www.institutfrancais.at\/ Institut f\u00fcr Romanistik der Universit\u00e4t Innsbruck \/ Institut de langues romanes&nbsp;de l\u2019Universit\u00e9 d\u2019Innsbruck: http:\/\/www.uibk.ac.at\/romanistik\/ [&hellip;]<\/p>\n","protected":false},"author":1,"featured_media":0,"parent":316,"menu_order":2,"comment_status":"closed","ping_status":"closed","template":"","meta":{"_bbp_topic_count":0,"_bbp_reply_count":0,"_bbp_total_topic_count":0,"_bbp_total_reply_count":0,"_bbp_voice_count":0,"_bbp_anonymous_reply_count":0,"_bbp_topic_count_hidden":0,"_bbp_reply_count_hidden":0,"_bbp_forum_subforum_count":0,"ngg_post_thumbnail":0,"footnotes":""},"class_list":["post-141","page","type-page","status-publish","hentry"],"_links":{"self":[{"href":"http:\/\/franco-tyrolien.at\/wordpress\/wp-json\/wp\/v2\/pages\/141"}],"collection":[{"href":"http:\/\/franco-tyrolien.at\/wordpress\/wp-json\/wp\/v2\/pages"}],"about":[{"href":"http:\/\/franco-tyrolien.at\/wordpress\/wp-json\/wp\/v2\/types\/page"}],"author":[{"embeddable":true,"href":"http:\/\/franco-tyrolien.at\/wordpress\/wp-json\/wp\/v2\/users\/1"}],"replies":[{"embeddable":true,"href":"http:\/\/franco-tyrolien.at\/wordpress\/wp-json\/wp\/v2\/comments?post=141"}],"version-history":[{"count":26,"href":"http:\/\/franco-tyrolien.at\/wordpress\/wp-json\/wp\/v2\/pages\/141\/revisions"}],"predecessor-version":[{"id":1672,"href":"http:\/\/franco-tyrolien.at\/wordpress\/wp-json\/wp\/v2\/pages\/141\/revisions\/1672"}],"up":[{"embeddable":true,"href":"http:\/\/franco-tyrolien.at\/wordpress\/wp-json\/wp\/v2\/pages\/316"}],"wp:attachment":[{"href":"http:\/\/franco-tyrolien.at\/wordpress\/wp-json\/wp\/v2\/media?parent=141"}],"curies":[{"name":"wp","href":"https:\/\/api.w.org\/{rel}","templated":true}]}}