{"id":321,"date":"2015-08-17T21:35:49","date_gmt":"2015-08-17T19:35:49","guid":{"rendered":"http:\/\/franco-tyrolien.at\/wordpress\/?page_id=321"},"modified":"2022-06-22T13:38:37","modified_gmt":"2022-06-22T11:38:37","slug":"adresses","status":"publish","type":"page","link":"http:\/\/franco-tyrolien.at\/wordpress\/links\/adresses\/","title":{"rendered":"Arbeitsangeboten \/ Offres d&#8217;emploi"},"content":{"rendered":"<ol>\n<li style=\"text-align: left;\"><strong>GEPPERT HYDROPOWER Hall i. T. sucht ab sofort Eine <\/strong><b>Verst\u00e4rkung&nbsp;<br \/>\n<a href=\"http:\/\/franco-tyrolien.at\/wordpress\/wp-content\/uploads\/2022\/06\/Vertriebsassistenz.pdf\">&nbsp; &nbsp; &nbsp; &nbsp; Vertriebsassistenz<\/a><br \/>\n<\/b><\/li>\n<\/ol>\n<p>F\u00fcr weitere Informationen, k\u00f6nnen Sie<br \/>\nJean-Paul ROTH kontaktieren<br \/>\nTel: +33 6 08 31 40 31<br \/>\nMail: <a href=\"mailto:dekker-sarl-france@wanadoo.fr\">dekker-sarl-france@wanadoo.fr<\/a><\/p>\n<p><img loading=\"lazy\" decoding=\"async\" class=\"alignnone  wp-image-2497\" src=\"http:\/\/franco-tyrolien.at\/wordpress\/wp-content\/uploads\/2022\/06\/Vertriebsassistenz-1-500x707.jpg\" alt=\"\" width=\"645\" height=\"912\"><\/p>\n<p>2)<strong> TRAVEL EUROPE IN STANS sucht ab sofort<\/strong><\/p>\n<p><a href=\"http:\/\/franco-tyrolien.at\/wordpress\/wp-content\/uploads\/2022\/06\/06_MA-Hoteleinkauf_A4.pdf\">06_MA-Hoteleinkauf_A4<\/a><\/p>\n<p><img loading=\"lazy\" decoding=\"async\" class=\"alignnone size-medium wp-image-2555\" src=\"http:\/\/franco-tyrolien.at\/wordpress\/wp-content\/uploads\/2022\/06\/06_MA-Hoteleinkauf_A4-1-500x707.jpg\" alt=\"\" width=\"500\" height=\"707\"><\/p>\n<p><a href=\"http:\/\/franco-tyrolien.at\/wordpress\/wp-content\/uploads\/2022\/06\/02_Sales-Assistant-FR_A4.pdf\">02_Sales-Assistant-FR_A4<\/a><\/p>\n<p><img loading=\"lazy\" decoding=\"async\" class=\"alignnone size-medium wp-image-2551\" src=\"http:\/\/franco-tyrolien.at\/wordpress\/wp-content\/uploads\/2022\/06\/02_Sales-Assistant-FR_A4-1-500x707.jpg\" alt=\"\" width=\"500\" height=\"707\"><\/p>\n<p>&nbsp;<\/p>\n<p>&nbsp;<\/p>\n","protected":false},"excerpt":{"rendered":"<p>GEPPERT HYDROPOWER Hall i. T. sucht ab sofort Eine Verst\u00e4rkung&nbsp; &nbsp; &nbsp; &nbsp; &nbsp; Vertriebsassistenz F\u00fcr weitere Informationen, k\u00f6nnen Sie Jean-Paul ROTH kontaktieren Tel: +33 6 08 31 40 31 [&hellip;]<\/p>\n","protected":false},"author":1,"featured_media":0,"parent":316,"menu_order":3,"comment_status":"closed","ping_status":"closed","template":"","meta":{"_bbp_topic_count":0,"_bbp_reply_count":0,"_bbp_total_topic_count":0,"_bbp_total_reply_count":0,"_bbp_voice_count":0,"_bbp_anonymous_reply_count":0,"_bbp_topic_count_hidden":0,"_bbp_reply_count_hidden":0,"_bbp_forum_subforum_count":0,"ngg_post_thumbnail":0,"footnotes":""},"class_list":["post-321","page","type-page","status-publish","hentry"],"_links":{"self":[{"href":"http:\/\/franco-tyrolien.at\/wordpress\/wp-json\/wp\/v2\/pages\/321"}],"collection":[{"href":"http:\/\/franco-tyrolien.at\/wordpress\/wp-json\/wp\/v2\/pages"}],"about":[{"href":"http:\/\/franco-tyrolien.at\/wordpress\/wp-json\/wp\/v2\/types\/page"}],"author":[{"embeddable":true,"href":"http:\/\/franco-tyrolien.at\/wordpress\/wp-json\/wp\/v2\/users\/1"}],"replies":[{"embeddable":true,"href":"http:\/\/franco-tyrolien.at\/wordpress\/wp-json\/wp\/v2\/comments?post=321"}],"version-history":[{"count":10,"href":"http:\/\/franco-tyrolien.at\/wordpress\/wp-json\/wp\/v2\/pages\/321\/revisions"}],"predecessor-version":[{"id":2556,"href":"http:\/\/franco-tyrolien.at\/wordpress\/wp-json\/wp\/v2\/pages\/321\/revisions\/2556"}],"up":[{"embeddable":true,"href":"http:\/\/franco-tyrolien.at\/wordpress\/wp-json\/wp\/v2\/pages\/316"}],"wp:attachment":[{"href":"http:\/\/franco-tyrolien.at\/wordpress\/wp-json\/wp\/v2\/media?parent=321"}],"curies":[{"name":"wp","href":"https:\/\/api.w.org\/{rel}","templated":true}]}}