{"id":383,"date":"2015-08-19T23:19:23","date_gmt":"2015-08-19T21:19:23","guid":{"rendered":"http:\/\/franco-tyrolien.at\/wordpress\/?page_id=383"},"modified":"2026-03-08T15:13:52","modified_gmt":"2026-03-08T14:13:52","slug":"lernen","status":"publish","type":"page","link":"http:\/\/franco-tyrolien.at\/wordpress\/lernen\/","title":{"rendered":"Sprachkurse"},"content":{"rendered":"<p>Willkommen bei<strong>&nbsp; <\/strong>der<strong> &#8222;S<span style=\"font-size: 14px;\"><em>prachwelten<\/em>&#8222;!&nbsp;<\/span><\/strong><\/p>\n<p>Unsere Sprachschule arbeitet eng mit dem IFTI zusammen. Wir bieten Lernkurse in &#8222;Franz\u00f6sisch&#8220; und &#8222;Deutsch als Fremdsprache&#8220; an. Das Niveau der Kurse wird an die Bed\u00fcrfnisse der Teilnehmer\/innen angepasst. Dabei kann zwischen&nbsp;Einzel- und Gruppenunterricht gew\u00e4hlt werden. Speziell&nbsp;f\u00fcr Sch\u00fcler\/innen bieten wir auch individuelle F\u00f6rderprogramme&nbsp;in beiden Sprachen an.&nbsp;Als Sch\u00fcler\/in der Sprachschule &#8222;<strong>Sprachwelten<\/strong>&#8220; erhalten Sie au\u00dferdem erm\u00e4\u00dfigte Tarife f\u00fcr die DELF und&nbsp;DALF Pr\u00fcfungen.<\/p>\n<p>Im Folgenden finden Sie das Programm und das Anmeldeformular f\u00fcr das Sommersemester, welches am 2. M\u00e4rz 2026 beginnt.<\/p>\n<hr>\n<p style=\"text-align: center;\"><a href=\"http:\/\/franco-tyrolien.at\/wordpress\/lernen\/francais\/\" target=\"_blank\" rel=\"noopener\">Franz\u00f6sisch lernen<\/a><\/p>\n<hr>\n<p style=\"text-align: center;\">&nbsp;<\/p>\n<p>&nbsp;<\/p>\n<p>Kontaktperson:<br \/>\nMag. B\u00e9atrice Gaigg<br \/>\nSprachwelten<br \/>\nLeitung<br \/>\n<a href=\"mailto:kurse.gaigg@gmx.at\" target=\"_blank\" rel=\"noopener\">kurse.gaigg@gmx.at<\/a><br \/>\n+43 660 204 1972<\/p>\n<p>&nbsp;<\/p>\n","protected":false},"excerpt":{"rendered":"<p>Willkommen bei&nbsp; der &#8222;Sprachwelten&#8222;!&nbsp; Unsere Sprachschule arbeitet eng mit dem IFTI zusammen. Wir bieten Lernkurse in &#8222;Franz\u00f6sisch&#8220; und &#8222;Deutsch als Fremdsprache&#8220; an. Das Niveau der Kurse wird an die Bed\u00fcrfnisse [&hellip;]<\/p>\n","protected":false},"author":1,"featured_media":0,"parent":0,"menu_order":7,"comment_status":"closed","ping_status":"closed","template":"","meta":{"_bbp_topic_count":0,"_bbp_reply_count":0,"_bbp_total_topic_count":0,"_bbp_total_reply_count":0,"_bbp_voice_count":0,"_bbp_anonymous_reply_count":0,"_bbp_topic_count_hidden":0,"_bbp_reply_count_hidden":0,"_bbp_forum_subforum_count":0,"ngg_post_thumbnail":0,"footnotes":""},"class_list":["post-383","page","type-page","status-publish","hentry"],"_links":{"self":[{"href":"http:\/\/franco-tyrolien.at\/wordpress\/wp-json\/wp\/v2\/pages\/383"}],"collection":[{"href":"http:\/\/franco-tyrolien.at\/wordpress\/wp-json\/wp\/v2\/pages"}],"about":[{"href":"http:\/\/franco-tyrolien.at\/wordpress\/wp-json\/wp\/v2\/types\/page"}],"author":[{"embeddable":true,"href":"http:\/\/franco-tyrolien.at\/wordpress\/wp-json\/wp\/v2\/users\/1"}],"replies":[{"embeddable":true,"href":"http:\/\/franco-tyrolien.at\/wordpress\/wp-json\/wp\/v2\/comments?post=383"}],"version-history":[{"count":46,"href":"http:\/\/franco-tyrolien.at\/wordpress\/wp-json\/wp\/v2\/pages\/383\/revisions"}],"predecessor-version":[{"id":4494,"href":"http:\/\/franco-tyrolien.at\/wordpress\/wp-json\/wp\/v2\/pages\/383\/revisions\/4494"}],"wp:attachment":[{"href":"http:\/\/franco-tyrolien.at\/wordpress\/wp-json\/wp\/v2\/media?parent=383"}],"curies":[{"name":"wp","href":"https:\/\/api.w.org\/{rel}","templated":true}]}}