{"id":1013,"date":"2016-10-19T00:12:24","date_gmt":"2016-10-18T22:12:24","guid":{"rendered":"http:\/\/franco-tyrolien.at\/wordpress\/?post_type=tribe_events&#038;p=1013"},"modified":"2016-11-01T15:47:21","modified_gmt":"2016-11-01T14:47:21","slug":"lecture-avec-christian-grenier","status":"publish","type":"tribe_events","link":"http:\/\/franco-tyrolien.at\/wordpress\/event\/lecture-avec-christian-grenier\/","title":{"rendered":"Lesung mit Christian Grenier \/ Lecture avec Christian Grenier"},"content":{"rendered":"<p>Im Rahmen der Verleihung des \u201ePrix de la critique des lyc\u00e9ens autrichiens&nbsp;\u00bb &nbsp;hat das Institut fran\u00e7ais d\u2018Autriche in Wien eine \u00d6sterreich-Tour veranstaltet, bei der eine Begegnung der teilnehmenden Sch\u00fcler mit Christian Grenier sowie \u00f6ffentliche Lesungen vom 7 bis zum 11. November geplant sind.<\/p>\n<p>Bei dieser Gelegenheit wird das Institut franco-tyrolien d&#8217;Innsbruck, in Zusammenarbeit mit dem Institut fran\u00e7ais d\u2018Autriche, eine Lesung am Dienstag 8. November um 19h30 &nbsp;in seinen R\u00e4umlichkeiten in Innsbruck organisieren.&nbsp;<br \/>\nDer Autor liest in Franz\u00f6sisch &nbsp;<span style=\"text-decoration: underline;\">&#8222;Avec un peu d&#8217;amour et beaucoup de chocolat: L&#8217;attentat&#8220;<\/span> &nbsp;Univ.- Prof. Dr. Ursula Moser, Universit\u00e4t Innsbruck, moderiert und liest die deutsche \u00dcbersetzung.<\/p>\n<p>Wir ersuchen &nbsp;aus organisatorischen Gr\u00fcnden um Voranmeldung.<\/p>\n<p>Wir freuen uns auf Ihr Kommen! \ud83d\ude42<\/p>\n<hr>\n<p style=\"text-align: center;\">&nbsp;<a href=\"http:\/\/franco-tyrolien.at\/wordpress\/wp-content\/uploads\/2016\/10\/flyer-in-Deutsch.-christian-gernierl-logos-doc1.pdf\">flyer-in-deutsch-christian-gernier-logos-doc<\/a><\/p>\n<hr>\n<p style=\"text-align: center;\">&nbsp;<\/p>\n<p><span style=\"color: #666699;\">Dans le cadre du &#8220; Prix de la critique des lyc\u00e9ens autrichiens &#8220; &nbsp;organis\u00e9 par l&#8217;institut francais Autriche de Vienne, &nbsp;Christian Gernier sera en tourn\u00e9e en Autriche pour rencontrer les \u00e9l\u00e8ves &nbsp;participant au prix et pour des lectures&nbsp;au tout public&nbsp;du 7 au 11 novembre 2016.<\/span><\/p>\n<p><span style=\"color: #666699;\">A cette occasion, l&#8217;Institut franco-tyrolien d&#8217;Innsbruck, en partenariat avec l&#8217;institut francais Autriche de Vienne, &nbsp;organise une lecture mardi 8 novembre \u00e0 19h30 &nbsp;dans ses locaux \u00e0 Innsbruck.<br \/>\nL&#8217;auteur lit en francais &#8222;<span style=\"text-decoration: underline;\">Avec un peu d&#8217;amour et beaucoup de chocolat: L&#8217;attentat&#8220;,&nbsp;<\/span> Univ.-Prof.Dr. Urula Moser, Universit\u00e9 Innsbruck, lit en allemand et anime la discussion dans les 2 langues.<\/span><\/p>\n<p>&nbsp;<\/p>\n<p><span style=\"color: #666699;\">Nous nous r\u00e9jouissons de votre venue ! \ud83d\ude42<\/span><\/p>\n","protected":false},"excerpt":{"rendered":"<p>Im Rahmen der Verleihung des \u201ePrix de la critique des lyc\u00e9ens autrichiens&nbsp;\u00bb &nbsp;hat das Institut fran\u00e7ais d\u2018Autriche in Wien eine \u00d6sterreich-Tour veranstaltet, bei der eine Begegnung der teilnehmenden Sch\u00fcler mit [&hellip;]<\/p>\n","protected":false},"author":1,"featured_media":0,"template":"","meta":{"_bbp_topic_count":0,"_bbp_reply_count":0,"_bbp_total_topic_count":0,"_bbp_total_reply_count":0,"_bbp_voice_count":0,"_bbp_anonymous_reply_count":0,"_bbp_topic_count_hidden":0,"_bbp_reply_count_hidden":0,"_bbp_forum_subforum_count":0,"ngg_post_thumbnail":0,"_tribe_events_status":"","_tribe_events_status_reason":"","footnotes":""},"tags":[],"tribe_events_cat":[],"class_list":["post-1013","tribe_events","type-tribe_events","status-publish","hentry"],"_links":{"self":[{"href":"http:\/\/franco-tyrolien.at\/wordpress\/wp-json\/wp\/v2\/tribe_events\/1013"}],"collection":[{"href":"http:\/\/franco-tyrolien.at\/wordpress\/wp-json\/wp\/v2\/tribe_events"}],"about":[{"href":"http:\/\/franco-tyrolien.at\/wordpress\/wp-json\/wp\/v2\/types\/tribe_events"}],"author":[{"embeddable":true,"href":"http:\/\/franco-tyrolien.at\/wordpress\/wp-json\/wp\/v2\/users\/1"}],"version-history":[{"count":7,"href":"http:\/\/franco-tyrolien.at\/wordpress\/wp-json\/wp\/v2\/tribe_events\/1013\/revisions"}],"predecessor-version":[{"id":1026,"href":"http:\/\/franco-tyrolien.at\/wordpress\/wp-json\/wp\/v2\/tribe_events\/1013\/revisions\/1026"}],"wp:attachment":[{"href":"http:\/\/franco-tyrolien.at\/wordpress\/wp-json\/wp\/v2\/media?parent=1013"}],"wp:term":[{"taxonomy":"post_tag","embeddable":true,"href":"http:\/\/franco-tyrolien.at\/wordpress\/wp-json\/wp\/v2\/tags?post=1013"},{"taxonomy":"tribe_events_cat","embeddable":true,"href":"http:\/\/franco-tyrolien.at\/wordpress\/wp-json\/wp\/v2\/tribe_events_cat?post=1013"}],"curies":[{"name":"wp","href":"https:\/\/api.w.org\/{rel}","templated":true}]}}

<p>Im Rahmen der Verleihung des „Prix de la critique des lycéens autrichiens&nbsp;» &nbsp;hat das Institut français d‘Autriche in Wien eine Österreich-Tour veranstaltet, bei der eine Begegnung der teilnehmenden Schüler mit Christian Grenier sowie öffentliche Lesungen vom 7 bis zum 11. November geplant sind.</p>
<p>Bei dieser Gelegenheit wird das Institut franco-tyrolien d&#8217;Innsbruck, in Zusammenarbeit mit dem Institut français d‘Autriche, eine Lesung am Dienstag 8. November um 19h30 &nbsp;in seinen Räumlichkeiten in Innsbruck organisieren.&nbsp;<br />
Der Autor liest in Französisch &nbsp;<span style="text-decoration: underline;">&#8222;Avec un peu d&#8217;amour et beaucoup de chocolat: L&#8217;attentat&#8220;</span> &nbsp;Univ.- Prof. Dr. Ursula Moser, Universität Innsbruck, moderiert und liest die deutsche Übersetzung.</p>
<p>Wir ersuchen &nbsp;aus organisatorischen Gründen um Voranmeldung.</p>
<p>Wir freuen uns auf Ihr Kommen! 🙂</p>
<hr>
<p style="text-align: center;">&nbsp;<a href="http://franco-tyrolien.at/wordpress/wp-content/uploads/2016/10/flyer-in-Deutsch.-christian-gernierl-logos-doc1.pdf">flyer-in-deutsch-christian-gernier-logos-doc</a></p>
<hr>
<p style="text-align: center;">&nbsp;</p>
<p><span style="color: #666699;">Dans le cadre du &#8220; Prix de la critique des lycéens autrichiens &#8220; &nbsp;organisé par l&#8217;institut francais Autriche de Vienne, &nbsp;Christian Gernier sera en tournée en Autriche pour rencontrer les élèves &nbsp;participant au prix et pour des lectures&nbsp;au tout public&nbsp;du 7 au 11 novembre 2016.</span></p>
<p><span style="color: #666699;">A cette occasion, l&#8217;Institut franco-tyrolien d&#8217;Innsbruck, en partenariat avec l&#8217;institut francais Autriche de Vienne, &nbsp;organise une lecture mardi 8 novembre à 19h30 &nbsp;dans ses locaux à Innsbruck.<br />
L&#8217;auteur lit en francais &#8222;<span style="text-decoration: underline;">Avec un peu d&#8217;amour et beaucoup de chocolat: L&#8217;attentat&#8220;,&nbsp;</span> Univ.-Prof.Dr. Urula Moser, Université Innsbruck, lit en allemand et anime la discussion dans les 2 langues.</span></p>
<p>&nbsp;</p>
<p><span style="color: #666699;">Nous nous réjouissons de votre venue ! 🙂</span></p>

<p>Im Rahmen der Verleihung des „Prix de la critique des lycéens autrichiens&nbsp;» &nbsp;hat das Institut français d‘Autriche in Wien eine Österreich-Tour veranstaltet, bei der eine Begegnung der teilnehmenden Schüler mit [&hellip;]</p>
