{"id":1040,"date":"2017-01-18T22:39:19","date_gmt":"2017-01-18T21:39:19","guid":{"rendered":"http:\/\/franco-tyrolien.at\/wordpress\/?post_type=tribe_events&#038;p=1040"},"modified":"2017-01-18T23:03:58","modified_gmt":"2017-01-18T22:03:58","slug":"1040","status":"publish","type":"tribe_events","link":"http:\/\/franco-tyrolien.at\/wordpress\/event\/1040\/","title":{"rendered":"Reise nach Troyes \/ Voyage \u00e0 Troyes"},"content":{"rendered":"<p>Das Institut franco-tyrolien d&#8217;Innsbruck&nbsp;veranstaltet &nbsp;heuer die erste&nbsp;Frankreich-Reise. Diesmal geht es um die Entdeckung von Troyes&nbsp;und &nbsp;die Umgebung.<\/p>\n<p>Da ich&nbsp; das Hotel &nbsp;Anfang Februar reservieren muss wird eine rechzteitige Anmeldung empfohlen. Die erste Anzahlung ist bis zum 9. Februar zu erledigen.<br \/>\nSie k\u00f6nnen das Anmeldeformular per mail senden oder im IFTI zu den regul\u00e4ren \u00d6ffnungszeiten bringen. Wir haben auch einen Briefkasten bei der Kassa vom Stadtturm auf der linken Seite.<br \/>\n&nbsp;<\/p>\n<p>Wir freuen uns auf Ihr Kommen!&nbsp; \ud83d\ude42<\/p>\n<hr>\n<p style=\"text-align: center;\"><a href=\"http:\/\/franco-tyrolien.at\/wordpress\/wp-content\/uploads\/2015\/06\/Troyes-Inscription-voyage-manuscrit.pdf\">Troyes Inscription-voyage-<\/a>&nbsp;\/&nbsp;<a href=\"http:\/\/franco-tyrolien.at\/wordpress\/wp-content\/uploads\/2015\/06\/Programentwurf-Troyes-2-6-juni-2017-Automatisch-gespeichert.pdf\">Programentwurf Troyes 2-6 juni 2017<\/a><\/p>\n<hr>\n<p><span style=\"color: #666699;\"><em>L&#8217;association organise, pour la premi\u00e8re&nbsp; fois cette ann\u00e9e , un voyage en France. Cette \u00e9dition permettra de d\u00e9couvrir la ville de Troyes&nbsp;et ses alentours.<\/em><\/span><\/p>\n<p><span style=\"color: #666699;\"><em>Inscrivez vous vite, le nombre de places est limit\u00e9 !<\/em><\/span><br \/>\n<span style=\"color: #666699;\"><em>Les inscriptions se font jusqu&#8216; en d\u00e9but f\u00e9vrier, gr\u00e2ce \u00e0 la <a style=\"color: #666699;\" href=\"http:\/\/franco-tyrolien.at\/wordpress\/wp-content\/uploads\/2015\/08\/Inscription-voyage.doc\">fiche d&#8217;inscription<\/a> ou dans les locaux de l&#8217;association aux heures d&#8217;ouvertures.<\/em><\/span><\/p>\n<p><span style=\"color: #666699;\">Nous nous r\u00e9jouissons de votre venue ! \ud83d\ude42&nbsp;<\/span><\/p>\n","protected":false},"excerpt":{"rendered":"<p>Das Institut franco-tyrolien d&#8217;Innsbruck&nbsp;veranstaltet &nbsp;heuer die erste&nbsp;Frankreich-Reise. Diesmal geht es um die Entdeckung von Troyes&nbsp;und &nbsp;die Umgebung. Da ich&nbsp; das Hotel &nbsp;Anfang Februar reservieren muss wird eine rechzteitige Anmeldung empfohlen. [&hellip;]<\/p>\n","protected":false},"author":1,"featured_media":0,"template":"","meta":{"_bbp_topic_count":0,"_bbp_reply_count":0,"_bbp_total_topic_count":0,"_bbp_total_reply_count":0,"_bbp_voice_count":0,"_bbp_anonymous_reply_count":0,"_bbp_topic_count_hidden":0,"_bbp_reply_count_hidden":0,"_bbp_forum_subforum_count":0,"ngg_post_thumbnail":0,"_tribe_events_status":"","_tribe_events_status_reason":"","footnotes":""},"tags":[],"tribe_events_cat":[],"class_list":["post-1040","tribe_events","type-tribe_events","status-publish","hentry"],"_links":{"self":[{"href":"http:\/\/franco-tyrolien.at\/wordpress\/wp-json\/wp\/v2\/tribe_events\/1040"}],"collection":[{"href":"http:\/\/franco-tyrolien.at\/wordpress\/wp-json\/wp\/v2\/tribe_events"}],"about":[{"href":"http:\/\/franco-tyrolien.at\/wordpress\/wp-json\/wp\/v2\/types\/tribe_events"}],"author":[{"embeddable":true,"href":"http:\/\/franco-tyrolien.at\/wordpress\/wp-json\/wp\/v2\/users\/1"}],"version-history":[{"count":2,"href":"http:\/\/franco-tyrolien.at\/wordpress\/wp-json\/wp\/v2\/tribe_events\/1040\/revisions"}],"predecessor-version":[{"id":1043,"href":"http:\/\/franco-tyrolien.at\/wordpress\/wp-json\/wp\/v2\/tribe_events\/1040\/revisions\/1043"}],"wp:attachment":[{"href":"http:\/\/franco-tyrolien.at\/wordpress\/wp-json\/wp\/v2\/media?parent=1040"}],"wp:term":[{"taxonomy":"post_tag","embeddable":true,"href":"http:\/\/franco-tyrolien.at\/wordpress\/wp-json\/wp\/v2\/tags?post=1040"},{"taxonomy":"tribe_events_cat","embeddable":true,"href":"http:\/\/franco-tyrolien.at\/wordpress\/wp-json\/wp\/v2\/tribe_events_cat?post=1040"}],"curies":[{"name":"wp","href":"https:\/\/api.w.org\/{rel}","templated":true}]}}

Reise nach Troyes / Voyage à Troyes

<p>Das Institut franco-tyrolien d&#8217;Innsbruck&nbsp;veranstaltet &nbsp;heuer die erste&nbsp;Frankreich-Reise. Diesmal geht es um die Entdeckung von Troyes&nbsp;und &nbsp;die Umgebung.</p>
<p>Da ich&nbsp; das Hotel &nbsp;Anfang Februar reservieren muss wird eine rechzteitige Anmeldung empfohlen. Die erste Anzahlung ist bis zum 9. Februar zu erledigen.<br />
Sie können das Anmeldeformular per mail senden oder im IFTI zu den regulären Öffnungszeiten bringen. Wir haben auch einen Briefkasten bei der Kassa vom Stadtturm auf der linken Seite.<br />
&nbsp;</p>
<p>Wir freuen uns auf Ihr Kommen!&nbsp; 🙂</p>
<hr>
<p style="text-align: center;"><a href="http://franco-tyrolien.at/wordpress/wp-content/uploads/2015/06/Troyes-Inscription-voyage-manuscrit.pdf">Troyes Inscription-voyage-</a>&nbsp;/&nbsp;<a href="http://franco-tyrolien.at/wordpress/wp-content/uploads/2015/06/Programentwurf-Troyes-2-6-juni-2017-Automatisch-gespeichert.pdf">Programentwurf Troyes 2-6 juni 2017</a></p>
<hr>
<p><span style="color: #666699;"><em>L&#8217;association organise, pour la première&nbsp; fois cette année , un voyage en France. Cette édition permettra de découvrir la ville de Troyes&nbsp;et ses alentours.</em></span></p>
<p><span style="color: #666699;"><em>Inscrivez vous vite, le nombre de places est limité !</em></span><br />
<span style="color: #666699;"><em>Les inscriptions se font jusqu&#8216; en début février, grâce à la <a style="color: #666699;" href="http://franco-tyrolien.at/wordpress/wp-content/uploads/2015/08/Inscription-voyage.doc">fiche d&#8217;inscription</a> ou dans les locaux de l&#8217;association aux heures d&#8217;ouvertures.</em></span></p>
<p><span style="color: #666699;">Nous nous réjouissons de votre venue ! 🙂&nbsp;</span></p>
