{"id":1048,"date":"2017-01-24T22:20:59","date_gmt":"2017-01-24T21:20:59","guid":{"rendered":"http:\/\/franco-tyrolien.at\/wordpress\/?post_type=tribe_events&#038;p=1048"},"modified":"2017-01-24T22:21:43","modified_gmt":"2017-01-24T21:21:43","slug":"galette-des-rois","status":"publish","type":"tribe_events","link":"http:\/\/franco-tyrolien.at\/wordpress\/event\/galette-des-rois\/","title":{"rendered":"Galette des Rois"},"content":{"rendered":"<p><span style=\"font-family: Helvetica, Arial, sans-serif;\"><b>Galette des Rois am Samstag, 28. J\u00e4nner um 16h am IFTI ( Heilige <\/b><b>Drei<\/b><\/span><span style=\"font-family: Helvetica, Arial, sans-serif;\"><b> K\u00f6nige)<\/b><\/span><big><span style=\"font-family: Helvetica, Arial, sans-serif;\"><b><br \/>\n<\/b>Wer will, kann Getr\u00e4nke mitbringen! Ich bitte um Voranmeldung, um zu wissen wieviel &#8220; galette des Rois&#8220; wir backen sollen!<\/span><\/big><\/p>\n<p>Wir freuen uns auf Ihr Kommen&nbsp; \ud83d\ude42&nbsp;<\/p>\n","protected":false},"excerpt":{"rendered":"<p>Galette des Rois am Samstag, 28. J\u00e4nner um 16h am IFTI ( Heilige Drei K\u00f6nige) Wer will, kann Getr\u00e4nke mitbringen! Ich bitte um Voranmeldung, um zu wissen wieviel &#8220; galette [&hellip;]<\/p>\n","protected":false},"author":1,"featured_media":0,"template":"","meta":{"_bbp_topic_count":0,"_bbp_reply_count":0,"_bbp_total_topic_count":0,"_bbp_total_reply_count":0,"_bbp_voice_count":0,"_bbp_anonymous_reply_count":0,"_bbp_topic_count_hidden":0,"_bbp_reply_count_hidden":0,"_bbp_forum_subforum_count":0,"ngg_post_thumbnail":0,"_tribe_events_status":"","_tribe_events_status_reason":"","footnotes":""},"tags":[],"tribe_events_cat":[],"class_list":["post-1048","tribe_events","type-tribe_events","status-publish","hentry"],"_links":{"self":[{"href":"http:\/\/franco-tyrolien.at\/wordpress\/wp-json\/wp\/v2\/tribe_events\/1048"}],"collection":[{"href":"http:\/\/franco-tyrolien.at\/wordpress\/wp-json\/wp\/v2\/tribe_events"}],"about":[{"href":"http:\/\/franco-tyrolien.at\/wordpress\/wp-json\/wp\/v2\/types\/tribe_events"}],"author":[{"embeddable":true,"href":"http:\/\/franco-tyrolien.at\/wordpress\/wp-json\/wp\/v2\/users\/1"}],"version-history":[{"count":1,"href":"http:\/\/franco-tyrolien.at\/wordpress\/wp-json\/wp\/v2\/tribe_events\/1048\/revisions"}],"predecessor-version":[{"id":1049,"href":"http:\/\/franco-tyrolien.at\/wordpress\/wp-json\/wp\/v2\/tribe_events\/1048\/revisions\/1049"}],"wp:attachment":[{"href":"http:\/\/franco-tyrolien.at\/wordpress\/wp-json\/wp\/v2\/media?parent=1048"}],"wp:term":[{"taxonomy":"post_tag","embeddable":true,"href":"http:\/\/franco-tyrolien.at\/wordpress\/wp-json\/wp\/v2\/tags?post=1048"},{"taxonomy":"tribe_events_cat","embeddable":true,"href":"http:\/\/franco-tyrolien.at\/wordpress\/wp-json\/wp\/v2\/tribe_events_cat?post=1048"}],"curies":[{"name":"wp","href":"https:\/\/api.w.org\/{rel}","templated":true}]}}

<p><span style="font-family: Helvetica, Arial, sans-serif;"><b>Galette des Rois am Samstag, 28. Jänner um 16h am IFTI ( Heilige </b><b>Drei</b></span><span style="font-family: Helvetica, Arial, sans-serif;"><b> Könige)</b></span><big><span style="font-family: Helvetica, Arial, sans-serif;"><b><br />
</b>Wer will, kann Getränke mitbringen! Ich bitte um Voranmeldung, um zu wissen wieviel &#8220; galette des Rois&#8220; wir backen sollen!</span></big></p>
<p>Wir freuen uns auf Ihr Kommen&nbsp; 🙂&nbsp;</p>

<p>Galette des Rois am Samstag, 28. Jänner um 16h am IFTI ( Heilige Drei Könige) Wer will, kann Getränke mitbringen! Ich bitte um Voranmeldung, um zu wissen wieviel &#8220; galette [&hellip;]</p>
