{"id":1064,"date":"2017-02-26T12:33:12","date_gmt":"2017-02-26T11:33:12","guid":{"rendered":"http:\/\/franco-tyrolien.at\/wordpress\/?post_type=tribe_events&#038;p=1064"},"modified":"2017-02-26T12:33:12","modified_gmt":"2017-02-26T11:33:12","slug":"jeunes-auteures-franco-canadiennes-images-au-feminin-en-milieu-minoritaire","status":"publish","type":"tribe_events","link":"http:\/\/franco-tyrolien.at\/wordpress\/event\/jeunes-auteures-franco-canadiennes-images-au-feminin-en-milieu-minoritaire\/","title":{"rendered":"\u00ab Jeunes auteures franco-canadiennes : images au f\u00e9minin en milieu minoritaire \u00bb"},"content":{"rendered":"<p><strong>\u00ab&nbsp;Jeunes auteures franco-canadiennes&nbsp;:&nbsp;<\/strong><strong>images au f\u00e9minin en milieu minoritaire&nbsp;\u00bb<\/strong><\/p>\n<p><strong>Wann und wo&nbsp;? &nbsp; &nbsp;<\/strong>Montag, 20.3. 2017 \u2013 19 Uhr \u2013 IFTI, Innsbruck<\/p>\n<p>Der <strong>Tag der Frankophonie<\/strong> darf nicht vorbeigehen, ohne dass wir das auch im IFTI entsprechend feiern \u2013 und zwar im Rahmen einer faszinierenden <strong>Bild-Text-Show mit Catherine Parayre<\/strong> (Brock University). Mit Tina Charlebois, Sonia Lamontagne und Georgette LeBlanc stellt sie uns \u2013 vor dem Hintergrund von Projektionen thematisch passender Kunstwerke \u2013 drei faszinierende junge frankokanadische Autorinnen vor, die sich in ihrem Werk vehement f\u00fcr das \u00dcberleben des Franz\u00f6sischen in einer anglophonen Umgebung einsetzen.<\/p>\n<p>Die Veranstaltung wird von Ursula Moser begleitet und moderiert.<\/p>\n<p>Bitte kommt zahlreich, die Veranstaltung ist etwas ganz Besonderes\u2026<br \/>\nwir bitten um Voranmeldung!<\/p>\n<p>Wir freuen uns schon&nbsp; \ud83d\ude42&nbsp;<\/p>\n<p>&nbsp;<\/p>\n<p>&nbsp;<\/p>\n<p>&nbsp;<\/p>\n<p>&nbsp;<\/p>\n<p>&nbsp;<\/p>\n","protected":false},"excerpt":{"rendered":"<p>\u00ab&nbsp;Jeunes auteures franco-canadiennes&nbsp;:&nbsp;images au f\u00e9minin en milieu minoritaire&nbsp;\u00bb Wann und wo&nbsp;? &nbsp; &nbsp;Montag, 20.3. 2017 \u2013 19 Uhr \u2013 IFTI, Innsbruck Der Tag der Frankophonie darf nicht vorbeigehen, ohne dass [&hellip;]<\/p>\n","protected":false},"author":1,"featured_media":0,"template":"","meta":{"_bbp_topic_count":0,"_bbp_reply_count":0,"_bbp_total_topic_count":0,"_bbp_total_reply_count":0,"_bbp_voice_count":0,"_bbp_anonymous_reply_count":0,"_bbp_topic_count_hidden":0,"_bbp_reply_count_hidden":0,"_bbp_forum_subforum_count":0,"ngg_post_thumbnail":0,"_tribe_events_status":"","_tribe_events_status_reason":"","footnotes":""},"tags":[],"tribe_events_cat":[],"class_list":["post-1064","tribe_events","type-tribe_events","status-publish","hentry"],"_links":{"self":[{"href":"http:\/\/franco-tyrolien.at\/wordpress\/wp-json\/wp\/v2\/tribe_events\/1064"}],"collection":[{"href":"http:\/\/franco-tyrolien.at\/wordpress\/wp-json\/wp\/v2\/tribe_events"}],"about":[{"href":"http:\/\/franco-tyrolien.at\/wordpress\/wp-json\/wp\/v2\/types\/tribe_events"}],"author":[{"embeddable":true,"href":"http:\/\/franco-tyrolien.at\/wordpress\/wp-json\/wp\/v2\/users\/1"}],"version-history":[{"count":1,"href":"http:\/\/franco-tyrolien.at\/wordpress\/wp-json\/wp\/v2\/tribe_events\/1064\/revisions"}],"predecessor-version":[{"id":1065,"href":"http:\/\/franco-tyrolien.at\/wordpress\/wp-json\/wp\/v2\/tribe_events\/1064\/revisions\/1065"}],"wp:attachment":[{"href":"http:\/\/franco-tyrolien.at\/wordpress\/wp-json\/wp\/v2\/media?parent=1064"}],"wp:term":[{"taxonomy":"post_tag","embeddable":true,"href":"http:\/\/franco-tyrolien.at\/wordpress\/wp-json\/wp\/v2\/tags?post=1064"},{"taxonomy":"tribe_events_cat","embeddable":true,"href":"http:\/\/franco-tyrolien.at\/wordpress\/wp-json\/wp\/v2\/tribe_events_cat?post=1064"}],"curies":[{"name":"wp","href":"https:\/\/api.w.org\/{rel}","templated":true}]}}

« Jeunes auteures franco-canadiennes : images au féminin en milieu minoritaire »

<p><strong>«&nbsp;Jeunes auteures franco-canadiennes&nbsp;:&nbsp;</strong><strong>images au féminin en milieu minoritaire&nbsp;»</strong></p>
<p><strong>Wann und wo&nbsp;? &nbsp; &nbsp;</strong>Montag, 20.3. 2017 – 19 Uhr – IFTI, Innsbruck</p>
<p>Der <strong>Tag der Frankophonie</strong> darf nicht vorbeigehen, ohne dass wir das auch im IFTI entsprechend feiern – und zwar im Rahmen einer faszinierenden <strong>Bild-Text-Show mit Catherine Parayre</strong> (Brock University). Mit Tina Charlebois, Sonia Lamontagne und Georgette LeBlanc stellt sie uns – vor dem Hintergrund von Projektionen thematisch passender Kunstwerke – drei faszinierende junge frankokanadische Autorinnen vor, die sich in ihrem Werk vehement für das Überleben des Französischen in einer anglophonen Umgebung einsetzen.</p>
<p>Die Veranstaltung wird von Ursula Moser begleitet und moderiert.</p>
<p>Bitte kommt zahlreich, die Veranstaltung ist etwas ganz Besonderes…<br />
wir bitten um Voranmeldung!</p>
<p>Wir freuen uns schon&nbsp; 🙂&nbsp;</p>
<p>&nbsp;</p>
<p>&nbsp;</p>
<p>&nbsp;</p>
<p>&nbsp;</p>
<p>&nbsp;</p>

<p>«&nbsp;Jeunes auteures franco-canadiennes&nbsp;:&nbsp;images au féminin en milieu minoritaire&nbsp;» Wann und wo&nbsp;? &nbsp; &nbsp;Montag, 20.3. 2017 – 19 Uhr – IFTI, Innsbruck Der Tag der Frankophonie darf nicht vorbeigehen, ohne dass [&hellip;]</p>
