{"id":1067,"date":"2017-02-26T13:01:54","date_gmt":"2017-02-26T12:01:54","guid":{"rendered":"http:\/\/franco-tyrolien.at\/wordpress\/?post_type=tribe_events&#038;p=1067"},"modified":"2017-02-26T13:07:49","modified_gmt":"2017-02-26T12:07:49","slug":"1067","status":"publish","type":"tribe_events","link":"http:\/\/franco-tyrolien.at\/wordpress\/event\/1067\/","title":{"rendered":"BOULOT &#8211; CHANSON &#8211; DODO : Jacques Brel"},"content":{"rendered":"<p>BOULOT &#8211; CHANSON &#8211; DODO : Eine Serie gro\u00dfer Stimmen der franz\u00f6sischen Chansons <i class=\"_lew\" title=\"\u201esmile\u201c-Emoticon\"><i class=\"_4-k1 img sp_fM-mz8spZ1b sx_5371b4\"><\/i><span class=\"_4mcd\">\ud83d\ude42<\/span><\/i><br \/>\nDIENSTAG, den 25. April &nbsp;2017 um 19.00 Uhr am Institut franco-tyrolien : &nbsp;Jacques&nbsp;Brel<br \/>\nUm eine bessere Planung zu gew\u00e4hrleisten (Bereitstellung von Textkopien etc.), bitten wir Sie, sich per Mail unter Institut franco-tyrolien d&#8217;Innsbruck [institut@franco-tyrolien.at] anzumelden<\/p>\n<p>Freiwillige Spende<span class=\"text_exposed_show\"><br \/>\nWir organisieren ein Buffet !<\/span><\/p>\n<div class=\"text_exposed_show\">\n<p>Wussten Sie, dass sich in Innsbruck das gr\u00f6\u00dfte europ\u00e4ische Chansonarchiv au\u00dferhalb von Frankreich befindet? Wussten Sie, dass ein L\u00e9o Ferr\u00e9, eine Sapho und viele mehr in Innsbruck live aufgetreten sind?<br \/>\nWenn auch Sie das franz\u00f6sische Chanson lieben, ob klassisch \u00e0 la Saint-Germain-des-Pr\u00e9s oder modern, hat das IFTI genau das richtige Programm f\u00fcr Sie: Unter dem Motto &#8222;BOULOT &#8211; CHANSON &#8211; DODO&#8220; stellt Univ.-Prof. Dr. Ursula Moser in einer Serie gro\u00dfe Stimmen des franz\u00f6sischen Chansons vor: Edith Piaf, Juliette Gr\u00e9co, Barbara, Brel, Brassen&#8230;<\/p>\n<p>Wir hoffen auf zahlreiches Kommen und einen tollen Abend \ud83d\ude42<\/p>\n<\/div>\n","protected":false},"excerpt":{"rendered":"<p>BOULOT &#8211; CHANSON &#8211; DODO : Eine Serie gro\u00dfer Stimmen der franz\u00f6sischen Chansons \ud83d\ude42 DIENSTAG, den 25. April &nbsp;2017 um 19.00 Uhr am Institut franco-tyrolien : &nbsp;Jacques&nbsp;Brel Um eine bessere [&hellip;]<\/p>\n","protected":false},"author":1,"featured_media":0,"template":"","meta":{"_bbp_topic_count":0,"_bbp_reply_count":0,"_bbp_total_topic_count":0,"_bbp_total_reply_count":0,"_bbp_voice_count":0,"_bbp_anonymous_reply_count":0,"_bbp_topic_count_hidden":0,"_bbp_reply_count_hidden":0,"_bbp_forum_subforum_count":0,"ngg_post_thumbnail":0,"_tribe_events_status":"","_tribe_events_status_reason":"","footnotes":""},"tags":[],"tribe_events_cat":[],"class_list":["post-1067","tribe_events","type-tribe_events","status-publish","hentry"],"_links":{"self":[{"href":"http:\/\/franco-tyrolien.at\/wordpress\/wp-json\/wp\/v2\/tribe_events\/1067"}],"collection":[{"href":"http:\/\/franco-tyrolien.at\/wordpress\/wp-json\/wp\/v2\/tribe_events"}],"about":[{"href":"http:\/\/franco-tyrolien.at\/wordpress\/wp-json\/wp\/v2\/types\/tribe_events"}],"author":[{"embeddable":true,"href":"http:\/\/franco-tyrolien.at\/wordpress\/wp-json\/wp\/v2\/users\/1"}],"version-history":[{"count":3,"href":"http:\/\/franco-tyrolien.at\/wordpress\/wp-json\/wp\/v2\/tribe_events\/1067\/revisions"}],"predecessor-version":[{"id":1072,"href":"http:\/\/franco-tyrolien.at\/wordpress\/wp-json\/wp\/v2\/tribe_events\/1067\/revisions\/1072"}],"wp:attachment":[{"href":"http:\/\/franco-tyrolien.at\/wordpress\/wp-json\/wp\/v2\/media?parent=1067"}],"wp:term":[{"taxonomy":"post_tag","embeddable":true,"href":"http:\/\/franco-tyrolien.at\/wordpress\/wp-json\/wp\/v2\/tags?post=1067"},{"taxonomy":"tribe_events_cat","embeddable":true,"href":"http:\/\/franco-tyrolien.at\/wordpress\/wp-json\/wp\/v2\/tribe_events_cat?post=1067"}],"curies":[{"name":"wp","href":"https:\/\/api.w.org\/{rel}","templated":true}]}}

<p>BOULOT &#8211; CHANSON &#8211; DODO : Eine Serie großer Stimmen der französischen Chansons <i class="_lew" title="„smile“-Emoticon"><i class="_4-k1 img sp_fM-mz8spZ1b sx_5371b4"></i><span class="_4mcd">🙂</span></i><br />
DIENSTAG, den 25. April &nbsp;2017 um 19.00 Uhr am Institut franco-tyrolien : &nbsp;Jacques&nbsp;Brel<br />
Um eine bessere Planung zu gewährleisten (Bereitstellung von Textkopien etc.), bitten wir Sie, sich per Mail unter Institut franco-tyrolien d&#8217;Innsbruck [institut@franco-tyrolien.at] anzumelden</p>
<p>Freiwillige Spende<span class="text_exposed_show"><br />
Wir organisieren ein Buffet !</span></p>
<div class="text_exposed_show">
<p>Wussten Sie, dass sich in Innsbruck das größte europäische Chansonarchiv außerhalb von Frankreich befindet? Wussten Sie, dass ein Léo Ferré, eine Sapho und viele mehr in Innsbruck live aufgetreten sind?<br />
Wenn auch Sie das französische Chanson lieben, ob klassisch à la Saint-Germain-des-Prés oder modern, hat das IFTI genau das richtige Programm für Sie: Unter dem Motto &#8222;BOULOT &#8211; CHANSON &#8211; DODO&#8220; stellt Univ.-Prof. Dr. Ursula Moser in einer Serie große Stimmen des französischen Chansons vor: Edith Piaf, Juliette Gréco, Barbara, Brel, Brassen&#8230;</p>
<p>Wir hoffen auf zahlreiches Kommen und einen tollen Abend 🙂</p>
</div>

<p>BOULOT &#8211; CHANSON &#8211; DODO : Eine Serie großer Stimmen der französischen Chansons 🙂 DIENSTAG, den 25. April &nbsp;2017 um 19.00 Uhr am Institut franco-tyrolien : &nbsp;Jacques&nbsp;Brel Um eine bessere [&hellip;]</p>
