{"id":1073,"date":"2017-02-26T21:12:27","date_gmt":"2017-02-26T20:12:27","guid":{"rendered":"http:\/\/franco-tyrolien.at\/wordpress\/?post_type=tribe_events&#038;p=1073"},"modified":"2017-02-26T21:12:27","modified_gmt":"2017-02-26T20:12:27","slug":"musik-und-taenze-aus-der-bretagne-mit-yves-leblanc","status":"publish","type":"tribe_events","link":"http:\/\/franco-tyrolien.at\/wordpress\/event\/musik-und-taenze-aus-der-bretagne-mit-yves-leblanc\/","title":{"rendered":"Musik und T\u00e4nze aus der Bretagne mit Yves Leblanc"},"content":{"rendered":"<p><strong>Musik und T\u00e4nze aus der Bretagne mit Yves Leblanc<\/strong><\/p>\n<p><strong>Wann: Freitag 09. Juni&nbsp;2017 &nbsp;um 20.00 Uhr<\/strong><\/p>\n<p><strong>WO: Institut franco-tyrolien im Stadtturm 2. Stock, (B\u00fcrgersaal)<\/strong><\/p>\n<p>Eintritt: 10 \u20ac<br \/>\nf\u00fcr Mitglieder des IFTI:&nbsp;5 \u20ac &nbsp;mit Voranmeldung und 7\u20ac &nbsp;Abendkassa<\/p>\n<p>Traditionelle Lieder und eigene Kompositionen auf Klarinette, diatonischem Akkordeon und der Drehorgel.<\/p>\n<p>Yves Leblanc gelingt es immer spielend, sein Publikum zum Tanzen und Mitsingen zu bringen, denn die bretonischen T\u00e4nze sind so einfach, dass alle gleich mitmachen k\u00f6nnen. Seine Tourneen f\u00fchrten ihn von Russland bis zu den Osterinseln, umso mehr freuen wir uns, dass er mal wieder Halt in Innsbruck macht, um mit uns die Freude am Tanzen zu feiern.<\/p>\n<p>Eine gemeinsame Veranstaltung des Tanzhauses Innsbruck mit dem Institut franco-tyrolien.<br \/>\nhttp:\/\/tanzhaus-innsbruck.jimdo.com\/<br \/>\nwww.franco-tyrolien.at<\/p>\n","protected":false},"excerpt":{"rendered":"<p>Musik und T\u00e4nze aus der Bretagne mit Yves Leblanc Wann: Freitag 09. Juni&nbsp;2017 &nbsp;um 20.00 Uhr WO: Institut franco-tyrolien im Stadtturm 2. Stock, (B\u00fcrgersaal) Eintritt: 10 \u20ac f\u00fcr Mitglieder des [&hellip;]<\/p>\n","protected":false},"author":1,"featured_media":0,"template":"","meta":{"_bbp_topic_count":0,"_bbp_reply_count":0,"_bbp_total_topic_count":0,"_bbp_total_reply_count":0,"_bbp_voice_count":0,"_bbp_anonymous_reply_count":0,"_bbp_topic_count_hidden":0,"_bbp_reply_count_hidden":0,"_bbp_forum_subforum_count":0,"ngg_post_thumbnail":0,"_tribe_events_status":"","_tribe_events_status_reason":"","footnotes":""},"tags":[],"tribe_events_cat":[],"class_list":["post-1073","tribe_events","type-tribe_events","status-publish","hentry"],"_links":{"self":[{"href":"http:\/\/franco-tyrolien.at\/wordpress\/wp-json\/wp\/v2\/tribe_events\/1073"}],"collection":[{"href":"http:\/\/franco-tyrolien.at\/wordpress\/wp-json\/wp\/v2\/tribe_events"}],"about":[{"href":"http:\/\/franco-tyrolien.at\/wordpress\/wp-json\/wp\/v2\/types\/tribe_events"}],"author":[{"embeddable":true,"href":"http:\/\/franco-tyrolien.at\/wordpress\/wp-json\/wp\/v2\/users\/1"}],"version-history":[{"count":1,"href":"http:\/\/franco-tyrolien.at\/wordpress\/wp-json\/wp\/v2\/tribe_events\/1073\/revisions"}],"predecessor-version":[{"id":1074,"href":"http:\/\/franco-tyrolien.at\/wordpress\/wp-json\/wp\/v2\/tribe_events\/1073\/revisions\/1074"}],"wp:attachment":[{"href":"http:\/\/franco-tyrolien.at\/wordpress\/wp-json\/wp\/v2\/media?parent=1073"}],"wp:term":[{"taxonomy":"post_tag","embeddable":true,"href":"http:\/\/franco-tyrolien.at\/wordpress\/wp-json\/wp\/v2\/tags?post=1073"},{"taxonomy":"tribe_events_cat","embeddable":true,"href":"http:\/\/franco-tyrolien.at\/wordpress\/wp-json\/wp\/v2\/tribe_events_cat?post=1073"}],"curies":[{"name":"wp","href":"https:\/\/api.w.org\/{rel}","templated":true}]}}

Musik und Tänze aus der Bretagne mit Yves Leblanc

<p><strong>Musik und Tänze aus der Bretagne mit Yves Leblanc</strong></p>
<p><strong>Wann: Freitag 09. Juni&nbsp;2017 &nbsp;um 20.00 Uhr</strong></p>
<p><strong>WO: Institut franco-tyrolien im Stadtturm 2. Stock, (Bürgersaal)</strong></p>
<p>Eintritt: 10 €<br />
für Mitglieder des IFTI:&nbsp;5 € &nbsp;mit Voranmeldung und 7€ &nbsp;Abendkassa</p>
<p>Traditionelle Lieder und eigene Kompositionen auf Klarinette, diatonischem Akkordeon und der Drehorgel.</p>
<p>Yves Leblanc gelingt es immer spielend, sein Publikum zum Tanzen und Mitsingen zu bringen, denn die bretonischen Tänze sind so einfach, dass alle gleich mitmachen können. Seine Tourneen führten ihn von Russland bis zu den Osterinseln, umso mehr freuen wir uns, dass er mal wieder Halt in Innsbruck macht, um mit uns die Freude am Tanzen zu feiern.</p>
<p>Eine gemeinsame Veranstaltung des Tanzhauses Innsbruck mit dem Institut franco-tyrolien.<br />
http://tanzhaus-innsbruck.jimdo.com/<br />
www.franco-tyrolien.at</p>

<p>Musik und Tänze aus der Bretagne mit Yves Leblanc Wann: Freitag 09. Juni&nbsp;2017 &nbsp;um 20.00 Uhr WO: Institut franco-tyrolien im Stadtturm 2. Stock, (Bürgersaal) Eintritt: 10 € für Mitglieder des [&hellip;]</p>
