{"id":1114,"date":"2017-04-24T21:07:07","date_gmt":"2017-04-24T19:07:07","guid":{"rendered":"http:\/\/franco-tyrolien.at\/wordpress\/?post_type=tribe_events&#038;p=1114"},"modified":"2017-05-11T07:24:17","modified_gmt":"2017-05-11T05:24:17","slug":"franzoesisch-musik-gesungen-von-la-crochchoeur-aus-dijon","status":"publish","type":"tribe_events","link":"http:\/\/franco-tyrolien.at\/wordpress\/event\/franzoesisch-musik-gesungen-von-la-crochchoeur-aus-dijon\/","title":{"rendered":"Franz\u00f6sische Musik gesungen von LA CROCH&#8217;CHOEUR aus Dijon"},"content":{"rendered":"<p>&#8222;La Croch&#8217;choeur&#8220; zu Gast beim Universit\u00e4tsorchester Innsbruck<\/p>\n<p>Konzert am Freitag, dem 19. Mai 2017 in der theologischen Fakult\u00e4t Kaiser Leopoldsaal<br \/>\nUniversit\u00e4tsstra\u00dfe<br \/>\nKarl-Rahner-Platz<br \/>\n6020 Innsbruck<\/p>\n<p style=\"text-align: center;\"><span style=\"font-size: 24px;\">Franz\u00f6sische Musik gesungen von &#8222;La Croch&#8217;choeur&#8220; Chor aus Dijon<\/span><br \/>\nDebussy, Desprez, Machaut, Poulenc, Rutg\u00e9<\/p>\n<p style=\"text-align: center;\">Eintritt frei<\/p>\n<p>&nbsp;<\/p>\n","protected":false},"excerpt":{"rendered":"<p>&#8222;La Croch&#8217;choeur&#8220; zu Gast beim Universit\u00e4tsorchester Innsbruck Konzert am Freitag, dem 19. Mai 2017 in der theologischen Fakult\u00e4t Kaiser Leopoldsaal Universit\u00e4tsstra\u00dfe Karl-Rahner-Platz 6020 Innsbruck Franz\u00f6sische Musik gesungen von &#8222;La Croch&#8217;choeur&#8220; [&hellip;]<\/p>\n","protected":false},"author":1,"featured_media":0,"template":"","meta":{"_bbp_topic_count":0,"_bbp_reply_count":0,"_bbp_total_topic_count":0,"_bbp_total_reply_count":0,"_bbp_voice_count":0,"_bbp_anonymous_reply_count":0,"_bbp_topic_count_hidden":0,"_bbp_reply_count_hidden":0,"_bbp_forum_subforum_count":0,"ngg_post_thumbnail":0,"_tribe_events_status":"","_tribe_events_status_reason":"","footnotes":""},"tags":[],"tribe_events_cat":[],"class_list":["post-1114","tribe_events","type-tribe_events","status-publish","hentry"],"_links":{"self":[{"href":"http:\/\/franco-tyrolien.at\/wordpress\/wp-json\/wp\/v2\/tribe_events\/1114"}],"collection":[{"href":"http:\/\/franco-tyrolien.at\/wordpress\/wp-json\/wp\/v2\/tribe_events"}],"about":[{"href":"http:\/\/franco-tyrolien.at\/wordpress\/wp-json\/wp\/v2\/types\/tribe_events"}],"author":[{"embeddable":true,"href":"http:\/\/franco-tyrolien.at\/wordpress\/wp-json\/wp\/v2\/users\/1"}],"version-history":[{"count":7,"href":"http:\/\/franco-tyrolien.at\/wordpress\/wp-json\/wp\/v2\/tribe_events\/1114\/revisions"}],"predecessor-version":[{"id":1132,"href":"http:\/\/franco-tyrolien.at\/wordpress\/wp-json\/wp\/v2\/tribe_events\/1114\/revisions\/1132"}],"wp:attachment":[{"href":"http:\/\/franco-tyrolien.at\/wordpress\/wp-json\/wp\/v2\/media?parent=1114"}],"wp:term":[{"taxonomy":"post_tag","embeddable":true,"href":"http:\/\/franco-tyrolien.at\/wordpress\/wp-json\/wp\/v2\/tags?post=1114"},{"taxonomy":"tribe_events_cat","embeddable":true,"href":"http:\/\/franco-tyrolien.at\/wordpress\/wp-json\/wp\/v2\/tribe_events_cat?post=1114"}],"curies":[{"name":"wp","href":"https:\/\/api.w.org\/{rel}","templated":true}]}}

Französische Musik gesungen von LA CROCH&#8217;CHOEUR aus Dijon

<p>&#8222;La Croch&#8217;choeur&#8220; zu Gast beim Universitätsorchester Innsbruck</p>
<p>Konzert am Freitag, dem 19. Mai 2017 in der theologischen Fakultät Kaiser Leopoldsaal<br />
Universitätsstraße<br />
Karl-Rahner-Platz<br />
6020 Innsbruck</p>
<p style="text-align: center;"><span style="font-size: 24px;">Französische Musik gesungen von &#8222;La Croch&#8217;choeur&#8220; Chor aus Dijon</span><br />
Debussy, Desprez, Machaut, Poulenc, Rutgé</p>
<p style="text-align: center;">Eintritt frei</p>
<p>&nbsp;</p>

<p>&#8222;La Croch&#8217;choeur&#8220; zu Gast beim Universitätsorchester Innsbruck Konzert am Freitag, dem 19. Mai 2017 in der theologischen Fakultät Kaiser Leopoldsaal Universitätsstraße Karl-Rahner-Platz 6020 Innsbruck Französische Musik gesungen von &#8222;La Croch&#8217;choeur&#8220; [&hellip;]</p>
