{"id":1116,"date":"2017-04-25T07:15:15","date_gmt":"2017-04-25T05:15:15","guid":{"rendered":"http:\/\/franco-tyrolien.at\/wordpress\/?post_type=tribe_events&#038;p=1116"},"modified":"2017-04-25T07:19:14","modified_gmt":"2017-04-25T05:19:14","slug":"kino-abend-soiree-cinema","status":"publish","type":"tribe_events","link":"http:\/\/franco-tyrolien.at\/wordpress\/event\/kino-abend-soiree-cinema\/","title":{"rendered":"Kino Abend \/ Soir\u00e9e cin\u00e9ma"},"content":{"rendered":"<p style=\"margin-bottom: 19.5pt;\"><span style=\"font-size: 11.5pt; font-family: 'Helvetica','sans-serif'; color: #333333;\">Am Sonntag,den 30. April., findet wieder ein Kinoabend in Kooperation mit dem Leokino Innsbruck Statt<br style=\"color: inherit; font-stretch: normal; font-style: inherit; font-weight: inherit;\"> Diesmal sehen wir uns &#8220; <\/span><span style=\"color: #cc0000;\">BIENVENUE \u00c0 MARLY-GOMONT<br \/>\nEin Dorf sieht schwarz<\/span><span style=\"font-size: 11.5pt; font-family: 'Helvetica','sans-serif'; color: #333333;\">&#8220; an. Der Film beginnt um 19Uhr00<br style=\"color: inherit; font-stretch: normal; font-style: inherit; font-weight: inherit;\"> Der Treffpunkt ist um 18Uhr40 im &nbsp;LeoKino&nbsp;<br style=\"color: inherit; font-stretch: normal; font-style: inherit; font-weight: inherit;\"> Mitglieder des IFTI bekommen eine Erm\u00e4\u00dfigung.<br \/>\n<span style=\"background: white;\">Anschlie\u00dfend gehen wir etwas zusammentrinken!<\/span><\/span><\/p>\n<p style=\"margin-bottom: 19.5pt; font-stretch: normal; orphans: 2; text-align: start; widows: 2; -webkit-text-stroke-width: 0px; text-decoration-style: initial; text-decoration-color: initial; word-spacing: 0px;\"><span style=\"font-size: 11.5pt; font-family: 'Helvetica','sans-serif'; color: #333333;\">Wir freuen uns auf Ihr Kommen&nbsp; \ud83d\ude42&nbsp;<\/span><\/p>\n<hr>\n<p style=\"margin-bottom: 19.5pt; font-stretch: normal; orphans: 2; text-align: start; widows: 2; -webkit-text-stroke-width: 0px; text-decoration-style: initial; text-decoration-color: initial; word-spacing: 0px;\">&nbsp;http:\/\/www.leokino.at\/index.php?disp=film&amp;fid=F14034<\/p>\n<hr>\n<p>&nbsp;<\/p>\n<p style=\"margin-bottom: 19.5pt;\"><em><span style=\"font-size: 11.5pt; font-family: 'Helvetica','sans-serif'; color: #333333;\">Soir\u00e9e&nbsp;cin\u00e9ma en partenariat avec le Leokino pour voir un film en version originale (avec sous-titres allemands).<\/span><\/em><\/p>\n<p style=\"margin-bottom: 19.5pt; font-stretch: normal; orphans: 2; text-align: start; widows: 2; -webkit-text-stroke-width: 0px; text-decoration-style: initial; text-decoration-color: initial; word-spacing: 0px;\"><em style=\"color: inherit; font-stretch: normal; font-weight: inherit;\"><span style=\"font-size: 11.5pt; font-family: 'Helvetica','sans-serif'; color: #333333;\">Dimanche 30 avril \u00c0 19h&nbsp; au&nbsp;Leokino &#8222;Bienvenue \u00e0 Marly- Gomont&#8220;<br \/>\nRDV \u00e0 18h40<\/span><\/em><\/p>\n<p style=\"margin-bottom: 19.5pt;\"><em><span style=\"font-size: 11.5pt; font-family: 'Helvetica','sans-serif'; color: #333333;\">Sur pr\u00e9sentation de leur carte&nbsp;de membre, les adh\u00e9rents b\u00e9n\u00e9ficient d\u2019une r\u00e9duction !<\/span><\/em><\/p>\n<p style=\"margin-bottom: 19.5pt;\"><em><span style=\"font-size: 11.5pt; font-family: 'Helvetica','sans-serif'; color: #333333;\">Nous irons apr\u00e8s le flim au caf\u00e9<\/span><\/em><\/p>\n<p style=\"margin-bottom: 19.5pt; font-stretch: normal; orphans: 2; text-align: start; widows: 2; -webkit-text-stroke-width: 0px; text-decoration-style: initial; text-decoration-color: initial; word-spacing: 0px;\"><em style=\"color: inherit; font-stretch: normal; font-weight: inherit;\"><span style=\"font-size: 11.5pt; font-family: 'Helvetica','sans-serif'; color: #333333;\">Nous nous r\u00e9jouissons de votre venue &nbsp; \ud83d\ude42&nbsp;<\/span><\/em><\/p>\n","protected":false},"excerpt":{"rendered":"<p>Am Sonntag,den 30. April., findet wieder ein Kinoabend in Kooperation mit dem Leokino Innsbruck Statt Diesmal sehen wir uns &#8220; BIENVENUE \u00c0 MARLY-GOMONT Ein Dorf sieht schwarz&#8220; an. Der Film [&hellip;]<\/p>\n","protected":false},"author":1,"featured_media":0,"template":"","meta":{"_bbp_topic_count":0,"_bbp_reply_count":0,"_bbp_total_topic_count":0,"_bbp_total_reply_count":0,"_bbp_voice_count":0,"_bbp_anonymous_reply_count":0,"_bbp_topic_count_hidden":0,"_bbp_reply_count_hidden":0,"_bbp_forum_subforum_count":0,"ngg_post_thumbnail":0,"_tribe_events_status":"","_tribe_events_status_reason":"","footnotes":""},"tags":[],"tribe_events_cat":[],"class_list":["post-1116","tribe_events","type-tribe_events","status-publish","hentry"],"_links":{"self":[{"href":"http:\/\/franco-tyrolien.at\/wordpress\/wp-json\/wp\/v2\/tribe_events\/1116"}],"collection":[{"href":"http:\/\/franco-tyrolien.at\/wordpress\/wp-json\/wp\/v2\/tribe_events"}],"about":[{"href":"http:\/\/franco-tyrolien.at\/wordpress\/wp-json\/wp\/v2\/types\/tribe_events"}],"author":[{"embeddable":true,"href":"http:\/\/franco-tyrolien.at\/wordpress\/wp-json\/wp\/v2\/users\/1"}],"version-history":[{"count":3,"href":"http:\/\/franco-tyrolien.at\/wordpress\/wp-json\/wp\/v2\/tribe_events\/1116\/revisions"}],"predecessor-version":[{"id":1119,"href":"http:\/\/franco-tyrolien.at\/wordpress\/wp-json\/wp\/v2\/tribe_events\/1116\/revisions\/1119"}],"wp:attachment":[{"href":"http:\/\/franco-tyrolien.at\/wordpress\/wp-json\/wp\/v2\/media?parent=1116"}],"wp:term":[{"taxonomy":"post_tag","embeddable":true,"href":"http:\/\/franco-tyrolien.at\/wordpress\/wp-json\/wp\/v2\/tags?post=1116"},{"taxonomy":"tribe_events_cat","embeddable":true,"href":"http:\/\/franco-tyrolien.at\/wordpress\/wp-json\/wp\/v2\/tribe_events_cat?post=1116"}],"curies":[{"name":"wp","href":"https:\/\/api.w.org\/{rel}","templated":true}]}}

Kino Abend / Soirée cinéma

<p style="margin-bottom: 19.5pt;"><span style="font-size: 11.5pt; font-family: 'Helvetica','sans-serif'; color: #333333;">Am Sonntag,den 30. April., findet wieder ein Kinoabend in Kooperation mit dem Leokino Innsbruck Statt<br style="color: inherit; font-stretch: normal; font-style: inherit; font-weight: inherit;"> Diesmal sehen wir uns &#8220; </span><span style="color: #cc0000;">BIENVENUE À MARLY-GOMONT<br />
Ein Dorf sieht schwarz</span><span style="font-size: 11.5pt; font-family: 'Helvetica','sans-serif'; color: #333333;">&#8220; an. Der Film beginnt um 19Uhr00<br style="color: inherit; font-stretch: normal; font-style: inherit; font-weight: inherit;"> Der Treffpunkt ist um 18Uhr40 im &nbsp;LeoKino&nbsp;<br style="color: inherit; font-stretch: normal; font-style: inherit; font-weight: inherit;"> Mitglieder des IFTI bekommen eine Ermäßigung.<br />
<span style="background: white;">Anschließend gehen wir etwas zusammentrinken!</span></span></p>
<p style="margin-bottom: 19.5pt; font-stretch: normal; orphans: 2; text-align: start; widows: 2; -webkit-text-stroke-width: 0px; text-decoration-style: initial; text-decoration-color: initial; word-spacing: 0px;"><span style="font-size: 11.5pt; font-family: 'Helvetica','sans-serif'; color: #333333;">Wir freuen uns auf Ihr Kommen&nbsp; 🙂&nbsp;</span></p>
<hr>
<p style="margin-bottom: 19.5pt; font-stretch: normal; orphans: 2; text-align: start; widows: 2; -webkit-text-stroke-width: 0px; text-decoration-style: initial; text-decoration-color: initial; word-spacing: 0px;">&nbsp;http://www.leokino.at/index.php?disp=film&amp;fid=F14034</p>
<hr>
<p>&nbsp;</p>
<p style="margin-bottom: 19.5pt;"><em><span style="font-size: 11.5pt; font-family: 'Helvetica','sans-serif'; color: #333333;">Soirée&nbsp;cinéma en partenariat avec le Leokino pour voir un film en version originale (avec sous-titres allemands).</span></em></p>
<p style="margin-bottom: 19.5pt; font-stretch: normal; orphans: 2; text-align: start; widows: 2; -webkit-text-stroke-width: 0px; text-decoration-style: initial; text-decoration-color: initial; word-spacing: 0px;"><em style="color: inherit; font-stretch: normal; font-weight: inherit;"><span style="font-size: 11.5pt; font-family: 'Helvetica','sans-serif'; color: #333333;">Dimanche 30 avril À 19h&nbsp; au&nbsp;Leokino &#8222;Bienvenue à Marly- Gomont&#8220;<br />
RDV à 18h40</span></em></p>
<p style="margin-bottom: 19.5pt;"><em><span style="font-size: 11.5pt; font-family: 'Helvetica','sans-serif'; color: #333333;">Sur présentation de leur carte&nbsp;de membre, les adhérents bénéficient d’une réduction !</span></em></p>
<p style="margin-bottom: 19.5pt;"><em><span style="font-size: 11.5pt; font-family: 'Helvetica','sans-serif'; color: #333333;">Nous irons après le flim au café</span></em></p>
<p style="margin-bottom: 19.5pt; font-stretch: normal; orphans: 2; text-align: start; widows: 2; -webkit-text-stroke-width: 0px; text-decoration-style: initial; text-decoration-color: initial; word-spacing: 0px;"><em style="color: inherit; font-stretch: normal; font-weight: inherit;"><span style="font-size: 11.5pt; font-family: 'Helvetica','sans-serif'; color: #333333;">Nous nous réjouissons de votre venue &nbsp; 🙂&nbsp;</span></em></p>

<p>Am Sonntag,den 30. April., findet wieder ein Kinoabend in Kooperation mit dem Leokino Innsbruck Statt Diesmal sehen wir uns &#8220; BIENVENUE À MARLY-GOMONT Ein Dorf sieht schwarz&#8220; an. Der Film [&hellip;]</p>
