{"id":1137,"date":"2017-05-22T21:22:13","date_gmt":"2017-05-22T19:22:13","guid":{"rendered":"http:\/\/franco-tyrolien.at\/wordpress\/?post_type=tribe_events&#038;p=1137"},"modified":"2017-06-30T18:06:15","modified_gmt":"2017-06-30T16:06:15","slug":"fete-de-la-musique-innsbruck-singt-2","status":"publish","type":"tribe_events","link":"http:\/\/franco-tyrolien.at\/wordpress\/event\/fete-de-la-musique-innsbruck-singt-2\/","title":{"rendered":"F\u00eate de la musique \/ Innsbruck singt"},"content":{"rendered":"<h1>NNSBRUCK SINGT<br \/>\nMIT F\u00caTE DE LA MUSIQUE<\/h1>\n<p>&nbsp;Das Institut franco-tyrolien d&#8217;Innsbruck l\u00e4dt herzlich zur &#8222;la f\u00eate de la musique&#8220; in Kooperation mit Innsbruck singt am 1 Juli &nbsp;ein.<br \/>\n<strong>Im Andechsof wie vor dem goldenen Dachl h\u00f6ren Sie von 16 bis 19 Uhr<\/strong> &nbsp;unterschiedliche Stilrichtungen wie pop rock, klassik, franz\u00f6sische Chansons, Chor, und vieles mehr..<br \/>\nmit Uniochester, Street noise, Chorkuma, Musikschule Wattens, Mozarteum, Marietta&#8217;s &#8222;les artistes&#8220; u.v.m.<\/p>\n<p><strong>Am Abend um 20h30 im Treibhaus geht die&#8220; f\u00eate de la musique&#8220; weiter<br \/>\n<\/strong><span style=\"font-weight: 300;\">20h30 &#8211; 22h Konzert &nbsp;franz\u00f6sische Chansons&nbsp;<br \/>\n<\/span>Ab 22h00 Pop, jazz&#8230;<br \/>\nAb 21h30 Latin night &nbsp;<\/p>\n<p style=\"text-align: justify;\"><span style=\"font-size: 24px;\">Musik kennt keine Grenzen !&nbsp;<\/span><br \/>\nKommen Sie vorbei und lassen Sie sich von unserem Musiker verf\u00fchren! \ud83d\ude42<\/p>\n<hr>\n<p style=\"text-align: center;\"><a href=\"http:\/\/franco-tyrolien.at\/wordpress\/wp-content\/uploads\/2017\/05\/Programme-fete-de-la-musique.pdf\" target=\"_blank\">Programme fete de la musique<\/a><\/p>\n<hr>\n<p style=\"text-align: justify;\">&nbsp;<a href=\"https:\/\/www.innsbruck.gv.at\/page.cfm?vpath=bildung--kultur\/kulturprojekte\/innsbruck-singt\" target=\"_blank\">https:\/\/www.innsbruck.gv.at\/page.cfm?vpath=bildung&#8211;kultur\/kulturprojekte\/innsbruck-singt<\/a><\/p>\n<h2>&nbsp;<\/h2>\n","protected":false},"excerpt":{"rendered":"<p>NNSBRUCK SINGT MIT F\u00caTE DE LA MUSIQUE &nbsp;Das Institut franco-tyrolien d&#8217;Innsbruck l\u00e4dt herzlich zur &#8222;la f\u00eate de la musique&#8220; in Kooperation mit Innsbruck singt am 1 Juli &nbsp;ein. Im Andechsof [&hellip;]<\/p>\n","protected":false},"author":1,"featured_media":0,"template":"","meta":{"_bbp_topic_count":0,"_bbp_reply_count":0,"_bbp_total_topic_count":0,"_bbp_total_reply_count":0,"_bbp_voice_count":0,"_bbp_anonymous_reply_count":0,"_bbp_topic_count_hidden":0,"_bbp_reply_count_hidden":0,"_bbp_forum_subforum_count":0,"ngg_post_thumbnail":0,"_tribe_events_status":"","_tribe_events_status_reason":"","footnotes":""},"tags":[],"tribe_events_cat":[],"class_list":["post-1137","tribe_events","type-tribe_events","status-publish","hentry"],"_links":{"self":[{"href":"http:\/\/franco-tyrolien.at\/wordpress\/wp-json\/wp\/v2\/tribe_events\/1137"}],"collection":[{"href":"http:\/\/franco-tyrolien.at\/wordpress\/wp-json\/wp\/v2\/tribe_events"}],"about":[{"href":"http:\/\/franco-tyrolien.at\/wordpress\/wp-json\/wp\/v2\/types\/tribe_events"}],"author":[{"embeddable":true,"href":"http:\/\/franco-tyrolien.at\/wordpress\/wp-json\/wp\/v2\/users\/1"}],"version-history":[{"count":5,"href":"http:\/\/franco-tyrolien.at\/wordpress\/wp-json\/wp\/v2\/tribe_events\/1137\/revisions"}],"predecessor-version":[{"id":1164,"href":"http:\/\/franco-tyrolien.at\/wordpress\/wp-json\/wp\/v2\/tribe_events\/1137\/revisions\/1164"}],"wp:attachment":[{"href":"http:\/\/franco-tyrolien.at\/wordpress\/wp-json\/wp\/v2\/media?parent=1137"}],"wp:term":[{"taxonomy":"post_tag","embeddable":true,"href":"http:\/\/franco-tyrolien.at\/wordpress\/wp-json\/wp\/v2\/tags?post=1137"},{"taxonomy":"tribe_events_cat","embeddable":true,"href":"http:\/\/franco-tyrolien.at\/wordpress\/wp-json\/wp\/v2\/tribe_events_cat?post=1137"}],"curies":[{"name":"wp","href":"https:\/\/api.w.org\/{rel}","templated":true}]}}

Fête de la musique / Innsbruck singt

<h1>NNSBRUCK SINGT<br />
MIT FÊTE DE LA MUSIQUE</h1>
<p>&nbsp;Das Institut franco-tyrolien d&#8217;Innsbruck lädt herzlich zur &#8222;la fête de la musique&#8220; in Kooperation mit Innsbruck singt am 1 Juli &nbsp;ein.<br />
<strong>Im Andechsof wie vor dem goldenen Dachl hören Sie von 16 bis 19 Uhr</strong> &nbsp;unterschiedliche Stilrichtungen wie pop rock, klassik, französische Chansons, Chor, und vieles mehr..<br />
mit Uniochester, Street noise, Chorkuma, Musikschule Wattens, Mozarteum, Marietta&#8217;s &#8222;les artistes&#8220; u.v.m.</p>
<p><strong>Am Abend um 20h30 im Treibhaus geht die&#8220; fête de la musique&#8220; weiter<br />
</strong><span style="font-weight: 300;">20h30 &#8211; 22h Konzert &nbsp;französische Chansons&nbsp;<br />
</span>Ab 22h00 Pop, jazz&#8230;<br />
Ab 21h30 Latin night &nbsp;</p>
<p style="text-align: justify;"><span style="font-size: 24px;">Musik kennt keine Grenzen !&nbsp;</span><br />
Kommen Sie vorbei und lassen Sie sich von unserem Musiker verführen! 🙂</p>
<hr>
<p style="text-align: center;"><a href="http://franco-tyrolien.at/wordpress/wp-content/uploads/2017/05/Programme-fete-de-la-musique.pdf" target="_blank">Programme fete de la musique</a></p>
<hr>
<p style="text-align: justify;">&nbsp;<a href="https://www.innsbruck.gv.at/page.cfm?vpath=bildung--kultur/kulturprojekte/innsbruck-singt" target="_blank">https://www.innsbruck.gv.at/page.cfm?vpath=bildung&#8211;kultur/kulturprojekte/innsbruck-singt</a></p>
<h2>&nbsp;</h2>

<p>NNSBRUCK SINGT MIT FÊTE DE LA MUSIQUE &nbsp;Das Institut franco-tyrolien d&#8217;Innsbruck lädt herzlich zur &#8222;la fête de la musique&#8220; in Kooperation mit Innsbruck singt am 1 Juli &nbsp;ein. Im Andechsof [&hellip;]</p>
