{"id":1140,"date":"2017-05-22T21:41:28","date_gmt":"2017-05-22T19:41:28","guid":{"rendered":"http:\/\/franco-tyrolien.at\/wordpress\/?post_type=tribe_events&#038;p=1140"},"modified":"2017-05-22T21:43:00","modified_gmt":"2017-05-22T19:43:00","slug":"emile-verhaeren-poete-der-dichter-emile-verhaeren","status":"publish","type":"tribe_events","link":"http:\/\/franco-tyrolien.at\/wordpress\/event\/emile-verhaeren-poete-der-dichter-emile-verhaeren\/","title":{"rendered":"Emile Verhaeren, po\u00e8te \/ Der Dichter Emile Verhaeren"},"content":{"rendered":"<p style=\"text-align: center;\"><strong>Der mich dereinst sp\u00e4t abends liest in fernen Jahren &#8230;<br \/>\n<\/strong><span style=\"color: #666699;\"><strong>Celui qui me lira, dans les si\u00e8cles, un soir \u2026<\/strong>&nbsp;<\/span><\/p>\n<p style=\"text-align: center;\">Der Dichter Emile Verhaeren<br \/>\n<span style=\"color: #666699;\">&nbsp;Emile Verhaeren, po\u00e8te<\/span><\/p>\n<p>Unter allen franz\u00f6sischsprachigen belgischen Dichtern nimmt Emile Verhaeren sicherlich eine besondere Stellung ein. Ob er nun seine Heimat beschreibt, die Landschaften, die kleinen Episoden des t\u00e4glichen Lebens, die St\u00e4dte, die Wissenschaft, die moderenen Zeiten oder die Momente des Gl\u00fccks und der Z\u00e4rtlichkeit mit seiner Frau, jedes dieser Gedichte ist eine authentische Darstellung und gleichzeitig eine tiefgr\u00fcndige Betrachtung der menschlichen Seele.<\/p>\n<p>So viele Dinge gibt es da (wieder) zu entdecken!<\/p>\n<p>Dieser Abend f\u00fchrt uns durch das Leben und das Werk des Dichters Emile Verhaeren.<br \/>\n&nbsp;Zweisprachiger deutsch-franz\u00f6sischer Abend<\/p>\n<p><strong>Vortragende: C. et L. Roth&nbsp;<\/strong><\/p>\n<p>Wir freuen uns auf Ihr Kommen \ud83d\ude42&nbsp;<\/p>\n<p>&nbsp;<\/p>\n<p><em><span style=\"color: #666699;\">&nbsp;Parmi les po\u00e8tes belges d&#8217;expression fran\u00e7aise, Emile Verhaeren occupe une place pr\u00e9pond\u00e9rante. Son \u0153uvre est aussi vaste que vari\u00e9. Qu&#8217;il chante sa patrie et ses paysages, les petits \u00e9pisodes de la vie quotidienne, les villes, la science, la modernit\u00e9 ou bien les moments de bonheur et de tendresse avec sa femme, chacune de ses pages est un t\u00e9moignage d&#8217;authenticit\u00e9 et une observation fine des tr\u00e9fonds de l&#8217;\u00e2me humaine.<\/span><\/em><\/p>\n<p><em><span style=\"color: #666699;\">Tant de choses \u00e0 (re)d\u00e9couvrir ou \u00e0 relire!<\/span><\/em><\/p>\n<p><em><span style=\"color: #666699;\">Cette soir\u00e9e propose un voyage \u00e0 travers la vie et l&#8217;\u0153uvre d&#8217;Emile Verhaeren<br \/>\n<\/span><\/em><em><span style=\"color: #666699;\">&nbsp;<\/span><\/em><em><span style=\"color: #666699;\">Soir\u00e9e bilingue: fran\u00e7ais\/allemand<\/span><\/em><\/p>\n<p><em><span style=\"color: #666699;\">Nous nous r\u00e9jouissons de votre venue&nbsp; \ud83d\ude42 &nbsp;<\/span><\/em><\/p>\n<p><em><span style=\"color: #666699;\">Intervenant : C et L. Roth<\/span><\/em><\/p>\n<p><em><span style=\"color: #666699;\">&nbsp;<\/span><\/em><\/p>\n","protected":false},"excerpt":{"rendered":"<p>Der mich dereinst sp\u00e4t abends liest in fernen Jahren &#8230; Celui qui me lira, dans les si\u00e8cles, un soir \u2026&nbsp; Der Dichter Emile Verhaeren &nbsp;Emile Verhaeren, po\u00e8te Unter allen franz\u00f6sischsprachigen [&hellip;]<\/p>\n","protected":false},"author":1,"featured_media":0,"template":"","meta":{"_bbp_topic_count":0,"_bbp_reply_count":0,"_bbp_total_topic_count":0,"_bbp_total_reply_count":0,"_bbp_voice_count":0,"_bbp_anonymous_reply_count":0,"_bbp_topic_count_hidden":0,"_bbp_reply_count_hidden":0,"_bbp_forum_subforum_count":0,"ngg_post_thumbnail":0,"_tribe_events_status":"","_tribe_events_status_reason":"","footnotes":""},"tags":[],"tribe_events_cat":[],"class_list":["post-1140","tribe_events","type-tribe_events","status-publish","hentry"],"_links":{"self":[{"href":"http:\/\/franco-tyrolien.at\/wordpress\/wp-json\/wp\/v2\/tribe_events\/1140"}],"collection":[{"href":"http:\/\/franco-tyrolien.at\/wordpress\/wp-json\/wp\/v2\/tribe_events"}],"about":[{"href":"http:\/\/franco-tyrolien.at\/wordpress\/wp-json\/wp\/v2\/types\/tribe_events"}],"author":[{"embeddable":true,"href":"http:\/\/franco-tyrolien.at\/wordpress\/wp-json\/wp\/v2\/users\/1"}],"version-history":[{"count":2,"href":"http:\/\/franco-tyrolien.at\/wordpress\/wp-json\/wp\/v2\/tribe_events\/1140\/revisions"}],"predecessor-version":[{"id":1142,"href":"http:\/\/franco-tyrolien.at\/wordpress\/wp-json\/wp\/v2\/tribe_events\/1140\/revisions\/1142"}],"wp:attachment":[{"href":"http:\/\/franco-tyrolien.at\/wordpress\/wp-json\/wp\/v2\/media?parent=1140"}],"wp:term":[{"taxonomy":"post_tag","embeddable":true,"href":"http:\/\/franco-tyrolien.at\/wordpress\/wp-json\/wp\/v2\/tags?post=1140"},{"taxonomy":"tribe_events_cat","embeddable":true,"href":"http:\/\/franco-tyrolien.at\/wordpress\/wp-json\/wp\/v2\/tribe_events_cat?post=1140"}],"curies":[{"name":"wp","href":"https:\/\/api.w.org\/{rel}","templated":true}]}}

Emile Verhaeren, poète / Der Dichter Emile Verhaeren

<p style="text-align: center;"><strong>Der mich dereinst spät abends liest in fernen Jahren &#8230;<br />
</strong><span style="color: #666699;"><strong>Celui qui me lira, dans les siècles, un soir …</strong>&nbsp;</span></p>
<p style="text-align: center;">Der Dichter Emile Verhaeren<br />
<span style="color: #666699;">&nbsp;Emile Verhaeren, poète</span></p>
<p>Unter allen französischsprachigen belgischen Dichtern nimmt Emile Verhaeren sicherlich eine besondere Stellung ein. Ob er nun seine Heimat beschreibt, die Landschaften, die kleinen Episoden des täglichen Lebens, die Städte, die Wissenschaft, die moderenen Zeiten oder die Momente des Glücks und der Zärtlichkeit mit seiner Frau, jedes dieser Gedichte ist eine authentische Darstellung und gleichzeitig eine tiefgründige Betrachtung der menschlichen Seele.</p>
<p>So viele Dinge gibt es da (wieder) zu entdecken!</p>
<p>Dieser Abend führt uns durch das Leben und das Werk des Dichters Emile Verhaeren.<br />
&nbsp;Zweisprachiger deutsch-französischer Abend</p>
<p><strong>Vortragende: C. et L. Roth&nbsp;</strong></p>
<p>Wir freuen uns auf Ihr Kommen 🙂&nbsp;</p>
<p>&nbsp;</p>
<p><em><span style="color: #666699;">&nbsp;Parmi les poètes belges d&#8217;expression française, Emile Verhaeren occupe une place prépondérante. Son œuvre est aussi vaste que varié. Qu&#8217;il chante sa patrie et ses paysages, les petits épisodes de la vie quotidienne, les villes, la science, la modernité ou bien les moments de bonheur et de tendresse avec sa femme, chacune de ses pages est un témoignage d&#8217;authenticité et une observation fine des tréfonds de l&#8217;âme humaine.</span></em></p>
<p><em><span style="color: #666699;">Tant de choses à (re)découvrir ou à relire!</span></em></p>
<p><em><span style="color: #666699;">Cette soirée propose un voyage à travers la vie et l&#8217;œuvre d&#8217;Emile Verhaeren<br />
</span></em><em><span style="color: #666699;">&nbsp;</span></em><em><span style="color: #666699;">Soirée bilingue: français/allemand</span></em></p>
<p><em><span style="color: #666699;">Nous nous réjouissons de votre venue&nbsp; 🙂 &nbsp;</span></em></p>
<p><em><span style="color: #666699;">Intervenant : C et L. Roth</span></em></p>
<p><em><span style="color: #666699;">&nbsp;</span></em></p>

<p>Der mich dereinst spät abends liest in fernen Jahren &#8230; Celui qui me lira, dans les siècles, un soir …&nbsp; Der Dichter Emile Verhaeren &nbsp;Emile Verhaeren, poète Unter allen französischsprachigen [&hellip;]</p>
