{"id":1225,"date":"2017-10-25T15:17:37","date_gmt":"2017-10-25T13:17:37","guid":{"rendered":"http:\/\/franco-tyrolien.at\/wordpress\/?post_type=tribe_events&#038;p=1225"},"modified":"2017-10-25T15:17:37","modified_gmt":"2017-10-25T13:17:37","slug":"wanderung-randonnee","status":"publish","type":"tribe_events","link":"http:\/\/franco-tyrolien.at\/wordpress\/event\/wanderung-randonnee\/","title":{"rendered":"Wanderung \/ randonn\u00e9e"},"content":{"rendered":"<p>Im Tiroler Unterland gibt es jetzt eine wundersch\u00f6ne herbstliche Stimmung, die noch vor dem n\u00e4chsten Schlechtwettereinbruch zu genie\u00dfen w\u00e4re!!<\/p>\n<p>die Eckdaten f\u00fcr den telefonisch angek\u00fcndigten Ausflug w\u00e4ren:<\/p>\n<p>* Termin:&nbsp; &nbsp; &nbsp; &nbsp; &nbsp;Samstag 21. Oktober<br \/>\n* Uhrzeit:&nbsp; &nbsp; &nbsp; &nbsp; &nbsp;Abfahrt Innsbruck ca. 10Uhr \/ geplante Ankunft in Innsbruck ca. 17:30Uhr<br \/>\n* Fahrt:&nbsp; &nbsp; &nbsp; &nbsp; &nbsp; &nbsp; kein Reisebus &#8211; Selbstfahrer<br \/>\n* Ausflugsziel:&nbsp; &nbsp;&#8222;Rund um die Reintaler Seen im Tiroler Unterland&#8220; &#8211; herrliche Herbststimmung \/ leichte Wanderung \/ Bauernh\u00f6femuseum&#8230;.<br \/>\n* Kosten:&nbsp; &nbsp; &nbsp; &nbsp; &nbsp; Keine! \/ Eintritt im H\u00f6femuseum bzw. Mittagessen im Restaurant &#8211; auf Selbstzahlerbasis<br \/>\n* Ausr\u00fcstung:&nbsp; &nbsp; leichte Wanderschuhe\/leichte Wanderausr\u00fcstung, Fotoapparate, evtl. kleine Jause &#8230;<\/p>\n<p>wer teilnehmen m\u00f6chte bitte melden:<\/p>\n<p>* Name(n)&nbsp;<br \/>\n* wer kann wieviel Personen mitnehmen<br \/>\n* wer ben\u00f6tigt Mitfahrgelegenheit<br \/>\n* EMail-Adresse (&amp; evtl. Handynummer) f\u00fcr Zusendung des Programmablauf&#8217;s<br \/>\n* Info wenn abweichender Treffpunkt als Innsbruck gew\u00fcnscht (z.Bsp: Umgebung Zillertal etc&#8230;)<br \/>\n=&gt; genaues Programm \/ Abfahrtszeit \/ evtl. weitere Treffpunkte werden den&nbsp;Teilnehmern rechtzeitig weitergegeben!<br \/>\nLinktipps:<\/p>\n<p><a href=\"http:\/\/www.museum-tb.at\/\">http:\/\/www.museum-tb.at\/<\/a><\/p>\n<p><a href=\"https:\/\/www.tirol.at\/herbsturlaub\/berglsteiner-see\">https:\/\/www.tirol.at\/herbsturlaub\/berglsteiner-see<\/a><\/p>\n","protected":false},"excerpt":{"rendered":"<p>Im Tiroler Unterland gibt es jetzt eine wundersch\u00f6ne herbstliche Stimmung, die noch vor dem n\u00e4chsten Schlechtwettereinbruch zu genie\u00dfen w\u00e4re!! die Eckdaten f\u00fcr den telefonisch angek\u00fcndigten Ausflug w\u00e4ren: * Termin:&nbsp; &nbsp; [&hellip;]<\/p>\n","protected":false},"author":1,"featured_media":0,"template":"","meta":{"_bbp_topic_count":0,"_bbp_reply_count":0,"_bbp_total_topic_count":0,"_bbp_total_reply_count":0,"_bbp_voice_count":0,"_bbp_anonymous_reply_count":0,"_bbp_topic_count_hidden":0,"_bbp_reply_count_hidden":0,"_bbp_forum_subforum_count":0,"ngg_post_thumbnail":0,"_tribe_events_status":"","_tribe_events_status_reason":"","footnotes":""},"tags":[],"tribe_events_cat":[],"class_list":["post-1225","tribe_events","type-tribe_events","status-publish","hentry"],"_links":{"self":[{"href":"http:\/\/franco-tyrolien.at\/wordpress\/wp-json\/wp\/v2\/tribe_events\/1225"}],"collection":[{"href":"http:\/\/franco-tyrolien.at\/wordpress\/wp-json\/wp\/v2\/tribe_events"}],"about":[{"href":"http:\/\/franco-tyrolien.at\/wordpress\/wp-json\/wp\/v2\/types\/tribe_events"}],"author":[{"embeddable":true,"href":"http:\/\/franco-tyrolien.at\/wordpress\/wp-json\/wp\/v2\/users\/1"}],"version-history":[{"count":1,"href":"http:\/\/franco-tyrolien.at\/wordpress\/wp-json\/wp\/v2\/tribe_events\/1225\/revisions"}],"predecessor-version":[{"id":1226,"href":"http:\/\/franco-tyrolien.at\/wordpress\/wp-json\/wp\/v2\/tribe_events\/1225\/revisions\/1226"}],"wp:attachment":[{"href":"http:\/\/franco-tyrolien.at\/wordpress\/wp-json\/wp\/v2\/media?parent=1225"}],"wp:term":[{"taxonomy":"post_tag","embeddable":true,"href":"http:\/\/franco-tyrolien.at\/wordpress\/wp-json\/wp\/v2\/tags?post=1225"},{"taxonomy":"tribe_events_cat","embeddable":true,"href":"http:\/\/franco-tyrolien.at\/wordpress\/wp-json\/wp\/v2\/tribe_events_cat?post=1225"}],"curies":[{"name":"wp","href":"https:\/\/api.w.org\/{rel}","templated":true}]}}

Wanderung / randonnée

<p>Im Tiroler Unterland gibt es jetzt eine wunderschöne herbstliche Stimmung, die noch vor dem nächsten Schlechtwettereinbruch zu genießen wäre!!</p>
<p>die Eckdaten für den telefonisch angekündigten Ausflug wären:</p>
<p>* Termin:&nbsp; &nbsp; &nbsp; &nbsp; &nbsp;Samstag 21. Oktober<br />
* Uhrzeit:&nbsp; &nbsp; &nbsp; &nbsp; &nbsp;Abfahrt Innsbruck ca. 10Uhr / geplante Ankunft in Innsbruck ca. 17:30Uhr<br />
* Fahrt:&nbsp; &nbsp; &nbsp; &nbsp; &nbsp; &nbsp; kein Reisebus &#8211; Selbstfahrer<br />
* Ausflugsziel:&nbsp; &nbsp;&#8222;Rund um die Reintaler Seen im Tiroler Unterland&#8220; &#8211; herrliche Herbststimmung / leichte Wanderung / Bauernhöfemuseum&#8230;.<br />
* Kosten:&nbsp; &nbsp; &nbsp; &nbsp; &nbsp; Keine! / Eintritt im Höfemuseum bzw. Mittagessen im Restaurant &#8211; auf Selbstzahlerbasis<br />
* Ausrüstung:&nbsp; &nbsp; leichte Wanderschuhe/leichte Wanderausrüstung, Fotoapparate, evtl. kleine Jause &#8230;</p>
<p>wer teilnehmen möchte bitte melden:</p>
<p>* Name(n)&nbsp;<br />
* wer kann wieviel Personen mitnehmen<br />
* wer benötigt Mitfahrgelegenheit<br />
* EMail-Adresse (&amp; evtl. Handynummer) für Zusendung des Programmablauf&#8217;s<br />
* Info wenn abweichender Treffpunkt als Innsbruck gewünscht (z.Bsp: Umgebung Zillertal etc&#8230;)<br />
=&gt; genaues Programm / Abfahrtszeit / evtl. weitere Treffpunkte werden den&nbsp;Teilnehmern rechtzeitig weitergegeben!<br />
Linktipps:</p>
<p><a href="http://www.museum-tb.at/">http://www.museum-tb.at/</a></p>
<p><a href="https://www.tirol.at/herbsturlaub/berglsteiner-see">https://www.tirol.at/herbsturlaub/berglsteiner-see</a></p>

<p>Im Tiroler Unterland gibt es jetzt eine wunderschöne herbstliche Stimmung, die noch vor dem nächsten Schlechtwettereinbruch zu genießen wäre!! die Eckdaten für den telefonisch angekündigten Ausflug wären: * Termin:&nbsp; &nbsp; [&hellip;]</p>
