{"id":1274,"date":"2017-12-26T21:29:26","date_gmt":"2017-12-26T20:29:26","guid":{"rendered":"http:\/\/franco-tyrolien.at\/wordpress\/?post_type=tribe_events&#038;p=1274"},"modified":"2017-12-26T21:33:57","modified_gmt":"2017-12-26T20:33:57","slug":"heilige-drei-koenige-la-galette-des-rois","status":"publish","type":"tribe_events","link":"http:\/\/franco-tyrolien.at\/wordpress\/event\/heilige-drei-koenige-la-galette-des-rois\/","title":{"rendered":"Heilige Drei K\u00f6nige \/ la galette des Rois"},"content":{"rendered":"<p><big><b><br \/>\n<\/b>Am Samstag, dem 6. J\u00e4nner feiern wir die Heiligen Drei K\u00f6nige mit den franz\u00f6sischen&#8220; Galettes des Rois&#8220; um 17 Uhr am Institut.<\/big><\/p>\n<p><big>&nbsp;Wer will, kann Getr\u00e4nke mitbringen! Ich bitte um Voranmeldung, um zu wissen wie viel &#8220; galette des Rois&#8220; wir backen sollen!<\/big><\/p>\n<p><big> Wir freuen uns auf Ihr Kommen&nbsp; \ud83d\ude42&nbsp;<\/big><\/p>\n<p><img loading=\"lazy\" decoding=\"async\" class=\"aligncenter size-full wp-image-1275\" src=\"http:\/\/franco-tyrolien.at\/wordpress\/wp-content\/uploads\/2017\/12\/galette-des-rois-.jpg\" alt=\"\" width=\"276\" height=\"183\"><\/p>\n","protected":false},"excerpt":{"rendered":"<p>Am Samstag, dem 6. J\u00e4nner feiern wir die Heiligen Drei K\u00f6nige mit den franz\u00f6sischen&#8220; Galettes des Rois&#8220; um 17 Uhr am Institut. &nbsp;Wer will, kann Getr\u00e4nke mitbringen! Ich bitte um [&hellip;]<\/p>\n","protected":false},"author":1,"featured_media":0,"template":"","meta":{"_bbp_topic_count":0,"_bbp_reply_count":0,"_bbp_total_topic_count":0,"_bbp_total_reply_count":0,"_bbp_voice_count":0,"_bbp_anonymous_reply_count":0,"_bbp_topic_count_hidden":0,"_bbp_reply_count_hidden":0,"_bbp_forum_subforum_count":0,"ngg_post_thumbnail":0,"_tribe_events_status":"","_tribe_events_status_reason":"","footnotes":""},"tags":[],"tribe_events_cat":[],"class_list":["post-1274","tribe_events","type-tribe_events","status-publish","hentry"],"_links":{"self":[{"href":"http:\/\/franco-tyrolien.at\/wordpress\/wp-json\/wp\/v2\/tribe_events\/1274"}],"collection":[{"href":"http:\/\/franco-tyrolien.at\/wordpress\/wp-json\/wp\/v2\/tribe_events"}],"about":[{"href":"http:\/\/franco-tyrolien.at\/wordpress\/wp-json\/wp\/v2\/types\/tribe_events"}],"author":[{"embeddable":true,"href":"http:\/\/franco-tyrolien.at\/wordpress\/wp-json\/wp\/v2\/users\/1"}],"version-history":[{"count":1,"href":"http:\/\/franco-tyrolien.at\/wordpress\/wp-json\/wp\/v2\/tribe_events\/1274\/revisions"}],"predecessor-version":[{"id":1276,"href":"http:\/\/franco-tyrolien.at\/wordpress\/wp-json\/wp\/v2\/tribe_events\/1274\/revisions\/1276"}],"wp:attachment":[{"href":"http:\/\/franco-tyrolien.at\/wordpress\/wp-json\/wp\/v2\/media?parent=1274"}],"wp:term":[{"taxonomy":"post_tag","embeddable":true,"href":"http:\/\/franco-tyrolien.at\/wordpress\/wp-json\/wp\/v2\/tags?post=1274"},{"taxonomy":"tribe_events_cat","embeddable":true,"href":"http:\/\/franco-tyrolien.at\/wordpress\/wp-json\/wp\/v2\/tribe_events_cat?post=1274"}],"curies":[{"name":"wp","href":"https:\/\/api.w.org\/{rel}","templated":true}]}}

Heilige Drei Könige / la galette des Rois

<p><big><b><br />
</b>Am Samstag, dem 6. Jänner feiern wir die Heiligen Drei Könige mit den französischen&#8220; Galettes des Rois&#8220; um 17 Uhr am Institut.</big></p>
<p><big>&nbsp;Wer will, kann Getränke mitbringen! Ich bitte um Voranmeldung, um zu wissen wie viel &#8220; galette des Rois&#8220; wir backen sollen!</big></p>
<p><big> Wir freuen uns auf Ihr Kommen&nbsp; 🙂&nbsp;</big></p>
<p><img loading="lazy" decoding="async" class="aligncenter size-full wp-image-1275" src="http://franco-tyrolien.at/wordpress/wp-content/uploads/2017/12/galette-des-rois-.jpg" alt="" width="276" height="183"></p>

<p>Am Samstag, dem 6. Jänner feiern wir die Heiligen Drei Könige mit den französischen&#8220; Galettes des Rois&#8220; um 17 Uhr am Institut. &nbsp;Wer will, kann Getränke mitbringen! Ich bitte um [&hellip;]</p>
