{"id":1278,"date":"2018-01-13T16:32:27","date_gmt":"2018-01-13T15:32:27","guid":{"rendered":"http:\/\/franco-tyrolien.at\/wordpress\/?post_type=tribe_events&#038;p=1278"},"modified":"2018-01-25T15:29:41","modified_gmt":"2018-01-25T14:29:41","slug":"konzert-mit-dem-chor-chorkuma","status":"publish","type":"tribe_events","link":"http:\/\/franco-tyrolien.at\/wordpress\/event\/konzert-mit-dem-chor-chorkuma\/","title":{"rendered":"Konzert mit dem Chor Chorkuma"},"content":{"rendered":"<p><strong><img loading=\"lazy\" decoding=\"async\" class=\"aligncenter size-full wp-image-1290\" src=\"http:\/\/franco-tyrolien.at\/wordpress\/wp-content\/uploads\/2018\/01\/Kombiniert_kleiner.png\" alt=\"\" width=\"800\" height=\"558\" srcset=\"http:\/\/franco-tyrolien.at\/wordpress\/wp-content\/uploads\/2018\/01\/Kombiniert_kleiner.png 800w, http:\/\/franco-tyrolien.at\/wordpress\/wp-content\/uploads\/2018\/01\/Kombiniert_kleiner-500x349.png 500w, http:\/\/franco-tyrolien.at\/wordpress\/wp-content\/uploads\/2018\/01\/Kombiniert_kleiner-768x536.png 768w, http:\/\/franco-tyrolien.at\/wordpress\/wp-content\/uploads\/2018\/01\/Kombiniert_kleiner-430x300.png 430w\" sizes=\"(max-width: 800px) 100vw, 800px\" \/>PIANO,&nbsp; ABER CHORKUMA<\/strong><\/p>\n<p>Nach mehreren a Capella-Konzerten widmet sich Chorkuma dieses Mal dem Klavier als Begleitinstrument f\u00fcr den Chor. Zusammen mit den beiden Pianisten<strong> Ren\u00e9<\/strong> <strong>Sch\u00fctzenhofer<\/strong> und Elias Raab wird ein abwechslungsreiches Programm auf die B\u00fchne gebracht.&nbsp;<br \/>\nKlassiker wie Bohemian Rhapsody von Queen, Fields of Gold von Sting oder Africa von Toto finden sich ebenso im Programm wie die Swingnummern Trickle Trickle von Manhattan Transfer oder Let there be love von Lionel Rand. Ein Teil widmet sich diesmal auch geistlicher Musik, so stehen Nearer my god to thee, Use me Lord oder Hail holy Queen aus Sister Act auf dem Programm. Wer es lieber unterhaltsam mag, findet sich in Isa Ngomso von Christopher Tin oder Pink Panther von Henry Mancini wieder.<br \/>\nDas Konzert findet am Freitag, 26. J\u00e4nner um 20.00 Uhr<\/p>\n<p>Leitung : Georg Pitterle und Elias Raab<\/p>\n<p>www.chorkuma.at<\/p>\n<p>&nbsp;<\/p>\n","protected":false},"excerpt":{"rendered":"<p>PIANO,&nbsp; ABER CHORKUMA Nach mehreren a Capella-Konzerten widmet sich Chorkuma dieses Mal dem Klavier als Begleitinstrument f\u00fcr den Chor. Zusammen mit den beiden Pianisten Ren\u00e9 Sch\u00fctzenhofer und Elias Raab wird [&hellip;]<\/p>\n","protected":false},"author":1,"featured_media":0,"template":"","meta":{"_bbp_topic_count":0,"_bbp_reply_count":0,"_bbp_total_topic_count":0,"_bbp_total_reply_count":0,"_bbp_voice_count":0,"_bbp_anonymous_reply_count":0,"_bbp_topic_count_hidden":0,"_bbp_reply_count_hidden":0,"_bbp_forum_subforum_count":0,"ngg_post_thumbnail":0,"_tribe_events_status":"","_tribe_events_status_reason":"","footnotes":""},"tags":[],"tribe_events_cat":[],"class_list":["post-1278","tribe_events","type-tribe_events","status-publish","hentry"],"_links":{"self":[{"href":"http:\/\/franco-tyrolien.at\/wordpress\/wp-json\/wp\/v2\/tribe_events\/1278"}],"collection":[{"href":"http:\/\/franco-tyrolien.at\/wordpress\/wp-json\/wp\/v2\/tribe_events"}],"about":[{"href":"http:\/\/franco-tyrolien.at\/wordpress\/wp-json\/wp\/v2\/types\/tribe_events"}],"author":[{"embeddable":true,"href":"http:\/\/franco-tyrolien.at\/wordpress\/wp-json\/wp\/v2\/users\/1"}],"version-history":[{"count":4,"href":"http:\/\/franco-tyrolien.at\/wordpress\/wp-json\/wp\/v2\/tribe_events\/1278\/revisions"}],"predecessor-version":[{"id":1291,"href":"http:\/\/franco-tyrolien.at\/wordpress\/wp-json\/wp\/v2\/tribe_events\/1278\/revisions\/1291"}],"wp:attachment":[{"href":"http:\/\/franco-tyrolien.at\/wordpress\/wp-json\/wp\/v2\/media?parent=1278"}],"wp:term":[{"taxonomy":"post_tag","embeddable":true,"href":"http:\/\/franco-tyrolien.at\/wordpress\/wp-json\/wp\/v2\/tags?post=1278"},{"taxonomy":"tribe_events_cat","embeddable":true,"href":"http:\/\/franco-tyrolien.at\/wordpress\/wp-json\/wp\/v2\/tribe_events_cat?post=1278"}],"curies":[{"name":"wp","href":"https:\/\/api.w.org\/{rel}","templated":true}]}}

<p><strong><img loading="lazy" decoding="async" class="aligncenter size-full wp-image-1290" src="http://franco-tyrolien.at/wordpress/wp-content/uploads/2018/01/Kombiniert_kleiner.png" alt="" width="800" height="558" srcset="http://franco-tyrolien.at/wordpress/wp-content/uploads/2018/01/Kombiniert_kleiner.png 800w, http://franco-tyrolien.at/wordpress/wp-content/uploads/2018/01/Kombiniert_kleiner-500x349.png 500w, http://franco-tyrolien.at/wordpress/wp-content/uploads/2018/01/Kombiniert_kleiner-768x536.png 768w, http://franco-tyrolien.at/wordpress/wp-content/uploads/2018/01/Kombiniert_kleiner-430x300.png 430w" sizes="(max-width: 800px) 100vw, 800px" />PIANO,&nbsp; ABER CHORKUMA</strong></p>
<p>Nach mehreren a Capella-Konzerten widmet sich Chorkuma dieses Mal dem Klavier als Begleitinstrument für den Chor. Zusammen mit den beiden Pianisten<strong> René</strong> <strong>Schützenhofer</strong> und Elias Raab wird ein abwechslungsreiches Programm auf die Bühne gebracht.&nbsp;<br />
Klassiker wie Bohemian Rhapsody von Queen, Fields of Gold von Sting oder Africa von Toto finden sich ebenso im Programm wie die Swingnummern Trickle Trickle von Manhattan Transfer oder Let there be love von Lionel Rand. Ein Teil widmet sich diesmal auch geistlicher Musik, so stehen Nearer my god to thee, Use me Lord oder Hail holy Queen aus Sister Act auf dem Programm. Wer es lieber unterhaltsam mag, findet sich in Isa Ngomso von Christopher Tin oder Pink Panther von Henry Mancini wieder.<br />
Das Konzert findet am Freitag, 26. Jänner um 20.00 Uhr</p>
<p>Leitung : Georg Pitterle und Elias Raab</p>
<p>www.chorkuma.at</p>
<p>&nbsp;</p>

<p>PIANO,&nbsp; ABER CHORKUMA Nach mehreren a Capella-Konzerten widmet sich Chorkuma dieses Mal dem Klavier als Begleitinstrument für den Chor. Zusammen mit den beiden Pianisten René Schützenhofer und Elias Raab wird [&hellip;]</p>
