{"id":1394,"date":"2019-01-11T07:43:58","date_gmt":"2019-01-11T06:43:58","guid":{"rendered":"http:\/\/franco-tyrolien.at\/wordpress\/?post_type=tribe_events&#038;p=1394"},"modified":"2019-01-11T07:43:58","modified_gmt":"2019-01-11T06:43:58","slug":"lesung-von-und-mit-charles-ofairegalette-des-rois","status":"publish","type":"tribe_events","link":"http:\/\/franco-tyrolien.at\/wordpress\/event\/lesung-von-und-mit-charles-ofairegalette-des-rois\/","title":{"rendered":"Lesung Von und mit Charles Ofaire+Galette des rois"},"content":{"rendered":"<p style=\"text-align: justify;\">Die Universit\u00e4t Innsbruck in Zusammenarbeit mit der Institut franco-tyrolien d&#8217;Innsbruck organisiert <strong>eine Lesung mit Charles Ofaire &#8222;Moi, Fouquet, peintre du roi&#8220; <\/strong>am Mittwoch, 23. J\u00e4nner um 19:00 Uhr&nbsp; in B\u00fcrgersaal 2. Stock, Stadtturm&nbsp; Innsbruck . Der Autor liest aus der&nbsp;franz\u00f6sischen Fassung des Romans, Gerhild Fuchs von der Universit\u00e4t Innsbruck moderiert und liest die deutschen \u00dcbersetzungen<\/p>\n<hr>\n<p style=\"text-align: center;\"><a href=\"http:\/\/franco-tyrolien.at\/wordpress\/wp-content\/uploads\/2019\/01\/Charles-Ofaire-final-.pdf\">Charles Ofaire final<\/a><\/p>\n<hr>\n<p style=\"text-align: justify;\">Hermann Hofer\/Charles Ofaire hat in Frankreich, der Schweiz, den USA und Deutschland franz\u00f6sische und provenzalische Literatur und Sprache unterrichtet.&nbsp;Seine k\u00fcnstlerische T\u00e4tigkeit erstreckt sich auf verschiedene Bereiche, u.a.&nbsp;ist er als Opernregisseur, Musiker, Lyriker und Romanautor aktiv.<\/p>\n<p>Der Roman ist als imagin\u00e4res Tagebuch des franz\u00f6sischen Buch- und Tafelmalers Jean Fouquet (ca. 1420-1480) konzipiert&nbsp;und&nbsp;erz\u00e4hlt von dessen privatem Leben im Bannkreis des eigenen k\u00fcnstlerischen Wirkens sowie darin involvierter Pers\u00f6nlichkeiten wie der ber\u00fchmten Jeanne d&#8217;Arc oder der f\u00fcr ihre Sch\u00f6nheit und Freiz\u00fcgigkeit bekannten k\u00f6niglichen M\u00e4tresse Agn\u00e8s Sorel. Im Zuge dessen entwirft der Autor ein einpr\u00e4gsames Geschichtsbild des 15. Jahrhunderts mit neuen, unbekannten Einsichten beispielsweise zu K\u00f6nig Ludwig XI.<\/p>\n<p>Mehr Informationen zum Autor<\/p>\n<p><a href=\"http:\/\/www.dielmann-verlag.de\/de\/content\/Ofaire-Charles\/~nm.18~nc.57\/Gesamtliste.html\">http:\/\/www.dielmann-verlag.de\/de\/content\/Ofaire-Charles\/~nm.18~nc.57\/Gesamtliste.html<\/a><br \/>\n<a href=\"https:\/\/www.ikg-wien.at\/event\/der-faschismus-in-frankreich-1933-1945-vortrag-von-und-mit-charles-ofaire\/\">https:\/\/www.ikg-wien.at\/event\/der-faschismus-in-frankreich-1933-1945-vortrag-von-und-mit-charles-ofaire\/<\/a><br \/>\n<a href=\"https:\/\/www.splitter.co.at\/edition-splitter\/autorinnen\/charles-ofaire\/\">https:\/\/www.splitter.co.at\/edition-splitter\/autorinnen\/charles-ofaire\/<\/a><\/p>\n<p><strong>Am 6. J\u00e4nner war der &#8222;Galette des rois&#8220; Tag: Dieser Kuchen aus Bl\u00e4tterteig, in dem eine kleine Figur aus Porzellan versteckt wird, ist meinst mit Frangipane gef\u00fcllt. Es ist eine Tradition, sich zum Anschnitt der famose Galette zu versammeln. <\/strong><strong><br \/>\n<\/strong><\/p>\n<p><strong>Nach der Lesung werden wir dann diese Tradition feiern&nbsp; \ud83d\ude42&nbsp;<\/strong><\/p>\n<p>Wir ersuchen &nbsp;aus organisatorischen Gr\u00fcnden um Voranmeldung damit wie genug Galettes vorbereiten k\u00f6nnen. Vielen Dank<\/p>\n<p>Wer will, kann Getr\u00e4nke mitbringen!<\/p>\n<p>Wir freuen uns auf Ihr Kommen! \ud83d\ude42&nbsp;<\/p>\n<p><img loading=\"lazy\" decoding=\"async\" class=\"aligncenter size-full wp-image-1395\" src=\"http:\/\/franco-tyrolien.at\/wordpress\/wp-content\/uploads\/2019\/01\/Charles-Ofaire-final-1.png\" alt=\"\" width=\"1654\" height=\"2339\" srcset=\"http:\/\/franco-tyrolien.at\/wordpress\/wp-content\/uploads\/2019\/01\/Charles-Ofaire-final-1.png 1654w, http:\/\/franco-tyrolien.at\/wordpress\/wp-content\/uploads\/2019\/01\/Charles-Ofaire-final-1-500x707.png 500w, http:\/\/franco-tyrolien.at\/wordpress\/wp-content\/uploads\/2019\/01\/Charles-Ofaire-final-1-768x1086.png 768w, http:\/\/franco-tyrolien.at\/wordpress\/wp-content\/uploads\/2019\/01\/Charles-Ofaire-final-1-1414x2000.png 1414w, http:\/\/franco-tyrolien.at\/wordpress\/wp-content\/uploads\/2019\/01\/Charles-Ofaire-final-1-212x300.png 212w\" sizes=\"(max-width: 1654px) 100vw, 1654px\" \/><\/p>\n","protected":false},"excerpt":{"rendered":"<p>Die Universit\u00e4t Innsbruck in Zusammenarbeit mit der Institut franco-tyrolien d&#8217;Innsbruck organisiert eine Lesung mit Charles Ofaire &#8222;Moi, Fouquet, peintre du roi&#8220; am Mittwoch, 23. J\u00e4nner um 19:00 Uhr&nbsp; in B\u00fcrgersaal [&hellip;]<\/p>\n","protected":false},"author":1,"featured_media":0,"template":"","meta":{"_bbp_topic_count":0,"_bbp_reply_count":0,"_bbp_total_topic_count":0,"_bbp_total_reply_count":0,"_bbp_voice_count":0,"_bbp_anonymous_reply_count":0,"_bbp_topic_count_hidden":0,"_bbp_reply_count_hidden":0,"_bbp_forum_subforum_count":0,"ngg_post_thumbnail":0,"_tribe_events_status":"","_tribe_events_status_reason":"","footnotes":""},"tags":[],"tribe_events_cat":[],"class_list":["post-1394","tribe_events","type-tribe_events","status-publish","hentry"],"_links":{"self":[{"href":"http:\/\/franco-tyrolien.at\/wordpress\/wp-json\/wp\/v2\/tribe_events\/1394"}],"collection":[{"href":"http:\/\/franco-tyrolien.at\/wordpress\/wp-json\/wp\/v2\/tribe_events"}],"about":[{"href":"http:\/\/franco-tyrolien.at\/wordpress\/wp-json\/wp\/v2\/types\/tribe_events"}],"author":[{"embeddable":true,"href":"http:\/\/franco-tyrolien.at\/wordpress\/wp-json\/wp\/v2\/users\/1"}],"version-history":[{"count":1,"href":"http:\/\/franco-tyrolien.at\/wordpress\/wp-json\/wp\/v2\/tribe_events\/1394\/revisions"}],"predecessor-version":[{"id":1397,"href":"http:\/\/franco-tyrolien.at\/wordpress\/wp-json\/wp\/v2\/tribe_events\/1394\/revisions\/1397"}],"wp:attachment":[{"href":"http:\/\/franco-tyrolien.at\/wordpress\/wp-json\/wp\/v2\/media?parent=1394"}],"wp:term":[{"taxonomy":"post_tag","embeddable":true,"href":"http:\/\/franco-tyrolien.at\/wordpress\/wp-json\/wp\/v2\/tags?post=1394"},{"taxonomy":"tribe_events_cat","embeddable":true,"href":"http:\/\/franco-tyrolien.at\/wordpress\/wp-json\/wp\/v2\/tribe_events_cat?post=1394"}],"curies":[{"name":"wp","href":"https:\/\/api.w.org\/{rel}","templated":true}]}}

<p style="text-align: justify;">Die Universität Innsbruck in Zusammenarbeit mit der Institut franco-tyrolien d&#8217;Innsbruck organisiert <strong>eine Lesung mit Charles Ofaire &#8222;Moi, Fouquet, peintre du roi&#8220; </strong>am Mittwoch, 23. Jänner um 19:00 Uhr&nbsp; in Bürgersaal 2. Stock, Stadtturm&nbsp; Innsbruck . Der Autor liest aus der&nbsp;französischen Fassung des Romans, Gerhild Fuchs von der Universität Innsbruck moderiert und liest die deutschen Übersetzungen</p>
<hr>
<p style="text-align: center;"><a href="http://franco-tyrolien.at/wordpress/wp-content/uploads/2019/01/Charles-Ofaire-final-.pdf">Charles Ofaire final</a></p>
<hr>
<p style="text-align: justify;">Hermann Hofer/Charles Ofaire hat in Frankreich, der Schweiz, den USA und Deutschland französische und provenzalische Literatur und Sprache unterrichtet.&nbsp;Seine künstlerische Tätigkeit erstreckt sich auf verschiedene Bereiche, u.a.&nbsp;ist er als Opernregisseur, Musiker, Lyriker und Romanautor aktiv.</p>
<p>Der Roman ist als imaginäres Tagebuch des französischen Buch- und Tafelmalers Jean Fouquet (ca. 1420-1480) konzipiert&nbsp;und&nbsp;erzählt von dessen privatem Leben im Bannkreis des eigenen künstlerischen Wirkens sowie darin involvierter Persönlichkeiten wie der berühmten Jeanne d&#8217;Arc oder der für ihre Schönheit und Freizügigkeit bekannten königlichen Mätresse Agnès Sorel. Im Zuge dessen entwirft der Autor ein einprägsames Geschichtsbild des 15. Jahrhunderts mit neuen, unbekannten Einsichten beispielsweise zu König Ludwig XI.</p>
<p>Mehr Informationen zum Autor</p>
<p><a href="http://www.dielmann-verlag.de/de/content/Ofaire-Charles/~nm.18~nc.57/Gesamtliste.html">http://www.dielmann-verlag.de/de/content/Ofaire-Charles/~nm.18~nc.57/Gesamtliste.html</a><br />
<a href="https://www.ikg-wien.at/event/der-faschismus-in-frankreich-1933-1945-vortrag-von-und-mit-charles-ofaire/">https://www.ikg-wien.at/event/der-faschismus-in-frankreich-1933-1945-vortrag-von-und-mit-charles-ofaire/</a><br />
<a href="https://www.splitter.co.at/edition-splitter/autorinnen/charles-ofaire/">https://www.splitter.co.at/edition-splitter/autorinnen/charles-ofaire/</a></p>
<p><strong>Am 6. Jänner war der &#8222;Galette des rois&#8220; Tag: Dieser Kuchen aus Blätterteig, in dem eine kleine Figur aus Porzellan versteckt wird, ist meinst mit Frangipane gefüllt. Es ist eine Tradition, sich zum Anschnitt der famose Galette zu versammeln. </strong><strong><br />
</strong></p>
<p><strong>Nach der Lesung werden wir dann diese Tradition feiern&nbsp; 🙂&nbsp;</strong></p>
<p>Wir ersuchen &nbsp;aus organisatorischen Gründen um Voranmeldung damit wie genug Galettes vorbereiten können. Vielen Dank</p>
<p>Wer will, kann Getränke mitbringen!</p>
<p>Wir freuen uns auf Ihr Kommen! 🙂&nbsp;</p>
<p><img loading="lazy" decoding="async" class="aligncenter size-full wp-image-1395" src="http://franco-tyrolien.at/wordpress/wp-content/uploads/2019/01/Charles-Ofaire-final-1.png" alt="" width="1654" height="2339" srcset="http://franco-tyrolien.at/wordpress/wp-content/uploads/2019/01/Charles-Ofaire-final-1.png 1654w, http://franco-tyrolien.at/wordpress/wp-content/uploads/2019/01/Charles-Ofaire-final-1-500x707.png 500w, http://franco-tyrolien.at/wordpress/wp-content/uploads/2019/01/Charles-Ofaire-final-1-768x1086.png 768w, http://franco-tyrolien.at/wordpress/wp-content/uploads/2019/01/Charles-Ofaire-final-1-1414x2000.png 1414w, http://franco-tyrolien.at/wordpress/wp-content/uploads/2019/01/Charles-Ofaire-final-1-212x300.png 212w" sizes="(max-width: 1654px) 100vw, 1654px" /></p>

<p>Die Universität Innsbruck in Zusammenarbeit mit der Institut franco-tyrolien d&#8217;Innsbruck organisiert eine Lesung mit Charles Ofaire &#8222;Moi, Fouquet, peintre du roi&#8220; am Mittwoch, 23. Jänner um 19:00 Uhr&nbsp; in Bürgersaal [&hellip;]</p>
