{"id":342,"date":"2015-08-19T18:28:46","date_gmt":"2015-08-19T16:28:46","guid":{"rendered":"http:\/\/franco-tyrolien.at\/wordpress\/?post_type=tribe_events&#038;p=342"},"modified":"2015-11-21T15:36:31","modified_gmt":"2015-11-21T14:36:31","slug":"voyage-lyon","status":"publish","type":"tribe_events","link":"http:\/\/franco-tyrolien.at\/wordpress\/event\/voyage-lyon\/","title":{"rendered":"Reise nach Lyon &#8220; Lichterfest&#8220;\/ Voyage \u00e0 Lyon &#8222;F\u00eate des lumi\u00e8res&#8220; ABGESAGT!"},"content":{"rendered":"<p>Das Institut franco-tyrolien d&#8217;Innsbruck\u00a0veranstaltet \u00a0heuer eine zweite Frankreich-Reise. Diesmal geht es um die Entdeckung von Lyon im Rahmen des Lichterfestes\u00a0(F\u00eate des Lumi\u00e8res). Bilder und Detailinformation finden Sie <a href=\"http:\/\/franco-tyrolien.at\/wordpress\/wp-content\/uploads\/2015\/08\/Lyon2015.pdf\" target=\"_blank\">hier<\/a>.<\/p>\n<p>Aufgrund der begrenzten Teilnehmerzahl wird eine rechtzeitige Anmeldung empfohlen. Bis Ende Oktober mittels \u00a0Anmeldungsformular oder im IFTI\u00a0zu den regul\u00e4ren \u00d6ffnungszeiten.<\/p>\n<p>Wir freuen uns auf Ihr Kommen!<\/p>\n<p>&nbsp;<\/p>\n<p><span style=\"color: #666699;\"><em>L&#8217;association organise, pour la deuxi\u00e8me fois cette ann\u00e9e apr\u00e8s l&#8216;<a style=\"color: #666699;\" href=\"http:\/\/franco-tyrolien.at\/wordpress\/projekte\/reise\/\">Alsace<\/a>, un voyage en France. Cette \u00e9dition permettra de d\u00e9couvrir la ville de Lyon \u00e0 l&#8217;occasion de la F\u00eate des Lumi\u00e8res.<\/em><\/span><br \/>\n<span style=\"color: #666699;\"><em> D\u00e9couvrez le <a style=\"color: #666699;\" href=\"http:\/\/franco-tyrolien.at\/wordpress\/wp-content\/uploads\/2015\/08\/ProgrammeFlyer.pdf\">programme d\u00e9taill\u00e9 et en images<\/a> du voyage !<\/em><\/span><\/p>\n<p><span style=\"color: #666699;\"><em>Inscrivez vous vite, le nombre de places est limit\u00e9 !<\/em><\/span><br \/>\n<span style=\"color: #666699;\"><em> Les inscriptions se font avant fin octobre, gr\u00e2ce \u00e0 la <a style=\"color: #666699;\" href=\"http:\/\/franco-tyrolien.at\/wordpress\/wp-content\/uploads\/2015\/08\/Inscription-voyage.doc\">fiche d&#8217;inscription<\/a> ou dans les locaux de l&#8217;association aux heures d&#8217;ouvertures.<\/em><\/span><\/p>\n<p><span style=\"color: #666699;\">Nous nous r\u00e9jouissons de votre venue !<\/span><\/p>\n<p>&nbsp;<\/p>\n<hr \/>\n<p style=\"text-align: center;\"><em><a href=\"http:\/\/franco-tyrolien.at\/wordpress\/wp-content\/uploads\/2015\/08\/Inscription-voyage1.doc\" target=\"_blank\">Inscription-voyage<br \/>\n<\/a>\u00a0 \u00a0\u00a0<\/em><a href=\"http:\/\/franco-tyrolien.at\/wordpress\/wp-content\/uploads\/2015\/08\/Lyon2015.pdf\" target=\"_blank\">Lyon 2015<\/a><\/p>\n<hr \/>\n<p style=\"text-align: center;\">\n","protected":false},"excerpt":{"rendered":"<p>Das Institut franco-tyrolien d&#8217;Innsbruck\u00a0veranstaltet \u00a0heuer eine zweite Frankreich-Reise. Diesmal geht es um die Entdeckung von Lyon im Rahmen des Lichterfestes\u00a0(F\u00eate des Lumi\u00e8res). Bilder und Detailinformation finden Sie hier. Aufgrund der [&hellip;]<\/p>\n","protected":false},"author":1,"featured_media":0,"template":"","meta":{"_bbp_topic_count":0,"_bbp_reply_count":0,"_bbp_total_topic_count":0,"_bbp_total_reply_count":0,"_bbp_voice_count":0,"_bbp_anonymous_reply_count":0,"_bbp_topic_count_hidden":0,"_bbp_reply_count_hidden":0,"_bbp_forum_subforum_count":0,"ngg_post_thumbnail":0,"_tribe_events_status":"","_tribe_events_status_reason":"","footnotes":""},"tags":[],"tribe_events_cat":[],"class_list":["post-342","tribe_events","type-tribe_events","status-publish","hentry"],"_links":{"self":[{"href":"http:\/\/franco-tyrolien.at\/wordpress\/wp-json\/wp\/v2\/tribe_events\/342"}],"collection":[{"href":"http:\/\/franco-tyrolien.at\/wordpress\/wp-json\/wp\/v2\/tribe_events"}],"about":[{"href":"http:\/\/franco-tyrolien.at\/wordpress\/wp-json\/wp\/v2\/types\/tribe_events"}],"author":[{"embeddable":true,"href":"http:\/\/franco-tyrolien.at\/wordpress\/wp-json\/wp\/v2\/users\/1"}],"version-history":[{"count":1,"href":"http:\/\/franco-tyrolien.at\/wordpress\/wp-json\/wp\/v2\/tribe_events\/342\/revisions"}],"predecessor-version":[{"id":445,"href":"http:\/\/franco-tyrolien.at\/wordpress\/wp-json\/wp\/v2\/tribe_events\/342\/revisions\/445"}],"wp:attachment":[{"href":"http:\/\/franco-tyrolien.at\/wordpress\/wp-json\/wp\/v2\/media?parent=342"}],"wp:term":[{"taxonomy":"post_tag","embeddable":true,"href":"http:\/\/franco-tyrolien.at\/wordpress\/wp-json\/wp\/v2\/tags?post=342"},{"taxonomy":"tribe_events_cat","embeddable":true,"href":"http:\/\/franco-tyrolien.at\/wordpress\/wp-json\/wp\/v2\/tribe_events_cat?post=342"}],"curies":[{"name":"wp","href":"https:\/\/api.w.org\/{rel}","templated":true}]}}

Reise nach Lyon &#8220; Lichterfest&#8220;/ Voyage à Lyon &#8222;Fête des lumières&#8220; ABGESAGT!

<p>Das Institut franco-tyrolien d&#8217;Innsbruck veranstaltet  heuer eine zweite Frankreich-Reise. Diesmal geht es um die Entdeckung von Lyon im Rahmen des Lichterfestes (Fête des Lumières). Bilder und Detailinformation finden Sie <a href="http://franco-tyrolien.at/wordpress/wp-content/uploads/2015/08/Lyon2015.pdf" target="_blank">hier</a>.</p>
<p>Aufgrund der begrenzten Teilnehmerzahl wird eine rechtzeitige Anmeldung empfohlen. Bis Ende Oktober mittels  Anmeldungsformular oder im IFTI zu den regulären Öffnungszeiten.</p>
<p>Wir freuen uns auf Ihr Kommen!</p>
<p>&nbsp;</p>
<p><span style="color: #666699;"><em>L&#8217;association organise, pour la deuxième fois cette année après l&#8216;<a style="color: #666699;" href="http://franco-tyrolien.at/wordpress/projekte/reise/">Alsace</a>, un voyage en France. Cette édition permettra de découvrir la ville de Lyon à l&#8217;occasion de la Fête des Lumières.</em></span><br />
<span style="color: #666699;"><em> Découvrez le <a style="color: #666699;" href="http://franco-tyrolien.at/wordpress/wp-content/uploads/2015/08/ProgrammeFlyer.pdf">programme détaillé et en images</a> du voyage !</em></span></p>
<p><span style="color: #666699;"><em>Inscrivez vous vite, le nombre de places est limité !</em></span><br />
<span style="color: #666699;"><em> Les inscriptions se font avant fin octobre, grâce à la <a style="color: #666699;" href="http://franco-tyrolien.at/wordpress/wp-content/uploads/2015/08/Inscription-voyage.doc">fiche d&#8217;inscription</a> ou dans les locaux de l&#8217;association aux heures d&#8217;ouvertures.</em></span></p>
<p><span style="color: #666699;">Nous nous réjouissons de votre venue !</span></p>
<p>&nbsp;</p>
<hr />
<p style="text-align: center;"><em><a href="http://franco-tyrolien.at/wordpress/wp-content/uploads/2015/08/Inscription-voyage1.doc" target="_blank">Inscription-voyage<br />
</a>    </em><a href="http://franco-tyrolien.at/wordpress/wp-content/uploads/2015/08/Lyon2015.pdf" target="_blank">Lyon 2015</a></p>
<hr />
<p style="text-align: center;">

<p>Das Institut franco-tyrolien d&#8217;Innsbruck veranstaltet  heuer eine zweite Frankreich-Reise. Diesmal geht es um die Entdeckung von Lyon im Rahmen des Lichterfestes (Fête des Lumières). Bilder und Detailinformation finden Sie hier. Aufgrund der [&hellip;]</p>
