{"id":894,"date":"2016-02-13T20:24:55","date_gmt":"2016-02-13T19:24:55","guid":{"rendered":"http:\/\/franco-tyrolien.at\/wordpress\/?post_type=tribe_events&#038;p=894"},"modified":"2016-02-17T21:19:01","modified_gmt":"2016-02-17T20:19:01","slug":"boulot-chanson-dodo-eine-serie-grosser-stimmen-der-franzoesischen-chansons","status":"publish","type":"tribe_events","link":"http:\/\/franco-tyrolien.at\/wordpress\/event\/boulot-chanson-dodo-eine-serie-grosser-stimmen-der-franzoesischen-chansons\/","title":{"rendered":"BOULOT &#8211; CHANSON &#8211; DODO"},"content":{"rendered":"<div>\n<div class=\"\" data-block=\"true\" data-offset-key=\"f5s2g-0-0\">\n<div class=\"_1mf _1mj\" data-offset-key=\"f5s2g-0-0\"><span data-offset-key=\"f5s2g-0-0\"><span data-text=\"true\">BOULOT &#8211; CHANSON &#8211; DODO : Eine Serie gro\u00dfer Stimmen der franz\u00f6sischen Chansons \ud83d\ude42<\/span><\/span><\/div>\n<\/div>\n<\/div>\n<div class=\"\" data-block=\"true\" data-offset-key=\"614o2-0-0\"><\/div>\n<div class=\"\" data-block=\"true\" data-offset-key=\"614o2-0-0\"><\/div>\n<div class=\"\" data-block=\"true\" data-offset-key=\"614o2-0-0\">Wussten Sie, dass sich in Innsbruck das gr\u00f6\u00dfte europ\u00e4ische Chansonarchiv au\u00dferhalb von Frankreich befindet? Wussten Sie, dass ein L\u00e9o Ferr\u00e9, eine Sapho und viele mehr\u00a0in Innsbruck <i>live <\/i>aufgetreten sind?<\/div>\n<div class=\"\" data-block=\"true\" data-offset-key=\"614o2-0-0\"><\/div>\n<div><\/div>\n<div>Wenn auch Sie das franz\u00f6sische Chanson lieben,\u00a0ob\u00a0klassisch \u00e0 la Saint-Germain-des-Pr\u00e9s oder modern,\u00a0hat das\u00a0IFTI genau das richtige Programm f\u00fcr Sie: Unter dem Motto &#8222;BOULOT &#8211; CHANSON &#8211; DODO&#8220; stellt Univ.-Prof.\u00a0Dr.\u00a0Ursula Moser\u00a0in einer dreiteiligen Serie\u00a0gro\u00dfe Stimmen des franz\u00f6sischen Chansons vor: Edith Piaf, Juliette Gr\u00e9co und Barbara.<\/div>\n<div><\/div>\n<div><\/div>\n<div>Die Serie soll, wenn Interesse besteht, im Herbst fortgef\u00fchrt werden. Um eine bessere Planung zu gew\u00e4hrleisten (Bereitstellung von Textkopien etc.), bitten wir Sie, sich per Mail unter <span tabindex=\"-1\"><span id=\"spnR\" class=\"rwRR\" tabindex=\"-1\" title=\"institut@franco-tyrolien.at\">Institut franco-tyrolien d&#8217;Innsbruck \u200e[<a class=\"moz-txt-link-abbreviated\" href=\"mailto:institut@franco-tyrolien.at\" target=\"_blank\">institut@franco-tyrolien.at<\/a>]\u200e<\/span><\/span> anzumelden.<\/div>\n<div><\/div>\n<div><\/div>\n<div>\n<div class=\"\" data-block=\"true\" data-offset-key=\"n0m2-0-0\">\n<div class=\"_1mf _1mj\" data-offset-key=\"n0m2-0-0\">Wann : 1. Teil am \u00a0Mittwoch, den 24.Februar um 19.30 Uhr am IFTI : Edith Piaf<\/div>\n<\/div>\n<div class=\"\" data-block=\"true\" data-offset-key=\"614o2-0-0\">\n<div class=\"_1mf _1mj\" data-offset-key=\"614o2-0-0\">\u00a0Eintritt : EUR 5,-<\/div>\n<div class=\"_1mf _1mj\" data-offset-key=\"614o2-0-0\">\u00a0Freiwillige Spende f\u00fcr die Mitglieder des IFTI<\/div>\n<div class=\"_1mf _1mj\" data-offset-key=\"614o2-0-0\"><\/div>\n<\/div>\n<\/div>\n<div>Wir organiseren auch ein\u00a0Buffet !\u00a0Vielen Dank im Voraus all jenen die mitmachen !<\/div>\n<div><\/div>\n<div>Wir hoffen auf zahlreiches Kommen und einen tollen Abend! \ud83d\ude42<\/div>\n","protected":false},"excerpt":{"rendered":"<p>BOULOT &#8211; CHANSON &#8211; DODO : Eine Serie gro\u00dfer Stimmen der franz\u00f6sischen Chansons \ud83d\ude42 Wussten Sie, dass sich in Innsbruck das gr\u00f6\u00dfte europ\u00e4ische Chansonarchiv au\u00dferhalb von Frankreich befindet? Wussten Sie, [&hellip;]<\/p>\n","protected":false},"author":1,"featured_media":0,"template":"","meta":{"_bbp_topic_count":0,"_bbp_reply_count":0,"_bbp_total_topic_count":0,"_bbp_total_reply_count":0,"_bbp_voice_count":0,"_bbp_anonymous_reply_count":0,"_bbp_topic_count_hidden":0,"_bbp_reply_count_hidden":0,"_bbp_forum_subforum_count":0,"ngg_post_thumbnail":0,"_tribe_events_status":"","_tribe_events_status_reason":"","footnotes":""},"tags":[],"tribe_events_cat":[],"class_list":["post-894","tribe_events","type-tribe_events","status-publish","hentry"],"_links":{"self":[{"href":"http:\/\/franco-tyrolien.at\/wordpress\/wp-json\/wp\/v2\/tribe_events\/894"}],"collection":[{"href":"http:\/\/franco-tyrolien.at\/wordpress\/wp-json\/wp\/v2\/tribe_events"}],"about":[{"href":"http:\/\/franco-tyrolien.at\/wordpress\/wp-json\/wp\/v2\/types\/tribe_events"}],"author":[{"embeddable":true,"href":"http:\/\/franco-tyrolien.at\/wordpress\/wp-json\/wp\/v2\/users\/1"}],"version-history":[{"count":1,"href":"http:\/\/franco-tyrolien.at\/wordpress\/wp-json\/wp\/v2\/tribe_events\/894\/revisions"}],"predecessor-version":[{"id":895,"href":"http:\/\/franco-tyrolien.at\/wordpress\/wp-json\/wp\/v2\/tribe_events\/894\/revisions\/895"}],"wp:attachment":[{"href":"http:\/\/franco-tyrolien.at\/wordpress\/wp-json\/wp\/v2\/media?parent=894"}],"wp:term":[{"taxonomy":"post_tag","embeddable":true,"href":"http:\/\/franco-tyrolien.at\/wordpress\/wp-json\/wp\/v2\/tags?post=894"},{"taxonomy":"tribe_events_cat","embeddable":true,"href":"http:\/\/franco-tyrolien.at\/wordpress\/wp-json\/wp\/v2\/tribe_events_cat?post=894"}],"curies":[{"name":"wp","href":"https:\/\/api.w.org\/{rel}","templated":true}]}}

<div>
<div class="" data-block="true" data-offset-key="f5s2g-0-0">
<div class="_1mf _1mj" data-offset-key="f5s2g-0-0"><span data-offset-key="f5s2g-0-0"><span data-text="true">BOULOT &#8211; CHANSON &#8211; DODO : Eine Serie großer Stimmen der französischen Chansons 🙂</span></span></div>
</div>
</div>
<div class="" data-block="true" data-offset-key="614o2-0-0"></div>
<div class="" data-block="true" data-offset-key="614o2-0-0"></div>
<div class="" data-block="true" data-offset-key="614o2-0-0">Wussten Sie, dass sich in Innsbruck das größte europäische Chansonarchiv außerhalb von Frankreich befindet? Wussten Sie, dass ein Léo Ferré, eine Sapho und viele mehr in Innsbruck <i>live </i>aufgetreten sind?</div>
<div class="" data-block="true" data-offset-key="614o2-0-0"></div>
<div></div>
<div>Wenn auch Sie das französische Chanson lieben, ob klassisch à la Saint-Germain-des-Prés oder modern, hat das IFTI genau das richtige Programm für Sie: Unter dem Motto &#8222;BOULOT &#8211; CHANSON &#8211; DODO&#8220; stellt Univ.-Prof. Dr. Ursula Moser in einer dreiteiligen Serie große Stimmen des französischen Chansons vor: Edith Piaf, Juliette Gréco und Barbara.</div>
<div></div>
<div></div>
<div>Die Serie soll, wenn Interesse besteht, im Herbst fortgeführt werden. Um eine bessere Planung zu gewährleisten (Bereitstellung von Textkopien etc.), bitten wir Sie, sich per Mail unter <span tabindex="-1"><span id="spnR" class="rwRR" tabindex="-1" title="institut@franco-tyrolien.at">Institut franco-tyrolien d&#8217;Innsbruck ‎[<a class="moz-txt-link-abbreviated" href="mailto:institut@franco-tyrolien.at" target="_blank">institut@franco-tyrolien.at</a>]‎</span></span> anzumelden.</div>
<div></div>
<div></div>
<div>
<div class="" data-block="true" data-offset-key="n0m2-0-0">
<div class="_1mf _1mj" data-offset-key="n0m2-0-0">Wann : 1. Teil am  Mittwoch, den 24.Februar um 19.30 Uhr am IFTI : Edith Piaf</div>
</div>
<div class="" data-block="true" data-offset-key="614o2-0-0">
<div class="_1mf _1mj" data-offset-key="614o2-0-0"> Eintritt : EUR 5,-</div>
<div class="_1mf _1mj" data-offset-key="614o2-0-0"> Freiwillige Spende für die Mitglieder des IFTI</div>
<div class="_1mf _1mj" data-offset-key="614o2-0-0"></div>
</div>
</div>
<div>Wir organiseren auch ein Buffet ! Vielen Dank im Voraus all jenen die mitmachen !</div>
<div></div>
<div>Wir hoffen auf zahlreiches Kommen und einen tollen Abend! 🙂</div>

<p>BOULOT &#8211; CHANSON &#8211; DODO : Eine Serie großer Stimmen der französischen Chansons 🙂 Wussten Sie, dass sich in Innsbruck das größte europäische Chansonarchiv außerhalb von Frankreich befindet? Wussten Sie, [&hellip;]</p>
