{"id":936,"date":"2016-04-05T19:30:10","date_gmt":"2016-04-05T17:30:10","guid":{"rendered":"http:\/\/franco-tyrolien.at\/wordpress\/?post_type=tribe_events&#038;p=936"},"modified":"2016-04-05T19:49:09","modified_gmt":"2016-04-05T17:49:09","slug":"der-griot-zwischen-tradition-und-moderne-eine-begnegnung-mit-roger-atikpo","status":"publish","type":"tribe_events","link":"http:\/\/franco-tyrolien.at\/wordpress\/event\/der-griot-zwischen-tradition-und-moderne-eine-begnegnung-mit-roger-atikpo\/","title":{"rendered":"Der Griot zwischen Tradition und Moderne-eine Begnegnung mit Roger Atikpo"},"content":{"rendered":"<p><b><big>Am\u00a0 Samstag, den 23. April um 17h00 am IFTI, haben wir das Gl\u00fcck, Roger Atikpo als Gast zu begr\u00fc\u00dfen. Ein Abend der Begegnung in franz\u00f6sischer und deutscher Sprache.<br \/>\n<\/big><\/b><br \/>\nGeboren in Lom\u00e9 \/Togo ist Roger\u00a0Atikpo \u00a0ein moderner &#8222;Griot&#8220; bzw. ein multitalent-K\u00fcnstler (Geschichtenerz\u00e4hler, S\u00e4anger, &#8222;Kora&#8220;-Spieler, Instrumentalist, Schauspieler und Regisseur).<br \/>\nEr ist vor allem bekannt f\u00fcr seine Erz\u00e4hlungen theatralisierter M\u00e4rchen, die er in einer Mischung von traditionnellen mit mordernen Elementen episch und performativ pr\u00e4sentiert.<br \/>\nIn seiner Kunst geht er subversiv und sozialkritisch vor, indem er Motive wie Gott, Einsamkeit, Armut, sexuelle Unterdr\u00fcckung, Liebe , Inzest usw. thematisiert. Gute Beispiele hierf\u00fcr sind seine theatralisierten M\u00e4rchen &#8222;Tonnerre&#8220;. Mit &#8222;Autour de la Kora&#8220; erhielt er 2003 beim &#8222;Festival de Th\u00e9\u00e2tre de la fraternit\u00e9&#8220; in Togo den Preis f\u00fcr die beste Inszenierung und Schauspielleistung.&#8220;<\/p>\n<p>Bitte merkt euch sofort den Termin und macht Werbung ! Es ist ein einmaliges Erreignis !<\/p>\n<hr \/>\n<p style=\"text-align: center;\"><a href=\"https:\/\/www.uibk.ac.at\/writer-in-residence\/veranstaltungen\/folder_wir_2016.pdf\" target=\"_blank\">Folder<\/a>\u00a0\/\u00a0<a href=\"https:\/\/www.uibk.ac.at\/writer-in-residence\/veranstaltungen\/plakat_wir_2016.pdf\" target=\"_blank\">Plakat<\/a>\u00a0\/\u00a0<a href=\"https:\/\/www.uibk.ac.at\/writer-in-residence\/autor\/\" target=\"_blank\">writer-in-residence\/Roger Atikpo<\/a><\/p>\n<hr \/>\n<p>Wir wollen ein Buffet vorbereiten und \u00a0bedanken uns \u00a0im Voraus an all jene die etwas mitbringen.<\/p>\n<p>Wir ersuchen aus organisatorischen Gr\u00fcnden um Voranmeldung.<\/p>\n<p>Wir freuen uns auf Ihr Kommen\u00a0 \ud83d\ude42<\/p>\n","protected":false},"excerpt":{"rendered":"<p>Am\u00a0 Samstag, den 23. April um 17h00 am IFTI, haben wir das Gl\u00fcck, Roger Atikpo als Gast zu begr\u00fc\u00dfen. Ein Abend der Begegnung in franz\u00f6sischer und deutscher Sprache. Geboren in [&hellip;]<\/p>\n","protected":false},"author":1,"featured_media":0,"template":"","meta":{"_bbp_topic_count":0,"_bbp_reply_count":0,"_bbp_total_topic_count":0,"_bbp_total_reply_count":0,"_bbp_voice_count":0,"_bbp_anonymous_reply_count":0,"_bbp_topic_count_hidden":0,"_bbp_reply_count_hidden":0,"_bbp_forum_subforum_count":0,"ngg_post_thumbnail":0,"_tribe_events_status":"","_tribe_events_status_reason":"","footnotes":""},"tags":[],"tribe_events_cat":[],"class_list":["post-936","tribe_events","type-tribe_events","status-publish","hentry"],"_links":{"self":[{"href":"http:\/\/franco-tyrolien.at\/wordpress\/wp-json\/wp\/v2\/tribe_events\/936"}],"collection":[{"href":"http:\/\/franco-tyrolien.at\/wordpress\/wp-json\/wp\/v2\/tribe_events"}],"about":[{"href":"http:\/\/franco-tyrolien.at\/wordpress\/wp-json\/wp\/v2\/types\/tribe_events"}],"author":[{"embeddable":true,"href":"http:\/\/franco-tyrolien.at\/wordpress\/wp-json\/wp\/v2\/users\/1"}],"version-history":[{"count":1,"href":"http:\/\/franco-tyrolien.at\/wordpress\/wp-json\/wp\/v2\/tribe_events\/936\/revisions"}],"predecessor-version":[{"id":937,"href":"http:\/\/franco-tyrolien.at\/wordpress\/wp-json\/wp\/v2\/tribe_events\/936\/revisions\/937"}],"wp:attachment":[{"href":"http:\/\/franco-tyrolien.at\/wordpress\/wp-json\/wp\/v2\/media?parent=936"}],"wp:term":[{"taxonomy":"post_tag","embeddable":true,"href":"http:\/\/franco-tyrolien.at\/wordpress\/wp-json\/wp\/v2\/tags?post=936"},{"taxonomy":"tribe_events_cat","embeddable":true,"href":"http:\/\/franco-tyrolien.at\/wordpress\/wp-json\/wp\/v2\/tribe_events_cat?post=936"}],"curies":[{"name":"wp","href":"https:\/\/api.w.org\/{rel}","templated":true}]}}

<p><b><big>Am  Samstag, den 23. April um 17h00 am IFTI, haben wir das Glück, Roger Atikpo als Gast zu begrüßen. Ein Abend der Begegnung in französischer und deutscher Sprache.<br />
</big></b><br />
Geboren in Lomé /Togo ist Roger Atikpo  ein moderner &#8222;Griot&#8220; bzw. ein multitalent-Künstler (Geschichtenerzähler, Säanger, &#8222;Kora&#8220;-Spieler, Instrumentalist, Schauspieler und Regisseur).<br />
Er ist vor allem bekannt für seine Erzählungen theatralisierter Märchen, die er in einer Mischung von traditionnellen mit mordernen Elementen episch und performativ präsentiert.<br />
In seiner Kunst geht er subversiv und sozialkritisch vor, indem er Motive wie Gott, Einsamkeit, Armut, sexuelle Unterdrückung, Liebe , Inzest usw. thematisiert. Gute Beispiele hierfür sind seine theatralisierten Märchen &#8222;Tonnerre&#8220;. Mit &#8222;Autour de la Kora&#8220; erhielt er 2003 beim &#8222;Festival de Théâtre de la fraternité&#8220; in Togo den Preis für die beste Inszenierung und Schauspielleistung.&#8220;</p>
<p>Bitte merkt euch sofort den Termin und macht Werbung ! Es ist ein einmaliges Erreignis !</p>
<hr />
<p style="text-align: center;"><a href="https://www.uibk.ac.at/writer-in-residence/veranstaltungen/folder_wir_2016.pdf" target="_blank">Folder</a> / <a href="https://www.uibk.ac.at/writer-in-residence/veranstaltungen/plakat_wir_2016.pdf" target="_blank">Plakat</a> / <a href="https://www.uibk.ac.at/writer-in-residence/autor/" target="_blank">writer-in-residence/Roger Atikpo</a></p>
<hr />
<p>Wir wollen ein Buffet vorbereiten und  bedanken uns  im Voraus an all jene die etwas mitbringen.</p>
<p>Wir ersuchen aus organisatorischen Gründen um Voranmeldung.</p>
<p>Wir freuen uns auf Ihr Kommen  🙂</p>

<p>Am  Samstag, den 23. April um 17h00 am IFTI, haben wir das Glück, Roger Atikpo als Gast zu begrüßen. Ein Abend der Begegnung in französischer und deutscher Sprache. Geboren in [&hellip;]</p>
