{"id":941,"date":"2016-04-17T15:07:38","date_gmt":"2016-04-17T13:07:38","guid":{"rendered":"http:\/\/franco-tyrolien.at\/wordpress\/?post_type=tribe_events&#038;p=941"},"modified":"2016-04-22T23:12:22","modified_gmt":"2016-04-22T21:12:22","slug":"boulot-chanson-dodo-barbara","status":"publish","type":"tribe_events","link":"http:\/\/franco-tyrolien.at\/wordpress\/event\/boulot-chanson-dodo-barbara\/","title":{"rendered":"BOULOT-CHANSON-DODO : Barbara"},"content":{"rendered":"<div>\n<div class=\"\" data-block=\"true\" data-offset-key=\"f5s2g-0-0\">\n<div class=\"_1mf _1mj\" data-offset-key=\"f5s2g-0-0\"><span data-offset-key=\"f5s2g-0-0\"><span data-text=\"true\">BOULOT \u2013 CHANSON \u2013 DODO :<br \/>\nEine Serie gro\u00dfer Stimmen der franz\u00f6sischenChansons\u00a0<\/span><\/span><\/div>\n<\/div>\n<\/div>\n<div class=\"\" data-block=\"true\" data-offset-key=\"614o2-0-0\"><\/div>\n<div class=\"\" data-block=\"true\" data-offset-key=\"614o2-0-0\">Wussten Sie, dass sich in Innsbruck das gr\u00f6\u00dfte europ\u00e4ische Chansonarchiv au\u00dferhalb von Frankreich befindet? Wussten Sie, dass ein L\u00e9o Ferr\u00e9, eine Sapho und viele mehr\u00a0in Innsbruck <i>live <\/i>aufgetreten sind?<\/div>\n<div class=\"\" data-block=\"true\" data-offset-key=\"614o2-0-0\"><\/div>\n<div>\u00a0Wenn auch Sie das franz\u00f6sische Chanson lieben,\u00a0ob\u00a0klassisch \u00e0 la Saint-Germain-des-Pr\u00e9s oder modern,\u00a0hat das\u00a0IFTI genau das richtige Programm f\u00fcr Sie: Unter dem Motto \u201eBOULOT \u2013 CHANSON \u2013 DODO\u201c stellt Univ.-Prof.\u00a0Dr.\u00a0Ursula Moser\u00a0in einer dreiteiligen Serie\u00a0gro\u00dfe Stimmen des franz\u00f6sischen Chansons vor: Edith Piaf, Juliette Gr\u00e9co und Barbara.<\/div>\n<div><\/div>\n<div>Die Serie soll, wenn Interesse besteht, im Herbst fortgef\u00fchrt werden. Um eine bessere Planung zu gew\u00e4hrleisten (Bereitstellung von Textkopien etc.), bitten wir Sie, sich per Mail unter <span tabindex=\"-1\"><span id=\"spnR\" class=\"rwRR\" tabindex=\"-1\" title=\"institut@franco-tyrolien.at\">Institut franco-tyrolien d\u2019Innsbruck \u200e[<a class=\"moz-txt-link-abbreviated\" href=\"mailto:institut@franco-tyrolien.at\" target=\"_blank\">institut@franco-tyrolien.at<\/a>]\u200e<\/span><\/span> anzumelden.<\/div>\n<div><\/div>\n<div><\/div>\n<div>\n<div class=\"\" data-block=\"true\" data-offset-key=\"n0m2-0-0\">\n<div class=\"_1mf _1mj\" data-offset-key=\"n0m2-0-0\">Wann : 3. Teil am Mittwoch\u00a0, den 25. Mai\u00a0um 19.30 Uhr am IFTI : Barbara<\/div>\n<\/div>\n<div class=\"\" data-block=\"true\" data-offset-key=\"614o2-0-0\">\n<div class=\"_1mf _1mj\" data-offset-key=\"614o2-0-0\">\u00a0Eintritt : EUR 3,- mit Voranmeldung. Abendkassa 5\u20ac<\/div>\n<div class=\"_1mf _1mj\" data-offset-key=\"614o2-0-0\">\u00a0f\u00fcr die Mitglieder des IFTI : Gratis mit Voranmeldung. Abendkassa 3\u20ac<\/div>\n<div class=\"_1mf _1mj\" data-offset-key=\"614o2-0-0\"><\/div>\n<\/div>\n<\/div>\n<div>Wir organiseren auch ein\u00a0Buffet !\u00a0Vielen Dank im Voraus all jene die mitmachen !<\/div>\n<div><\/div>\n<div>Wir hoffen auf zahlreiches Kommen und einen tollen Abend!\u00a0 \ud83d\ude42<\/div>\n","protected":false},"excerpt":{"rendered":"<p>BOULOT \u2013 CHANSON \u2013 DODO : Eine Serie gro\u00dfer Stimmen der franz\u00f6sischenChansons\u00a0 Wussten Sie, dass sich in Innsbruck das gr\u00f6\u00dfte europ\u00e4ische Chansonarchiv au\u00dferhalb von Frankreich befindet? Wussten Sie, dass ein [&hellip;]<\/p>\n","protected":false},"author":1,"featured_media":0,"template":"","meta":{"_bbp_topic_count":0,"_bbp_reply_count":0,"_bbp_total_topic_count":0,"_bbp_total_reply_count":0,"_bbp_voice_count":0,"_bbp_anonymous_reply_count":0,"_bbp_topic_count_hidden":0,"_bbp_reply_count_hidden":0,"_bbp_forum_subforum_count":0,"ngg_post_thumbnail":0,"_tribe_events_status":"","_tribe_events_status_reason":"","footnotes":""},"tags":[],"tribe_events_cat":[],"class_list":["post-941","tribe_events","type-tribe_events","status-publish","hentry"],"_links":{"self":[{"href":"http:\/\/franco-tyrolien.at\/wordpress\/wp-json\/wp\/v2\/tribe_events\/941"}],"collection":[{"href":"http:\/\/franco-tyrolien.at\/wordpress\/wp-json\/wp\/v2\/tribe_events"}],"about":[{"href":"http:\/\/franco-tyrolien.at\/wordpress\/wp-json\/wp\/v2\/types\/tribe_events"}],"author":[{"embeddable":true,"href":"http:\/\/franco-tyrolien.at\/wordpress\/wp-json\/wp\/v2\/users\/1"}],"version-history":[{"count":0,"href":"http:\/\/franco-tyrolien.at\/wordpress\/wp-json\/wp\/v2\/tribe_events\/941\/revisions"}],"wp:attachment":[{"href":"http:\/\/franco-tyrolien.at\/wordpress\/wp-json\/wp\/v2\/media?parent=941"}],"wp:term":[{"taxonomy":"post_tag","embeddable":true,"href":"http:\/\/franco-tyrolien.at\/wordpress\/wp-json\/wp\/v2\/tags?post=941"},{"taxonomy":"tribe_events_cat","embeddable":true,"href":"http:\/\/franco-tyrolien.at\/wordpress\/wp-json\/wp\/v2\/tribe_events_cat?post=941"}],"curies":[{"name":"wp","href":"https:\/\/api.w.org\/{rel}","templated":true}]}}

<div>
<div class="" data-block="true" data-offset-key="f5s2g-0-0">
<div class="_1mf _1mj" data-offset-key="f5s2g-0-0"><span data-offset-key="f5s2g-0-0"><span data-text="true">BOULOT – CHANSON – DODO :<br />
Eine Serie großer Stimmen der französischenChansons </span></span></div>
</div>
</div>
<div class="" data-block="true" data-offset-key="614o2-0-0"></div>
<div class="" data-block="true" data-offset-key="614o2-0-0">Wussten Sie, dass sich in Innsbruck das größte europäische Chansonarchiv außerhalb von Frankreich befindet? Wussten Sie, dass ein Léo Ferré, eine Sapho und viele mehr in Innsbruck <i>live </i>aufgetreten sind?</div>
<div class="" data-block="true" data-offset-key="614o2-0-0"></div>
<div> Wenn auch Sie das französische Chanson lieben, ob klassisch à la Saint-Germain-des-Prés oder modern, hat das IFTI genau das richtige Programm für Sie: Unter dem Motto „BOULOT – CHANSON – DODO“ stellt Univ.-Prof. Dr. Ursula Moser in einer dreiteiligen Serie große Stimmen des französischen Chansons vor: Edith Piaf, Juliette Gréco und Barbara.</div>
<div></div>
<div>Die Serie soll, wenn Interesse besteht, im Herbst fortgeführt werden. Um eine bessere Planung zu gewährleisten (Bereitstellung von Textkopien etc.), bitten wir Sie, sich per Mail unter <span tabindex="-1"><span id="spnR" class="rwRR" tabindex="-1" title="institut@franco-tyrolien.at">Institut franco-tyrolien d’Innsbruck ‎[<a class="moz-txt-link-abbreviated" href="mailto:institut@franco-tyrolien.at" target="_blank">institut@franco-tyrolien.at</a>]‎</span></span> anzumelden.</div>
<div></div>
<div></div>
<div>
<div class="" data-block="true" data-offset-key="n0m2-0-0">
<div class="_1mf _1mj" data-offset-key="n0m2-0-0">Wann : 3. Teil am Mittwoch , den 25. Mai um 19.30 Uhr am IFTI : Barbara</div>
</div>
<div class="" data-block="true" data-offset-key="614o2-0-0">
<div class="_1mf _1mj" data-offset-key="614o2-0-0"> Eintritt : EUR 3,- mit Voranmeldung. Abendkassa 5€</div>
<div class="_1mf _1mj" data-offset-key="614o2-0-0"> für die Mitglieder des IFTI : Gratis mit Voranmeldung. Abendkassa 3€</div>
<div class="_1mf _1mj" data-offset-key="614o2-0-0"></div>
</div>
</div>
<div>Wir organiseren auch ein Buffet ! Vielen Dank im Voraus all jene die mitmachen !</div>
<div></div>
<div>Wir hoffen auf zahlreiches Kommen und einen tollen Abend!  🙂</div>

<p>BOULOT – CHANSON – DODO : Eine Serie großer Stimmen der französischenChansons  Wussten Sie, dass sich in Innsbruck das größte europäische Chansonarchiv außerhalb von Frankreich befindet? Wussten Sie, dass ein [&hellip;]</p>
