{"id":951,"date":"2016-04-26T22:55:39","date_gmt":"2016-04-26T20:55:39","guid":{"rendered":"http:\/\/franco-tyrolien.at\/wordpress\/?post_type=tribe_events&#038;p=951"},"modified":"2016-04-26T22:55:39","modified_gmt":"2016-04-26T20:55:39","slug":"writer-in-residence-2016-theatre-jusqua-lepoque-cravatteroger-atikpo","status":"publish","type":"tribe_events","link":"http:\/\/franco-tyrolien.at\/wordpress\/event\/writer-in-residence-2016-theatre-jusqua-lepoque-cravatteroger-atikpo\/","title":{"rendered":"Writer in Residence 2016 : Th\u00e9\u00e2tre&#8230;jusqu&#8217;\u00e0 l&#8217;\u00e9poque cravatte\/Roger Atikpo"},"content":{"rendered":"<p>Das Institut franco-tyrolien organisiert<b> am Donnerstag, den 28. April um 19.00 Uhr<\/b> im Stadtturm, 2. Stock (B\u00fcrgersaal) abermals eine kulturelle Begegnung mit dem K\u00fcnstler<b> Roger Atikpo im Rahmen des Projektes &#8222;Writer in Residence&#8220; 2016<\/b>. Dies ist die Abschlussveranstaltung. Roger Atikpo wird dann mit den teilnehmenden Studenten die Fr\u00fcchte dieser Zusammenarbeit pr\u00e4sentieren.<br \/>\n<a class=\"moz-txt-link-freetext\" href=\"https:\/\/www.uibk.ac.at\/fsp-kultur\/veranstaltungen\/dokumente\/einladung-performance-writer-in-residence.pdf\">https:\/\/www.uibk.ac.at\/fsp-kultur\/veranstaltungen\/dokumente\/einladung-performance-writer-in-residence.pdf<\/a><br \/>\n<a href=\"https:\/\/www.facebook.com\/Institut-franco-tyrolien-dInnsbruck-606204209517708\/\" target=\"_blank\">https:\/\/www.facebook.com\/Institut-franco-tyrolien-dInnsbruck-606204209517708\/<\/a><\/p>\n<p>Anschlie\u00dfend <b>um 20:00 Uhr<\/b> haben wir die Veranstaltung mit Prof. Dr. Ursula Moser \u00fcber die franz\u00f6sische S\u00e4ngerin <b>Juliette Gr\u00e9co<\/b> in der selben R\u00e4umlichkeit.<\/p>\n<p>Wir\u00a0freuen uns\u00a0auf Ihr\u00a0 Kommen \ud83d\ude42<\/p>\n","protected":false},"excerpt":{"rendered":"<p>Das Institut franco-tyrolien organisiert am Donnerstag, den 28. April um 19.00 Uhr im Stadtturm, 2. Stock (B\u00fcrgersaal) abermals eine kulturelle Begegnung mit dem K\u00fcnstler Roger Atikpo im Rahmen des Projektes [&hellip;]<\/p>\n","protected":false},"author":1,"featured_media":0,"template":"","meta":{"_bbp_topic_count":0,"_bbp_reply_count":0,"_bbp_total_topic_count":0,"_bbp_total_reply_count":0,"_bbp_voice_count":0,"_bbp_anonymous_reply_count":0,"_bbp_topic_count_hidden":0,"_bbp_reply_count_hidden":0,"_bbp_forum_subforum_count":0,"ngg_post_thumbnail":0,"_tribe_events_status":"","_tribe_events_status_reason":"","footnotes":""},"tags":[],"tribe_events_cat":[],"class_list":["post-951","tribe_events","type-tribe_events","status-publish","hentry"],"_links":{"self":[{"href":"http:\/\/franco-tyrolien.at\/wordpress\/wp-json\/wp\/v2\/tribe_events\/951"}],"collection":[{"href":"http:\/\/franco-tyrolien.at\/wordpress\/wp-json\/wp\/v2\/tribe_events"}],"about":[{"href":"http:\/\/franco-tyrolien.at\/wordpress\/wp-json\/wp\/v2\/types\/tribe_events"}],"author":[{"embeddable":true,"href":"http:\/\/franco-tyrolien.at\/wordpress\/wp-json\/wp\/v2\/users\/1"}],"version-history":[{"count":0,"href":"http:\/\/franco-tyrolien.at\/wordpress\/wp-json\/wp\/v2\/tribe_events\/951\/revisions"}],"wp:attachment":[{"href":"http:\/\/franco-tyrolien.at\/wordpress\/wp-json\/wp\/v2\/media?parent=951"}],"wp:term":[{"taxonomy":"post_tag","embeddable":true,"href":"http:\/\/franco-tyrolien.at\/wordpress\/wp-json\/wp\/v2\/tags?post=951"},{"taxonomy":"tribe_events_cat","embeddable":true,"href":"http:\/\/franco-tyrolien.at\/wordpress\/wp-json\/wp\/v2\/tribe_events_cat?post=951"}],"curies":[{"name":"wp","href":"https:\/\/api.w.org\/{rel}","templated":true}]}}

Writer in Residence 2016 : Théâtre&#8230;jusqu&#8217;à l&#8217;époque cravatte/Roger Atikpo

<p>Das Institut franco-tyrolien organisiert<b> am Donnerstag, den 28. April um 19.00 Uhr</b> im Stadtturm, 2. Stock (Bürgersaal) abermals eine kulturelle Begegnung mit dem Künstler<b> Roger Atikpo im Rahmen des Projektes &#8222;Writer in Residence&#8220; 2016</b>. Dies ist die Abschlussveranstaltung. Roger Atikpo wird dann mit den teilnehmenden Studenten die Früchte dieser Zusammenarbeit präsentieren.<br />
<a class="moz-txt-link-freetext" href="https://www.uibk.ac.at/fsp-kultur/veranstaltungen/dokumente/einladung-performance-writer-in-residence.pdf">https://www.uibk.ac.at/fsp-kultur/veranstaltungen/dokumente/einladung-performance-writer-in-residence.pdf</a><br />
<a href="https://www.facebook.com/Institut-franco-tyrolien-dInnsbruck-606204209517708/" target="_blank">https://www.facebook.com/Institut-franco-tyrolien-dInnsbruck-606204209517708/</a></p>
<p>Anschließend <b>um 20:00 Uhr</b> haben wir die Veranstaltung mit Prof. Dr. Ursula Moser über die französische Sängerin <b>Juliette Gréco</b> in der selben Räumlichkeit.</p>
<p>Wir freuen uns auf Ihr  Kommen 🙂</p>

<p>Das Institut franco-tyrolien organisiert am Donnerstag, den 28. April um 19.00 Uhr im Stadtturm, 2. Stock (Bürgersaal) abermals eine kulturelle Begegnung mit dem Künstler Roger Atikpo im Rahmen des Projektes [&hellip;]</p>
