{"id":968,"date":"2016-05-27T06:43:51","date_gmt":"2016-05-27T04:43:51","guid":{"rendered":"http:\/\/franco-tyrolien.at\/wordpress\/?post_type=tribe_events&#038;p=968"},"modified":"2016-05-27T06:43:51","modified_gmt":"2016-05-27T04:43:51","slug":"fussball-und-globalisierung-football-et-mondialisation","status":"publish","type":"tribe_events","link":"http:\/\/franco-tyrolien.at\/wordpress\/event\/fussball-und-globalisierung-football-et-mondialisation\/","title":{"rendered":"Fu\u00dfball und Globalisierung \/ Football et mondialisation"},"content":{"rendered":"<p>Der <strong>Frankreich-Schwerpunkt der Universit\u00e4t Innsbruck<\/strong> in Kooperation mit der franz\u00f6sischen Botschaft und dem franz\u00f6sischen Kulturinstitut in \u00d6sterreich laden Sie am Dienstag,\u00a0<strong><u>31. <\/u><\/strong><strong><u>Mai 2016, 18:00<\/u><\/strong> (<strong>Claudiasaal<\/strong>, 2. Stock, Claudiana, Herzog-Friedrich-Stra\u00dfe 3, Innsbruck) herzlich zu einer Veranstaltung aus Anlass der Euro 2016 ein:<\/p>\n<p style=\"text-align: center;\"><span style=\"font-size: 20px;\"><strong><br \/>\n<\/strong><\/span><strong><span style=\"font-size: 20px;\">Fu\u00dfball und Globalisierung<br \/>\nFootball et mondialisation<\/span><br \/>\n<\/strong><em>(in franz\u00f6sischer Sprache MIT deutscher \u00dcbersetzung)<\/em><\/p>\n<p>Gastvortrag von <strong>Pascal Boniface<\/strong>, Leiter des\u00a0 franz\u00f6sischen Instituts f\u00fcr Internationale Beziehungen und Strategien (IRIS) und Professor am\u00a0 Institut f\u00fcr Europastudien (Universit\u00e4t Paris 8). Begr\u00fc\u00dfung : Vizerektor Prof. Dr.<em> Wolfgang Meixner<\/em>. Es geht um die Spannung zwischen <strong>Globalisierung<\/strong> und <strong>nationaler Identit\u00e4t<\/strong> sowie die <strong>politische<\/strong>, <strong>wirtschaftliche<\/strong> und <strong>soziale Rolle des Fu\u00dfballs<\/strong>.<\/p>\n<p><span lang=\"DE\">Wir freuen uns auf Ihr Kommen! \ud83d\ude42<\/span><\/p>\n","protected":false},"excerpt":{"rendered":"<p>Der Frankreich-Schwerpunkt der Universit\u00e4t Innsbruck in Kooperation mit der franz\u00f6sischen Botschaft und dem franz\u00f6sischen Kulturinstitut in \u00d6sterreich laden Sie am Dienstag,\u00a031. Mai 2016, 18:00 (Claudiasaal, 2. Stock, Claudiana, Herzog-Friedrich-Stra\u00dfe 3, [&hellip;]<\/p>\n","protected":false},"author":1,"featured_media":0,"template":"","meta":{"_bbp_topic_count":0,"_bbp_reply_count":0,"_bbp_total_topic_count":0,"_bbp_total_reply_count":0,"_bbp_voice_count":0,"_bbp_anonymous_reply_count":0,"_bbp_topic_count_hidden":0,"_bbp_reply_count_hidden":0,"_bbp_forum_subforum_count":0,"ngg_post_thumbnail":0,"_tribe_events_status":"","_tribe_events_status_reason":"","footnotes":""},"tags":[],"tribe_events_cat":[],"class_list":["post-968","tribe_events","type-tribe_events","status-publish","hentry"],"_links":{"self":[{"href":"http:\/\/franco-tyrolien.at\/wordpress\/wp-json\/wp\/v2\/tribe_events\/968"}],"collection":[{"href":"http:\/\/franco-tyrolien.at\/wordpress\/wp-json\/wp\/v2\/tribe_events"}],"about":[{"href":"http:\/\/franco-tyrolien.at\/wordpress\/wp-json\/wp\/v2\/types\/tribe_events"}],"author":[{"embeddable":true,"href":"http:\/\/franco-tyrolien.at\/wordpress\/wp-json\/wp\/v2\/users\/1"}],"version-history":[{"count":0,"href":"http:\/\/franco-tyrolien.at\/wordpress\/wp-json\/wp\/v2\/tribe_events\/968\/revisions"}],"wp:attachment":[{"href":"http:\/\/franco-tyrolien.at\/wordpress\/wp-json\/wp\/v2\/media?parent=968"}],"wp:term":[{"taxonomy":"post_tag","embeddable":true,"href":"http:\/\/franco-tyrolien.at\/wordpress\/wp-json\/wp\/v2\/tags?post=968"},{"taxonomy":"tribe_events_cat","embeddable":true,"href":"http:\/\/franco-tyrolien.at\/wordpress\/wp-json\/wp\/v2\/tribe_events_cat?post=968"}],"curies":[{"name":"wp","href":"https:\/\/api.w.org\/{rel}","templated":true}]}}

Fußball und Globalisierung / Football et mondialisation

<p>Der <strong>Frankreich-Schwerpunkt der Universität Innsbruck</strong> in Kooperation mit der französischen Botschaft und dem französischen Kulturinstitut in Österreich laden Sie am Dienstag, <strong><u>31. </u></strong><strong><u>Mai 2016, 18:00</u></strong> (<strong>Claudiasaal</strong>, 2. Stock, Claudiana, Herzog-Friedrich-Straße 3, Innsbruck) herzlich zu einer Veranstaltung aus Anlass der Euro 2016 ein:</p>
<p style="text-align: center;"><span style="font-size: 20px;"><strong><br />
</strong></span><strong><span style="font-size: 20px;">Fußball und Globalisierung<br />
Football et mondialisation</span><br />
</strong><em>(in französischer Sprache MIT deutscher Übersetzung)</em></p>
<p>Gastvortrag von <strong>Pascal Boniface</strong>, Leiter des  französischen Instituts für Internationale Beziehungen und Strategien (IRIS) und Professor am  Institut für Europastudien (Universität Paris 8). Begrüßung : Vizerektor Prof. Dr.<em> Wolfgang Meixner</em>. Es geht um die Spannung zwischen <strong>Globalisierung</strong> und <strong>nationaler Identität</strong> sowie die <strong>politische</strong>, <strong>wirtschaftliche</strong> und <strong>soziale Rolle des Fußballs</strong>.</p>
<p><span lang="DE">Wir freuen uns auf Ihr Kommen! 🙂</span></p>

<p>Der Frankreich-Schwerpunkt der Universität Innsbruck in Kooperation mit der französischen Botschaft und dem französischen Kulturinstitut in Österreich laden Sie am Dienstag, 31. Mai 2016, 18:00 (Claudiasaal, 2. Stock, Claudiana, Herzog-Friedrich-Straße 3, [&hellip;]</p>
