{"id":978,"date":"2016-06-19T13:42:54","date_gmt":"2016-06-19T11:42:54","guid":{"rendered":"http:\/\/franco-tyrolien.at\/wordpress\/?post_type=tribe_events&#038;p=978"},"modified":"2016-06-19T13:42:54","modified_gmt":"2016-06-19T11:42:54","slug":"die-welt-der-comics-mit-prof-univ-christian-reyns-aus-canada","status":"publish","type":"tribe_events","link":"http:\/\/franco-tyrolien.at\/wordpress\/event\/die-welt-der-comics-mit-prof-univ-christian-reyns-aus-canada\/","title":{"rendered":"Die Welt der Comics mit Prof. Univ. Christian Reyns aus Canada"},"content":{"rendered":"<p><b>Am Montag, den 20 Juni um 19h30, ist die n\u00e4chste Veranstaltung des IFTI.<\/b><\/p>\n<p><b>Christian Reyns<\/b>, Universit\u00e4sprofessor der Universit\u00e4t\u00a0 Alberta in Canada,<b> wird uns in die Welt der Comics einf\u00fchren<\/b>. Die Veranstaltung wird <b>in Franz\u00f6sich und Deutsch<\/b> stattfinden. Univ.-Prof.Mag.Dr. Ursula Moser wird die Moderation leiten.<\/p>\n<p>Wir\u00a0ersuchen \u00a0aus organisatorischen Gr\u00fcnden um Voranmeldung.Vielen Dank<\/p>\n<p>Wir\u00a0m\u00f6chten ein Buffet organisieren und Euch fragen, wer etwas mitbringen k\u00f6nnte (S\u00e4fte, Rotwein, Br\u00f6tchen, Kuchen..) Bitte sagt mir bescheid. Vielen Dank im Voraus an all jene die mitmachen.<\/p>\n<p style=\"text-align: justify;\"><b><span style=\"font-family: arial, helvetica, sans-serif; font-size: 14px;\"><b>Eintritt: 5\u20ac<\/b><br \/>\n<b>IFTI Mitglieder <\/b><\/span><\/b><b><span style=\"font-family: arial, helvetica, sans-serif; font-size: 14px;\"><b>mit <\/b><b>Voranmeldun<\/b><b>g<\/b><\/span><\/b><span style=\"font-family: arial, helvetica, sans-serif; font-size: 14px;\"><b> : Freiwillige Spende<\/b><\/span><\/p>\n<p style=\"text-align: justify;\">Wir freuen uns auf Ihr Kommen\u00a0 \ud83d\ude42<\/p>\n","protected":false},"excerpt":{"rendered":"<p>Am Montag, den 20 Juni um 19h30, ist die n\u00e4chste Veranstaltung des IFTI. Christian Reyns, Universit\u00e4sprofessor der Universit\u00e4t\u00a0 Alberta in Canada, wird uns in die Welt der Comics einf\u00fchren. Die [&hellip;]<\/p>\n","protected":false},"author":1,"featured_media":0,"template":"","meta":{"_bbp_topic_count":0,"_bbp_reply_count":0,"_bbp_total_topic_count":0,"_bbp_total_reply_count":0,"_bbp_voice_count":0,"_bbp_anonymous_reply_count":0,"_bbp_topic_count_hidden":0,"_bbp_reply_count_hidden":0,"_bbp_forum_subforum_count":0,"ngg_post_thumbnail":0,"_tribe_events_status":"","_tribe_events_status_reason":"","footnotes":""},"tags":[],"tribe_events_cat":[],"class_list":["post-978","tribe_events","type-tribe_events","status-publish","hentry"],"_links":{"self":[{"href":"http:\/\/franco-tyrolien.at\/wordpress\/wp-json\/wp\/v2\/tribe_events\/978"}],"collection":[{"href":"http:\/\/franco-tyrolien.at\/wordpress\/wp-json\/wp\/v2\/tribe_events"}],"about":[{"href":"http:\/\/franco-tyrolien.at\/wordpress\/wp-json\/wp\/v2\/types\/tribe_events"}],"author":[{"embeddable":true,"href":"http:\/\/franco-tyrolien.at\/wordpress\/wp-json\/wp\/v2\/users\/1"}],"version-history":[{"count":0,"href":"http:\/\/franco-tyrolien.at\/wordpress\/wp-json\/wp\/v2\/tribe_events\/978\/revisions"}],"wp:attachment":[{"href":"http:\/\/franco-tyrolien.at\/wordpress\/wp-json\/wp\/v2\/media?parent=978"}],"wp:term":[{"taxonomy":"post_tag","embeddable":true,"href":"http:\/\/franco-tyrolien.at\/wordpress\/wp-json\/wp\/v2\/tags?post=978"},{"taxonomy":"tribe_events_cat","embeddable":true,"href":"http:\/\/franco-tyrolien.at\/wordpress\/wp-json\/wp\/v2\/tribe_events_cat?post=978"}],"curies":[{"name":"wp","href":"https:\/\/api.w.org\/{rel}","templated":true}]}}

<p><b>Am Montag, den 20 Juni um 19h30, ist die nächste Veranstaltung des IFTI.</b></p>
<p><b>Christian Reyns</b>, Universitäsprofessor der Universität  Alberta in Canada,<b> wird uns in die Welt der Comics einführen</b>. Die Veranstaltung wird <b>in Französich und Deutsch</b> stattfinden. Univ.-Prof.Mag.Dr. Ursula Moser wird die Moderation leiten.</p>
<p>Wir ersuchen  aus organisatorischen Gründen um Voranmeldung.Vielen Dank</p>
<p>Wir möchten ein Buffet organisieren und Euch fragen, wer etwas mitbringen könnte (Säfte, Rotwein, Brötchen, Kuchen..) Bitte sagt mir bescheid. Vielen Dank im Voraus an all jene die mitmachen.</p>
<p style="text-align: justify;"><b><span style="font-family: arial, helvetica, sans-serif; font-size: 14px;"><b>Eintritt: 5€</b><br />
<b>IFTI Mitglieder </b></span></b><b><span style="font-family: arial, helvetica, sans-serif; font-size: 14px;"><b>mit </b><b>Voranmeldun</b><b>g</b></span></b><span style="font-family: arial, helvetica, sans-serif; font-size: 14px;"><b> : Freiwillige Spende</b></span></p>
<p style="text-align: justify;">Wir freuen uns auf Ihr Kommen  🙂</p>

<p>Am Montag, den 20 Juni um 19h30, ist die nächste Veranstaltung des IFTI. Christian Reyns, Universitäsprofessor der Universität  Alberta in Canada, wird uns in die Welt der Comics einführen. Die [&hellip;]</p>
