{"id":987,"date":"2016-06-23T07:28:11","date_gmt":"2016-06-23T05:28:11","guid":{"rendered":"http:\/\/franco-tyrolien.at\/wordpress\/?post_type=tribe_events&#038;p=987"},"modified":"2016-06-23T07:28:11","modified_gmt":"2016-06-23T05:28:11","slug":"boulot-chanson-dodo-juliette-greco-2-teil","status":"publish","type":"tribe_events","link":"http:\/\/franco-tyrolien.at\/wordpress\/event\/boulot-chanson-dodo-juliette-greco-2-teil\/","title":{"rendered":"BOULOT &#8211; CHANSON &#8211; DODO : JULIETTE GRECO 2.TEIL"},"content":{"rendered":"<p>BOULOT &#8211; CHANSON &#8211; DODO : Eine Serie gro\u00dfer Stimmen der franz\u00f6sischen Chansons <i class=\"_lew\" title=\"\u201esmile\u201c-Emoticon\"><i class=\"_4-k1 img sp_fM-mz8spZ1b sx_5371b4\"><\/i><span class=\"_4mcd\">\ud83d\ude42<\/span><\/i><br \/>\nMONTAG, den 27. JUNI 2016 um 19.00 Uhr am Institut franco-tyrolien : 2. Teil Juliette Gr\u00e9co<br \/>\nUm eine bessere Planung zu gew\u00e4hrleisten (Bereitstellung von Textkopien etc.), bitten wir Sie, sich per Mail unter Institut franco-tyrolien d&#8217;Innsbruck [institut@franco-tyrolien.at] anzumelden<br \/>\nEintritt : EUR 5,-<br \/>\nFreiwillige Spende f\u00fcr die Mitglieder des IFTI mit Voranmeldung.<span class=\"text_exposed_show\"><br \/>\nWir organisieren ein Buffet !<\/span><\/p>\n<div class=\"text_exposed_show\">\n<p>Wussten Sie, dass sich in Innsbruck das gr\u00f6\u00dfte europ\u00e4ische Chansonarchiv au\u00dferhalb von Frankreich befindet? Wussten Sie, dass ein L\u00e9o Ferr\u00e9, eine Sapho und viele mehr in Innsbruck live aufgetreten sind?<br \/>\nWenn auch Sie das franz\u00f6sische Chanson lieben, ob klassisch \u00e0 la Saint-Germain-des-Pr\u00e9s oder modern, hat das IFTI genau das richtige Programm f\u00fcr Sie: Unter dem Motto &#8222;BOULOT &#8211; CHANSON &#8211; DODO&#8220; stellt Univ.-Prof. Dr. Ursula Moser in einer dreiteiligen Serie gro\u00dfe Stimmen des franz\u00f6sischen Chansons vor: Edith Piaf, Juliette Gr\u00e9co und Barbara.<br \/>\nDie Serie soll, wenn Interesse besteht, im Herbst fortgef\u00fchrt werden.<\/p>\n<p>Wir hoffen auf zahlreiches Kommen und einen tollen Abend \ud83d\ude42<\/p>\n<\/div>\n","protected":false},"excerpt":{"rendered":"<p>BOULOT &#8211; CHANSON &#8211; DODO : Eine Serie gro\u00dfer Stimmen der franz\u00f6sischen Chansons \ud83d\ude42 MONTAG, den 27. JUNI 2016 um 19.00 Uhr am Institut franco-tyrolien : 2. Teil Juliette Gr\u00e9co [&hellip;]<\/p>\n","protected":false},"author":1,"featured_media":0,"template":"","meta":{"_bbp_topic_count":0,"_bbp_reply_count":0,"_bbp_total_topic_count":0,"_bbp_total_reply_count":0,"_bbp_voice_count":0,"_bbp_anonymous_reply_count":0,"_bbp_topic_count_hidden":0,"_bbp_reply_count_hidden":0,"_bbp_forum_subforum_count":0,"ngg_post_thumbnail":0,"_tribe_events_status":"","_tribe_events_status_reason":"","footnotes":""},"tags":[],"tribe_events_cat":[],"class_list":["post-987","tribe_events","type-tribe_events","status-publish","hentry"],"_links":{"self":[{"href":"http:\/\/franco-tyrolien.at\/wordpress\/wp-json\/wp\/v2\/tribe_events\/987"}],"collection":[{"href":"http:\/\/franco-tyrolien.at\/wordpress\/wp-json\/wp\/v2\/tribe_events"}],"about":[{"href":"http:\/\/franco-tyrolien.at\/wordpress\/wp-json\/wp\/v2\/types\/tribe_events"}],"author":[{"embeddable":true,"href":"http:\/\/franco-tyrolien.at\/wordpress\/wp-json\/wp\/v2\/users\/1"}],"version-history":[{"count":0,"href":"http:\/\/franco-tyrolien.at\/wordpress\/wp-json\/wp\/v2\/tribe_events\/987\/revisions"}],"wp:attachment":[{"href":"http:\/\/franco-tyrolien.at\/wordpress\/wp-json\/wp\/v2\/media?parent=987"}],"wp:term":[{"taxonomy":"post_tag","embeddable":true,"href":"http:\/\/franco-tyrolien.at\/wordpress\/wp-json\/wp\/v2\/tags?post=987"},{"taxonomy":"tribe_events_cat","embeddable":true,"href":"http:\/\/franco-tyrolien.at\/wordpress\/wp-json\/wp\/v2\/tribe_events_cat?post=987"}],"curies":[{"name":"wp","href":"https:\/\/api.w.org\/{rel}","templated":true}]}}

<p>BOULOT &#8211; CHANSON &#8211; DODO : Eine Serie großer Stimmen der französischen Chansons <i class="_lew" title="„smile“-Emoticon"><i class="_4-k1 img sp_fM-mz8spZ1b sx_5371b4"></i><span class="_4mcd">🙂</span></i><br />
MONTAG, den 27. JUNI 2016 um 19.00 Uhr am Institut franco-tyrolien : 2. Teil Juliette Gréco<br />
Um eine bessere Planung zu gewährleisten (Bereitstellung von Textkopien etc.), bitten wir Sie, sich per Mail unter Institut franco-tyrolien d&#8217;Innsbruck [institut@franco-tyrolien.at] anzumelden<br />
Eintritt : EUR 5,-<br />
Freiwillige Spende für die Mitglieder des IFTI mit Voranmeldung.<span class="text_exposed_show"><br />
Wir organisieren ein Buffet !</span></p>
<div class="text_exposed_show">
<p>Wussten Sie, dass sich in Innsbruck das größte europäische Chansonarchiv außerhalb von Frankreich befindet? Wussten Sie, dass ein Léo Ferré, eine Sapho und viele mehr in Innsbruck live aufgetreten sind?<br />
Wenn auch Sie das französische Chanson lieben, ob klassisch à la Saint-Germain-des-Prés oder modern, hat das IFTI genau das richtige Programm für Sie: Unter dem Motto &#8222;BOULOT &#8211; CHANSON &#8211; DODO&#8220; stellt Univ.-Prof. Dr. Ursula Moser in einer dreiteiligen Serie große Stimmen des französischen Chansons vor: Edith Piaf, Juliette Gréco und Barbara.<br />
Die Serie soll, wenn Interesse besteht, im Herbst fortgeführt werden.</p>
<p>Wir hoffen auf zahlreiches Kommen und einen tollen Abend 🙂</p>
</div>

<p>BOULOT &#8211; CHANSON &#8211; DODO : Eine Serie großer Stimmen der französischen Chansons 🙂 MONTAG, den 27. JUNI 2016 um 19.00 Uhr am Institut franco-tyrolien : 2. Teil Juliette Gréco [&hellip;]</p>
