{"id":990,"date":"2016-06-29T21:34:46","date_gmt":"2016-06-29T19:34:46","guid":{"rendered":"http:\/\/franco-tyrolien.at\/wordpress\/?post_type=tribe_events&#038;p=990"},"modified":"2016-06-29T23:11:54","modified_gmt":"2016-06-29T21:11:54","slug":"kinonachmittag-apres-midi-cinema","status":"publish","type":"tribe_events","link":"http:\/\/franco-tyrolien.at\/wordpress\/event\/kinonachmittag-apres-midi-cinema\/","title":{"rendered":"Kinonachmittag \/ apr\u00e8s-midi cin\u00e9ma"},"content":{"rendered":"<p><strong>Am Donnerstag, 7. Juli<\/strong>, findet wieder ein Kinoanachmittag in Kooperation mit dem Leokino Innsbruck Statt.<\/p>\n<p>Diesmal sehen wir uns \u201c <strong>demain<\/strong>\u201c (Tomorrow) an.<\/p>\n<p><i><b>Tomorrow &#8211; Die Welt ist voller L\u00f6sungen<\/b><\/i> (franz\u00f6sischer Originaltitel <i>Demain<\/i>) ist ein Dokumentarfilm der Schauspielerin<a title=\"M\u00e9lanie Laurent\" href=\"https:\/\/de.wikipedia.org\/wiki\/M%C3%A9lanie_Laurent\">M\u00e9lanie Laurent<\/a> (\u201e<i>Inglorious Basterds<\/i>\u201c) und des Autors und Aktivisten Cyril Dion aus dem Jahr <a title=\"Filmjahr 2015\" href=\"https:\/\/de.wikipedia.org\/wiki\/Filmjahr_2015\">2015<\/a>. Der Film wurde in zehn L\u00e4ndern gedreht, darunter u.A. Finnland, Gro\u00dfbritannien und Indien. Ausgangspunkt des Films ist die momentane Situation der Welt mit ihren global zunehmenden Problemen wie der Energie- und Ressourcenverknappung oder dem <a title=\"Klimawandel\" href=\"https:\/\/de.wikipedia.org\/wiki\/Klimawandel\">Klimawandel<\/a>. Auf der Suche nach L\u00f6sungen zeigt der Film verschiedene Projekte und Initiativen mit alternativen \u00f6kologischen, wirtschaftlichen und demokratischen Ideen auf.<sup id=\"cite_ref-Tomorrow_1-1\" class=\"reference\"><a href=\"https:\/\/de.wikipedia.org\/wiki\/Tomorrow_(Film)#cite_note-Tomorrow-1\">[1]<\/a><\/sup> Der Film startete im Dezember 2015 in Frankreich<sup id=\"cite_ref-Kinostart_in_Frankreich_3-0\" class=\"reference\"><a href=\"https:\/\/de.wikipedia.org\/wiki\/Tomorrow_(Film)#cite_note-Kinostart_in_Frankreich-3\">[3]<\/a><\/sup>, in Deutschland startet er am 2. Juni 2016.<sup id=\"cite_ref-Kinostart_in_Deutschland_4-0\" class=\"reference\"><a href=\"https:\/\/de.wikipedia.org\/wiki\/Tomorrow_(Film)#cite_note-Kinostart_in_Deutschland-4\">[4]<\/a><\/sup>Der Film erhielt 2016 den <a title=\"C\u00e9sar\" href=\"https:\/\/de.wikipedia.org\/wiki\/C%C3%A9sar\">C\u00e9sar<\/a> als beste Dokumentation.<sup id=\"cite_ref-5\" class=\"reference\"><a href=\"https:\/\/de.wikipedia.org\/wiki\/Tomorrow_(Film)#cite_note-5\">[5]<\/a><\/sup><\/p>\n<p>Treffpunkt im Leokino <strong>um 15h30,<\/strong> Filmbeginn\u00a015h45<br \/>\nMitglieder des IFTI bekommen eine Erm\u00e4\u00dfigung.<br \/>\nAnschlie\u00dfend gehen wir etwas zusammentrinken!<\/p>\n<p>Wir freuen uns auf Ihr Kommen <img decoding=\"async\" class=\"wp-smiley\" src=\"http:\/\/franco-tyrolien.at\/wordpress\/wp-includes\/images\/smilies\/simple-smile.png\" alt=\":)\" \/><\/p>\n<p><strong>Wir ersuchen \u00a0aus organisatorischen Gr\u00fcnden um Voranmeldung.<\/strong><\/p>\n<hr \/>\n<p style=\"text-align: center;\"><a href=\"http:\/\/www.leokino.at\/index.php?disp=film&amp;fid=F13788\" target=\"_blank\">http:\/\/www.leokino.at\/ demain<br \/>\nVorschau<br \/>\n<\/a><\/p>\n<hr \/>\n<p><em>Apr\u00e8s-midi\u00a0cin\u00e9ma en partenariat avec le Leokino pour voir un film en version originale (avec sous-titres allemands).<\/em><\/p>\n<p><em>Jeudi 7 juillet\u00a0\u00e0 15h30 au\u00a0Leokino<\/em><\/p>\n<p><em>Demain\u00a0\/\u00a0Tomorrow<\/em><\/p>\n<p><em>Sur pr\u00e9sentation de leur carte\u00a0de membre, les adh\u00e9rents b\u00e9n\u00e9ficient d\u2019une r\u00e9duction !<\/em><\/p>\n<p><em>Nous nous r\u00e9jouissons de votre venue !<\/em><\/p>\n<p>&nbsp;<\/p>\n","protected":false},"excerpt":{"rendered":"<p>Am Donnerstag, 7. Juli, findet wieder ein Kinoanachmittag in Kooperation mit dem Leokino Innsbruck Statt. Diesmal sehen wir uns \u201c demain\u201c (Tomorrow) an. Tomorrow &#8211; Die Welt ist voller L\u00f6sungen [&hellip;]<\/p>\n","protected":false},"author":1,"featured_media":0,"template":"","meta":{"_bbp_topic_count":0,"_bbp_reply_count":0,"_bbp_total_topic_count":0,"_bbp_total_reply_count":0,"_bbp_voice_count":0,"_bbp_anonymous_reply_count":0,"_bbp_topic_count_hidden":0,"_bbp_reply_count_hidden":0,"_bbp_forum_subforum_count":0,"ngg_post_thumbnail":0,"_tribe_events_status":"","_tribe_events_status_reason":"","footnotes":""},"tags":[],"tribe_events_cat":[],"class_list":["post-990","tribe_events","type-tribe_events","status-publish","hentry"],"_links":{"self":[{"href":"http:\/\/franco-tyrolien.at\/wordpress\/wp-json\/wp\/v2\/tribe_events\/990"}],"collection":[{"href":"http:\/\/franco-tyrolien.at\/wordpress\/wp-json\/wp\/v2\/tribe_events"}],"about":[{"href":"http:\/\/franco-tyrolien.at\/wordpress\/wp-json\/wp\/v2\/types\/tribe_events"}],"author":[{"embeddable":true,"href":"http:\/\/franco-tyrolien.at\/wordpress\/wp-json\/wp\/v2\/users\/1"}],"version-history":[{"count":1,"href":"http:\/\/franco-tyrolien.at\/wordpress\/wp-json\/wp\/v2\/tribe_events\/990\/revisions"}],"predecessor-version":[{"id":991,"href":"http:\/\/franco-tyrolien.at\/wordpress\/wp-json\/wp\/v2\/tribe_events\/990\/revisions\/991"}],"wp:attachment":[{"href":"http:\/\/franco-tyrolien.at\/wordpress\/wp-json\/wp\/v2\/media?parent=990"}],"wp:term":[{"taxonomy":"post_tag","embeddable":true,"href":"http:\/\/franco-tyrolien.at\/wordpress\/wp-json\/wp\/v2\/tags?post=990"},{"taxonomy":"tribe_events_cat","embeddable":true,"href":"http:\/\/franco-tyrolien.at\/wordpress\/wp-json\/wp\/v2\/tribe_events_cat?post=990"}],"curies":[{"name":"wp","href":"https:\/\/api.w.org\/{rel}","templated":true}]}}

Kinonachmittag / après-midi cinéma

<p><strong>Am Donnerstag, 7. Juli</strong>, findet wieder ein Kinoanachmittag in Kooperation mit dem Leokino Innsbruck Statt.</p>
<p>Diesmal sehen wir uns “ <strong>demain</strong>“ (Tomorrow) an.</p>
<p><i><b>Tomorrow &#8211; Die Welt ist voller Lösungen</b></i> (französischer Originaltitel <i>Demain</i>) ist ein Dokumentarfilm der Schauspielerin<a title="Mélanie Laurent" href="https://de.wikipedia.org/wiki/M%C3%A9lanie_Laurent">Mélanie Laurent</a> („<i>Inglorious Basterds</i>“) und des Autors und Aktivisten Cyril Dion aus dem Jahr <a title="Filmjahr 2015" href="https://de.wikipedia.org/wiki/Filmjahr_2015">2015</a>. Der Film wurde in zehn Ländern gedreht, darunter u.A. Finnland, Großbritannien und Indien. Ausgangspunkt des Films ist die momentane Situation der Welt mit ihren global zunehmenden Problemen wie der Energie- und Ressourcenverknappung oder dem <a title="Klimawandel" href="https://de.wikipedia.org/wiki/Klimawandel">Klimawandel</a>. Auf der Suche nach Lösungen zeigt der Film verschiedene Projekte und Initiativen mit alternativen ökologischen, wirtschaftlichen und demokratischen Ideen auf.<sup id="cite_ref-Tomorrow_1-1" class="reference"><a href="https://de.wikipedia.org/wiki/Tomorrow_(Film)#cite_note-Tomorrow-1">[1]</a></sup> Der Film startete im Dezember 2015 in Frankreich<sup id="cite_ref-Kinostart_in_Frankreich_3-0" class="reference"><a href="https://de.wikipedia.org/wiki/Tomorrow_(Film)#cite_note-Kinostart_in_Frankreich-3">[3]</a></sup>, in Deutschland startet er am 2. Juni 2016.<sup id="cite_ref-Kinostart_in_Deutschland_4-0" class="reference"><a href="https://de.wikipedia.org/wiki/Tomorrow_(Film)#cite_note-Kinostart_in_Deutschland-4">[4]</a></sup>Der Film erhielt 2016 den <a title="César" href="https://de.wikipedia.org/wiki/C%C3%A9sar">César</a> als beste Dokumentation.<sup id="cite_ref-5" class="reference"><a href="https://de.wikipedia.org/wiki/Tomorrow_(Film)#cite_note-5">[5]</a></sup></p>
<p>Treffpunkt im Leokino <strong>um 15h30,</strong> Filmbeginn 15h45<br />
Mitglieder des IFTI bekommen eine Ermäßigung.<br />
Anschließend gehen wir etwas zusammentrinken!</p>
<p>Wir freuen uns auf Ihr Kommen <img decoding="async" class="wp-smiley" src="http://franco-tyrolien.at/wordpress/wp-includes/images/smilies/simple-smile.png" alt=":)" /></p>
<p><strong>Wir ersuchen  aus organisatorischen Gründen um Voranmeldung.</strong></p>
<hr />
<p style="text-align: center;"><a href="http://www.leokino.at/index.php?disp=film&amp;fid=F13788" target="_blank">http://www.leokino.at/ demain<br />
Vorschau<br />
</a></p>
<hr />
<p><em>Après-midi cinéma en partenariat avec le Leokino pour voir un film en version originale (avec sous-titres allemands).</em></p>
<p><em>Jeudi 7 juillet à 15h30 au Leokino</em></p>
<p><em>Demain / Tomorrow</em></p>
<p><em>Sur présentation de leur carte de membre, les adhérents bénéficient d’une réduction !</em></p>
<p><em>Nous nous réjouissons de votre venue !</em></p>
<p>&nbsp;</p>

<p>Am Donnerstag, 7. Juli, findet wieder ein Kinoanachmittag in Kooperation mit dem Leokino Innsbruck Statt. Diesmal sehen wir uns “ demain“ (Tomorrow) an. Tomorrow &#8211; Die Welt ist voller Lösungen [&hellip;]</p>
