{"id":998,"date":"2016-07-22T12:41:01","date_gmt":"2016-07-22T10:41:01","guid":{"rendered":"http:\/\/franco-tyrolien.at\/wordpress\/?post_type=tribe_events&#038;p=998"},"modified":"2016-10-23T15:17:16","modified_gmt":"2016-10-23T13:17:16","slug":"reise-nach-lyon-lichterfest-fete-des-lumieres-lyon","status":"publish","type":"tribe_events","link":"http:\/\/franco-tyrolien.at\/wordpress\/event\/reise-nach-lyon-lichterfest-fete-des-lumieres-lyon\/","title":{"rendered":"Reise nach Mulhouse &#8211;"},"content":{"rendered":"<p>Das Institut franco-tyrolien d&#8217;Innsbruck\u00a0veranstaltet \u00a0heuer eine zweite Frankreich-Reise. Diesmal geht es um die Entdeckung von Mulhouse und \u00a0die Umgebung.<\/p>\n<p>Aufgrund der begrenzten Teilnehmerzahl wird eine rechtzeitige Anmeldung empfohlen. Bis Anfang November\u00a0mittels \u00a0Anmeldungsformular oder im IFTI\u00a0zu den regul\u00e4ren \u00d6ffnungszeiten.<\/p>\n<p>Wir freuen uns auf Ihr Kommen!\u00a0 \ud83d\ude42<\/p>\n<hr \/>\n<p style=\"text-align: center;\"><a href=\"http:\/\/franco-tyrolien.at\/wordpress\/wp-content\/uploads\/2016\/07\/Inscription-voyage-Mulhouse-protege.doc\">inscription-voyage-Mulhouse<\/a><\/p>\n<hr \/>\n<p><span style=\"color: #666699;\"><em>L&#8217;association organise, pour la deuxi\u00e8me fois cette ann\u00e9e , un voyage en France. Cette \u00e9dition permettra de d\u00e9couvrir la ville de\u00a0Mulhouse et ses alentours.<\/em><\/span><\/p>\n<p><span style=\"color: #666699;\"><em>Inscrivez vous vite, le nombre de places est limit\u00e9 !<\/em><\/span><br \/>\n<span style=\"color: #666699;\"><em>Les inscriptions se font jusqu&#8216; en d\u00e9but novembre, gr\u00e2ce \u00e0 la <a style=\"color: #666699;\" href=\"http:\/\/franco-tyrolien.at\/wordpress\/wp-content\/uploads\/2015\/08\/Inscription-voyage.doc\">fiche d&#8217;inscription<\/a> ou dans les locaux de l&#8217;association aux heures d&#8217;ouvertures.<\/em><\/span><\/p>\n<p><span style=\"color: #666699;\">Nous nous r\u00e9jouissons de votre venue ! \ud83d\ude42\u00a0<\/span><\/p>\n<p>&nbsp;<\/p>\n","protected":false},"excerpt":{"rendered":"<p>Das Institut franco-tyrolien d&#8217;Innsbruck\u00a0veranstaltet \u00a0heuer eine zweite Frankreich-Reise. Diesmal geht es um die Entdeckung von Mulhouse und \u00a0die Umgebung. Aufgrund der begrenzten Teilnehmerzahl wird eine rechtzeitige Anmeldung empfohlen. Bis Anfang [&hellip;]<\/p>\n","protected":false},"author":1,"featured_media":0,"template":"","meta":{"_bbp_topic_count":0,"_bbp_reply_count":0,"_bbp_total_topic_count":0,"_bbp_total_reply_count":0,"_bbp_voice_count":0,"_bbp_anonymous_reply_count":0,"_bbp_topic_count_hidden":0,"_bbp_reply_count_hidden":0,"_bbp_forum_subforum_count":0,"ngg_post_thumbnail":0,"_tribe_events_status":"","_tribe_events_status_reason":"","footnotes":""},"tags":[],"tribe_events_cat":[],"class_list":["post-998","tribe_events","type-tribe_events","status-publish","hentry"],"_links":{"self":[{"href":"http:\/\/franco-tyrolien.at\/wordpress\/wp-json\/wp\/v2\/tribe_events\/998"}],"collection":[{"href":"http:\/\/franco-tyrolien.at\/wordpress\/wp-json\/wp\/v2\/tribe_events"}],"about":[{"href":"http:\/\/franco-tyrolien.at\/wordpress\/wp-json\/wp\/v2\/types\/tribe_events"}],"author":[{"embeddable":true,"href":"http:\/\/franco-tyrolien.at\/wordpress\/wp-json\/wp\/v2\/users\/1"}],"version-history":[{"count":3,"href":"http:\/\/franco-tyrolien.at\/wordpress\/wp-json\/wp\/v2\/tribe_events\/998\/revisions"}],"predecessor-version":[{"id":1018,"href":"http:\/\/franco-tyrolien.at\/wordpress\/wp-json\/wp\/v2\/tribe_events\/998\/revisions\/1018"}],"wp:attachment":[{"href":"http:\/\/franco-tyrolien.at\/wordpress\/wp-json\/wp\/v2\/media?parent=998"}],"wp:term":[{"taxonomy":"post_tag","embeddable":true,"href":"http:\/\/franco-tyrolien.at\/wordpress\/wp-json\/wp\/v2\/tags?post=998"},{"taxonomy":"tribe_events_cat","embeddable":true,"href":"http:\/\/franco-tyrolien.at\/wordpress\/wp-json\/wp\/v2\/tribe_events_cat?post=998"}],"curies":[{"name":"wp","href":"https:\/\/api.w.org\/{rel}","templated":true}]}}

<p>Das Institut franco-tyrolien d&#8217;Innsbruck veranstaltet  heuer eine zweite Frankreich-Reise. Diesmal geht es um die Entdeckung von Mulhouse und  die Umgebung.</p>
<p>Aufgrund der begrenzten Teilnehmerzahl wird eine rechtzeitige Anmeldung empfohlen. Bis Anfang November mittels  Anmeldungsformular oder im IFTI zu den regulären Öffnungszeiten.</p>
<p>Wir freuen uns auf Ihr Kommen!  🙂</p>
<hr />
<p style="text-align: center;"><a href="http://franco-tyrolien.at/wordpress/wp-content/uploads/2016/07/Inscription-voyage-Mulhouse-protege.doc">inscription-voyage-Mulhouse</a></p>
<hr />
<p><span style="color: #666699;"><em>L&#8217;association organise, pour la deuxième fois cette année , un voyage en France. Cette édition permettra de découvrir la ville de Mulhouse et ses alentours.</em></span></p>
<p><span style="color: #666699;"><em>Inscrivez vous vite, le nombre de places est limité !</em></span><br />
<span style="color: #666699;"><em>Les inscriptions se font jusqu&#8216; en début novembre, grâce à la <a style="color: #666699;" href="http://franco-tyrolien.at/wordpress/wp-content/uploads/2015/08/Inscription-voyage.doc">fiche d&#8217;inscription</a> ou dans les locaux de l&#8217;association aux heures d&#8217;ouvertures.</em></span></p>
<p><span style="color: #666699;">Nous nous réjouissons de votre venue ! 🙂 </span></p>
<p>&nbsp;</p>
